-- Table structure for table `email_template`
--

CREATE TABLE `email_template` (
  `email_template_id` int(11) NOT NULL AUTO_INCREMENT,
  `text` text COLLATE utf8_unicode_ci,
  `allow_substitution` int(1) NOT NULL DEFAULT '0',
  `site_id` int(11) NOT NULL DEFAULT '0',
  `tag` varchar(255) COLLATE utf8_unicode_ci DEFAULT NULL,
  `title` varchar(255) COLLATE utf8_unicode_ci DEFAULT NULL,
  `possible_variables` text COLLATE utf8_unicode_ci,
  `disabled` int(1) DEFAULT '0',
  PRIMARY KEY (`email_template_id`)
) ENGINE=MyISAM AUTO_INCREMENT=43 DEFAULT CHARSET=utf8 COLLATE=utf8_unicode_ci;

--
-- Dumping data for table `email_template`
--

INSERT INTO `email_template` VALUES (20,'* Auto generated message. Please DO NOT reply *\r\n\r\n%DATETIME%\r\n\r\nDear %CANDFULLNAME%,\r\n\r\nThis E-Mail is a notification about a status change to your application for the position %JBODTITLE%.\r\n\r\nThe current status of your application is <B>%CANDSTATUS%</B>.\r\n\r\n(To share feedback with us : - Please visit https://forms.office.com/r/ZUruGeYmqR )\r\n\r\nBest Regards,\r\n%USERFULLNAME%\r\n%SITENAME%\r\nHFCL',1,1,'EMAIL_TEMPLATE_STATUSCHANGE','Status Changed (Sent to Candidate)','%CANDSTATUS%%CANDOWNER%%CANDFIRSTNAME%%CANDFULLNAME%%CANDPREVSTATUS%%JBODCLIENT%%JBODTITLE%',0),(28,'%DATETIME%\r\n\r\nDear %CANDOWNER%,\r\n\r\nThis E-Mail is a notification that a Candidate has been assigned to you.\r\n\r\nCandidate Name: %CANDFULLNAME%\r\nCandidate URL: %CANDCATSURL%\r\n\r\nTake care,\r\nCATS \r\n%SITENAME%',1,1,'EMAIL_TEMPLATE_OWNERSHIPASSIGNCANDIDATE','Candidate Assigned (Sent to Assigned Recruiter)','%CANDOWNER%%CANDFIRSTNAME%%CANDFULLNAME%%CANDCATSURL%',0),(27,'%DATETIME%\r\n\r\nDear %JBODOWNER%,\r\n\r\nThis E-Mail is a notification that a Job Order has been assigned to you.\r\n\r\nJob Order Title: %JBODTITLE%\r\nJob Order Client: %JBODCLIENT%\r\nJob Order ID: %JBODID%\r\nJob Order URL: %JBODCATSURL%\r\n\r\nTake care,\r\nCATS \r\n%SITENAME%',1,1,'EMAIL_TEMPLATE_OWNERSHIPASSIGNJOBORDER','Job Order Assigned (Sent to Assigned Recruiter)','%JBODOWNER%%JBODTITLE%%JBODCLIENT%%JBODCATSURL%%JBODID%',0),(26,'%DATETIME%\r\n\r\nDear %CONTOWNER%,\r\n\r\nThis E-Mail is a notification that a Contact has been assigned to you.\r\n\r\nContact Name: %CONTFULLNAME%\r\nContact Client: %CONTCLIENTNAME%\r\nContact URL: %CONTCATSURL%\r\n\r\nTake care,\r\nCATS \r\n%SITENAME%',1,1,'EMAIL_TEMPLATE_OWNERSHIPASSIGNCONTACT','Contact Assigned (Sent to Assigned Recruiter)','%CONTOWNER%%CONTFIRSTNAME%%CONTFULLNAME%%CONTCLIENTNAME%%CONTCATSURL%',0),(25,'%DATETIME%\r\n\r\nDear %CLNTOWNER%,\r\n\r\nThis E-Mail is a notification that a Client has been assigned to you.\r\n\r\nClient Name: %CLNTNAME%\r\nClient URL %CLNTCATSURL%\r\n\r\nTake care,\r\nCATS \r\n%SITENAME%',1,1,'EMAIL_TEMPLATE_OWNERSHIPASSIGNCLIENT','Client Assigned (Sent to Assigned Recruiter)','%CLNTOWNER%%CLNTNAME%%CLNTCATSURL%',0),(30,'* This is an auto-generated message. Please do not reply. *\r\n\r\n%DATETIME%\r\n\r\nDear %CANDFULLNAME%,\r\n\r\nThank you for applying to the %JBODTITLE% position with our online career portal! \r\n\r\nYour application has been submitted to our system and we will review it shortly.\r\n\r\n--\r\nRegards,\r\nRecruitment Team\r\nHFCL',1,1,'EMAIL_TEMPLATE_CANDIDATEAPPLY','Candidate Application Received (Sent to Candidate using Career Portal)','%CANDFIRSTNAME%%CANDFULLNAME%%JBODCLIENT%%JBODTITLE%%JBODOWNER%',0),(31,'%DATETIME%\r\n\r\nDear %JBODOWNER%,\r\n\r\nThis e-mail is a notification that a candidate has applied to your job order through the online candidate portal.\r\n\r\nJob Order: %JBODTITLE%\r\nCandidate Name: %CANDFULLNAME%\r\nCandidate URL: %CANDCATSURL%\r\nJob Order URL: %JBODCATSURL%\r\n%OTHERAPPLICATIONS%\r\n\r\n--\r\nCATS\r\n%SITENAME%',1,1,'EMAIL_TEMPLATE_CANDIDATEPORTALNEW','Candidate Application Received (Sent to Owner of Job Order from Career Portal)','%CANDFIRSTNAME%%CANDFULLNAME%%JBODOWNER%%JBODTITLE%%JBODCLIENT%%JBODCATSURL%%JBODID%%CANDCATSURL%',0),(33,'Hello,\r\n\r\nGreetings from Hero Fincorp.\r\n\r\nThis is to inform that there is a new opening you could be interested in.\r\n\r\nYou may go to https://ats.myjoining.in/careers/ at earliest to apply for the same.\r\n\r\nThanks.\r\nRecruitment team\r\nHFCL',1,1,'CUSTOM','Notify about the Job Posting','%CANDSTATUS%%CANDOWNER%%CANDFIRSTNAME%%CANDFULLNAME%%CANDPREVSTATUS%',0),(38,'Hello,\r\n\r\nThis is to notify you that a New Job Posting is available : %DESIGNATION% -%POSITIONCODE% for providing candidate profiles.\r\n\r\nYou can go %JOBDETAIL% for more details.\r\n\r\nRequest your action for sourcing applications for the same at the earliest.\r\n\r\nThanks,\r\nRecruitment Team\r\nHero Fincorp\r\n%USERFULLNAME%',1,1,'CUSTOM_TEMPLATE_NOTIFYCONSULTANT','Mail to Consultants','%CANDSTATUS%%CANDOWNER%%CANDFIRSTNAME%%CANDFULLNAME%%CANDPREVSTATUS%',0);

--
-- Table structure for table `extension_statistics`
--

CREATE TABLE `extension_statistics` (
  `extension_statistics_id` int(11) NOT NULL AUTO_INCREMENT,
  `extension` varchar(128) NOT NULL DEFAULT '',
  `action` varchar(128) NOT NULL DEFAULT '',
  `user` varchar(128) NOT NULL DEFAULT '',
  `date` date DEFAULT NULL,
  PRIMARY KEY (`extension_statistics_id`)
) ENGINE=MyISAM DEFAULT CHARSET=utf8;

--
-- Dumping data for table `extension_statistics`
--


--
-- Table structure for table `extra_field`
--

CREATE TABLE `extra_field` (
  `extra_field_id` int(11) NOT NULL AUTO_INCREMENT,
  `data_item_id` int(11) DEFAULT '0',
  `field_name` varchar(255) DEFAULT NULL,
  `value` text,
  `import_id` int(11) DEFAULT NULL,
  `site_id` int(11) DEFAULT '0',
  `data_item_type` int(11) DEFAULT '0',
  PRIMARY KEY (`extra_field_id`),
  KEY `assoc_id` (`data_item_id`),
  KEY `IDX_site_id` (`site_id`)
) ENGINE=MyISAM AUTO_INCREMENT=151 DEFAULT CHARSET=utf8;

--
-- Dumping data for table `extra_field`
--

INSERT INTO `extra_field` VALUES (1,10,'Pan Number','AMNYH1234',0,1,100),(2,10,'Date Of Joining','04-01-22',0,1,100),(3,10,'Date Of Birth','02-01-02',0,1,100),(4,10,'How did you come to know of this Job','Consultant',0,1,100),(5,14,'Pan Number','AV666969',0,1,100),(6,14,'Date Of Joining','01-01-23',0,1,100),(7,14,'Date Of Birth','01-01-79',0,1,100),(8,14,'How did you come to know of this Job','A friend/past colleague in Herofin',0,1,100),(9,17,'Pan Number','NM5688G',0,1,100),(10,17,'How did you come to know of this Job','IJP',0,1,100),(11,13,'Requisition Date','01-01-23',0,1,400),(12,20,'Pan Number','ABCDEFGH',0,1,100),(13,22,'Pan Number','21312412',0,1,100),(23,15,'Ecode','321312',0,1,400),(22,15,'Hiring Type','Replacement-Hiring',0,1,400),(21,14,'Ecode','1010',0,1,400),(20,14,'Hiring Type','Replacement-Hiring',0,1,400),(24,16,'Hiring Type','Replacement-Hiring',0,1,400),(25,16,'Ecode','56786',0,1,400),(26,16,'Grade','2-B',0,1,400),(27,18,'Hiring Type','Replacement-Hiring',0,1,400),(28,18,'Ecode','55768',0,1,400),(29,18,'Grade','4-A',0,1,400),(30,18,'Position Code','NJ_II',0,1,400),(31,19,'Hiring Type','New Hiring',0,1,400),(32,19,'Grade','2-C',0,1,400),(33,19,'Position Code','NJ_II',0,1,400),(34,28,'Pan Number','231dadfsda',0,1,100),(35,28,'How did you come to know of this Job','IJP',0,1,100),(36,21,'Hiring Type','New Hiring',0,1,400),(37,21,'Ecode','243242',0,1,400),(38,21,'Grade','4-A',0,1,400),(39,21,'Position Code','NJ_II',0,1,400),(40,22,'Hiring Type','Replacement-Hiring',0,1,400),(41,22,'Ecode','123',0,1,400),(42,22,'Grade','3-B',0,1,400),(43,22,'Position Code','NJ_II',0,1,400),(44,23,'Hiring Type','New Hiring',0,1,400),(45,23,'Ecode','312312',0,1,400),(46,23,'Grade','4-B',0,1,400),(47,23,'Position Code','XF_TY',0,1,400),(48,35,'Pan Number','asdx2312',0,1,100),(49,35,'Years Of exp','Y',0,1,100),(50,24,'Hiring Type','New Hiring',0,1,400),(51,24,'Grade','3-C',0,1,400),(52,24,'Position Code','XF_TY',0,1,400),(53,37,'Pan Number','a',0,1,100),(54,37,'Years Of exp','1',0,1,100),(55,25,'Hiring Type','New Hiring',0,1,400),(141,25,'Grade','4-C',0,1,400),(57,25,'Position Code','XF_TY',0,1,400),(58,38,'Pan Number','ABCDEFGH',0,1,100),(59,38,'How did you come to know of this Job','A friend/past colleague in Herofin',0,1,100),(60,39,'Pan Number','111111111',0,1,100),(61,39,'Years Of exp','Y',0,1,100),(62,26,'Hiring Type','New Hiring',0,1,400),(63,26,'Grade','4-C',0,1,400),(64,26,'Position Code','XF_TY',0,1,400),(65,27,'Hiring Type','New Hiring',0,1,400),(118,27,'Grade','1-C',0,1,400),(67,27,'Position Code','XF_TY',0,1,400),(68,27,'GradeField','3A, 4D',0,1,400),(69,43,'Pan Number','GTJN172BG',0,1,100),(70,43,'Years Of exp','Y',0,1,100),(71,57,'Pan Number','asdx2312',0,1,100),(72,57,'Years Of exp','Y',0,1,100),(73,28,'Hiring Type','New Hiring',0,1,400),(74,28,'Grade','1-A,1-B',0,1,400),(75,28,'Position Code','NJ_II',0,1,400),(76,29,'Hiring Type','New Hiring',0,1,400),(77,29,'Grade','1-A',0,1,400),(78,29,'Position Code','XF_TY',0,1,400),(79,58,'Pan Number','AMNYH1234',0,1,100),(80,58,'Years Of exp','Y',0,1,100),(81,59,'Pan Number','1NH3712H',0,1,100),(82,59,'Date Of Birth','03-01-20',0,1,100),(83,30,'Hiring Type','New Hiring',0,1,400),(84,30,'Grade','1-A',0,1,400),(85,30,'Position Code','NJ_II',0,1,400),(86,60,'Pan Number','GTJN172BG',0,1,100),(87,60,'Years Of exp','Y',0,1,100),(88,61,'Pan Number','3523525',0,1,100),(89,61,'Date Of Joining','04-01-23',0,1,100),(90,61,'Date Of Birth','05-01-20',0,1,100),(91,62,'Pan Number','5745745',0,1,100),(92,62,'Date Of Joining','04-01-28',0,1,100),(93,62,'Date Of Birth','05-01-20',0,1,100),(94,63,'Pan Number','asdx2312',0,1,100),(95,63,'Years Of exp','Y',0,1,100),(96,64,'Pan Number','asdx2312',0,1,100),(97,64,'Years Of exp','Y',0,1,100),(98,31,'Hiring Type','Replacement-Hiring',0,1,400),(99,31,'Ecode','7654',0,1,400),(101,31,'Position Code','XF_TY',0,1,400),(103,32,'Hiring Type','Replacement-Hiring',0,1,400),(104,32,'Ecode','764',0,1,400),(112,32,'Grade','1-A,1-B,1-A,1-B',0,1,400),(106,32,'Position Code','XF_TY',0,1,400),(107,65,'Years Of exp','Yes',0,1,100),(108,33,'Hiring Type','New Hiring',0,1,400),(110,33,'Position Code','NJ_II',0,1,400),(114,31,'Grade','1-A,1-B,1-A,1-B',0,1,400),(140,33,'Grade','1-A,1-B,1-A,1-B,1-A,1-B,1-A,1-B,1-A,1-B,1-A,1-B',0,1,400),(119,34,'Hiring Type','New Hiring',0,1,400),(120,34,'Grade','1-A',0,1,400),(121,34,'Position Code','NJ_II',0,1,400),(122,35,'Grade','1-A,1-B',0,1,400),(123,35,'Position Code','XF_TY',0,1,400),(134,38,'Grade','1-A,1-B,1-A,1-B',0,1,400),(125,38,'Position Code','NJ_II',0,1,400),(126,39,'Hiring Type','New Hiring',0,1,400),(142,39,'Grade','1-B',0,1,400),(128,39,'Position Code','XF_TY',0,1,400),(135,66,'Date Of Joining','03-01-23',0,1,100),(136,66,'Date Of Birth','05-01-23',0,1,100),(137,66,'How did you come to know of this Job','IJP',0,1,100),(138,67,'Date Of Joining','05-01-23',0,1,100),(139,67,'Date Of Birth','02-01-23',0,1,100),(143,40,'Hiring Type','New Hiring',0,1,400),(144,40,'Position Code','XF_TY',0,1,400),(145,68,'Years Of exp','3',0,1,100),(146,41,'Hiring Type','New Hiring',0,1,400),(147,41,'Ecode','it',0,1,400),(150,41,'Grade','1-A',0,1,400),(149,41,'Position Code','XF_TY',0,1,400);

--
-- Table structure for table `extra_field_settings`
--

CREATE TABLE `extra_field_settings` (
  `extra_field_settings_id` int(11) NOT NULL AUTO_INCREMENT,
  `field_name` varchar(255) COLLATE utf8_unicode_ci DEFAULT NULL,
  `import_id` int(11) DEFAULT NULL,
  `site_id` int(11) NOT NULL DEFAULT '0',
  `date_created` datetime DEFAULT NULL,
  `data_item_type` int(11) DEFAULT '0',
  `extra_field_type` int(11) NOT NULL DEFAULT '1',
  `extra_field_options` text COLLATE utf8_unicode_ci,
  `position` int(4) NOT NULL DEFAULT '0',
  PRIMARY KEY (`extra_field_settings_id`)
) ENGINE=MyISAM AUTO_INCREMENT=36 DEFAULT CHARSET=utf8 COLLATE=utf8_unicode_ci;

--
-- Dumping data for table `extra_field_settings`
--

INSERT INTO `extra_field_settings` VALUES (1,'AdminUser',NULL,180,'2005-06-01 00:00:00',200,1,NULL,1),(2,'UnixName',NULL,180,'2005-06-01 00:00:00',200,1,NULL,2),(3,'BillingNotes',NULL,180,'2005-06-01 00:00:00',200,1,NULL,3),(4,'IPAddress',NULL,180,'2005-06-01 00:00:00',300,1,NULL,4),(7,'Date Of Joining',NULL,1,'2022-10-12 12:31:10',100,4,NULL,7),(33,'Current CTC',NULL,1,'2023-01-11 12:14:04',100,1,NULL,33),(8,'Date Of Birth',NULL,1,'2022-10-12 12:31:10',100,4,NULL,8),(9,'Emai Id ',NULL,1,'2022-10-12 12:31:10',100,1,NULL,9),(10,'How did you come to know of this Job',NULL,1,'2022-10-12 12:31:10',100,5,',Consultant,IJP,A+friend%2Fpast+colleague+in+Herofin,Other',10),(13,'Hiring Type',NULL,1,'2022-11-23 08:21:37',400,5,',New+Hiring,Replacement-Hiring',13),(12,'Years Of exp',NULL,1,'2022-10-28 10:56:25',100,1,NULL,12),(14,'Ecode',NULL,1,'2022-11-23 08:21:37',400,1,NULL,16),(32,'Position Code',NULL,1,'2023-01-05 10:18:44',400,5,',XF_TY,NJ_II,UU_PO',32),(34,'Open to relocate',NULL,1,'2023-01-11 12:14:04',100,5,',Yes,No',34),(31,'Grade',NULL,1,'2023-01-05 10:17:23',400,7,',1-A,1-B',31),(21,'checkbox for laravel',NULL,1,'2022-12-26 05:04:40',200,1,NULL,21),(22,'multiline text box for laravel',NULL,1,'2022-12-26 05:13:02',200,2,NULL,22),(23,'checkbox for laravel (2)',NULL,1,'2022-12-26 05:13:02',200,3,NULL,23),(24,'dropdown list for laravel',NULL,1,'2022-12-26 05:13:02',200,5,',dropdown+list+1,dropdown+list+2,dropdown+list+3',24),(25,'radio buttom for laravel',NULL,1,'2022-12-26 05:13:02',200,6,',radio',25),(26,'date filed for laravel',NULL,1,'2022-12-26 05:13:02',200,4,NULL,26),(27,'shivaM',NULL,1,'2022-12-26 05:17:24',200,1,NULL,27),(28,'testing ',NULL,1,'2022-12-26 14:40:00',200,1,NULL,28),(29,'checkbox for laravel nad',NULL,1,'2022-12-29 04:35:11',200,2,NULL,29);

--
-- Table structure for table `feedback`
--

CREATE TABLE `feedback` (
  `feedback_id` int(11) NOT NULL AUTO_INCREMENT,
  `user_id` int(11) DEFAULT NULL,
  `site_id` int(11) NOT NULL DEFAULT '0',
  `date_created` datetime NOT NULL DEFAULT '1000-01-01 00:00:00',
  `subject` varchar(255) COLLATE utf8_unicode_ci NOT NULL DEFAULT '',
  `reply_to_address` varchar(255) COLLATE utf8_unicode_ci NOT NULL DEFAULT '',
  `reply_to_name` varchar(255) COLLATE utf8_unicode_ci NOT NULL DEFAULT '',
  `feedback` text COLLATE utf8_unicode_ci NOT NULL,
  `archived` int(1) NOT NULL DEFAULT '0',
  PRIMARY KEY (`feedback_id`)
) ENGINE=MyISAM DEFAULT CHARSET=utf8 COLLATE=utf8_unicode_ci;

--
-- Dumping data for table `feedback`
--


--
-- Table structure for table `history`
--

CREATE TABLE `history` (
  `history_id` int(11) NOT NULL AUTO_INCREMENT,
  `data_item_type` int(11) DEFAULT NULL,
  `data_item_id` int(11) DEFAULT NULL,
  `the_field` varchar(64) COLLATE utf8_unicode_ci DEFAULT NULL,
  `previous_value` text COLLATE utf8_unicode_ci,
  `new_value` text COLLATE utf8_unicode_ci,
  `description` varchar(192) COLLATE utf8_unicode_ci DEFAULT NULL,
  `set_date` datetime DEFAULT NULL,
  `entered_by` int(11) DEFAULT NULL,
  `site_id` int(11) NOT NULL DEFAULT '0',
  PRIMARY KEY (`history_id`),
  KEY `IDX_DATA_ENTERED_BY` (`entered_by`),
  KEY `IDX_data_item_id_type_site` (`data_item_id`,`data_item_type`,`site_id`)
) ENGINE=MyISAM AUTO_INCREMENT=602 DEFAULT CHARSET=utf8 COLLATE=utf8_unicode_ci;

--
-- Dumping data for table `history`
--

INSERT INTO `history` VALUES (1,200,1,'!newEntry!',NULL,NULL,'(USER) created entry.','2009-11-19 10:00:20',1,1),(2,200,1,'defaultCompany',NULL,'1','(USER) changed field(s): defaultCompany.','2009-11-19 10:00:20',1,1),(3,100,1,'!newEntry!',NULL,NULL,'(USER) created entry.','2009-11-19 10:24:54',1,1),(4,100,1,'(DELETED)',NULL,NULL,'(USER) deleted entry.','2009-11-20 14:29:36',1,1),(5,200,2,'!newEntry!',NULL,NULL,'(USER) created entry.','2022-10-05 15:30:33',1,1),(6,200,0,NULL,NULL,NULL,'(USER) added Accounts to departments.','2022-10-05 15:30:33',1,1),(7,200,0,NULL,NULL,NULL,'(USER) added Admin to departments.','2022-10-05 15:30:33',1,1),(8,200,0,NULL,NULL,NULL,'(USER) added Consulting to departments.','2022-10-05 15:30:33',1,1),(9,200,0,NULL,NULL,NULL,'(USER) added HR to departments.','2022-10-05 15:30:33',1,1),(10,200,0,NULL,NULL,NULL,'(USER) added IT to departments.','2022-10-05 15:30:33',1,1),(11,200,0,NULL,NULL,NULL,'(USER) added HrOPs to departments.','2022-10-05 15:33:19',1,1),(12,300,1,'!newEntry!',NULL,NULL,'(USER) created entry.','2022-10-05 15:33:19',1,1),(13,300,2,'!newEntry!',NULL,NULL,'(USER) created entry.','2022-10-05 15:33:53',1,1),(14,300,3,'!newEntry!',NULL,NULL,'(USER) created entry.','2022-10-05 15:34:15',1,1),(15,400,1,'!newEntry!',NULL,NULL,'(USER) created entry.','2022-10-05 15:41:40',1,1),(16,100,2,'!newEntry!',NULL,NULL,'(USER) created entry.','2022-10-05 15:42:55',1,1),(17,100,2,'ACTIVITY','(NEW)','Added a new candidate.','(USER) Added activity.','2022-10-05 15:42:55',1,1),(18,100,2,'ACTIVITY','(NEW)','Added candidate to job order.','(USER) Added activity.','2022-10-05 15:45:52',1,1),(19,100,2,'ACTIVITY','(NEW)','User re-applied through candidate portal and attached an existing resume (<a href=\"\">Download</a>)','(USER) Added activity.','2022-10-05 16:08:19',1,1),(20,400,1,'recruiter','1','1251',NULL,'2022-10-05 16:24:23',1251,1),(21,400,1,'owner','1','1251',NULL,'2022-10-05 16:24:23',1251,1),(22,400,1,'recruiterFullName','CATS Administrator','Parul Misra',NULL,'2022-10-05 16:24:23',1251,1),(23,400,1,'ownerFullName','CATS Administrator','Parul Misra',NULL,'2022-10-05 16:24:23',1251,1),(24,400,1,'owner_email','admin@testdomain.com','parul.misra@orane.in',NULL,'2022-10-05 16:24:23',1251,1),(25,400,1,'recruiter_email','admin@testdomain.com','parul.misra@orane.in','(USER) changed field(s): recruiter, owner, recruiterFullName, ownerFullName, owner_email, recruiter_email.','2022-10-05 16:24:23',1251,1),(26,100,2,'ACTIVITY','(NEW)','User re-applied through candidate portal and attached an existing resume (<a href=\"\">Download</a>)','(USER) Added activity.','2022-10-05 16:27:20',1,1),(27,100,3,'!newEntry!',NULL,NULL,'(USER) created entry.','2022-10-05 16:28:53',1,1),(28,100,3,'ACTIVITY','(NEW)','User applied through candidate portal','(USER) Added activity.','2022-10-05 16:28:53',1,1),(29,400,2,'!newEntry!',NULL,NULL,'(USER) created entry.','2022-10-05 16:38:58',1,1),(30,100,3,'ACTIVITY','(NEW)','User applied through candidate portal <span style=\"font-weight: bold;\">and attached a new resume (<a href=\"./attachments/site_1/0xxx/2fba17feab641d97a2487d6b76656227/Resume.pdf\">Download</a>)</span>','(USER) Added activity.','2022-10-05 16:40:00',1,1),(31,100,3,'ACTIVITY','(NEW)','User re-applied through candidate portal <span style=\"font-weight: bold;\">and attached a new resume (<a href=\"./attachments/site_1/0xxx/e5af62254a1580e92dc667150d0167a1/CV-Updated.pdf\">Download</a>)</span>','(USER) Added activity.','2022-10-05 16:44:39',1,1),(32,100,3,'ACTIVITY','(NEW)','User re-applied through candidate portal','(USER) Added activity.','2022-10-05 16:44:45',1,1),(33,100,3,'ACTIVITY','(NEW)','User re-applied through candidate portal','(USER) Added activity.','2022-10-05 16:45:19',1,1),(34,100,3,'ACTIVITY','(NEW)','User re-applied through candidate portal and attached an existing resume (<a href=\"\">Download</a>)','(USER) Added activity.','2022-10-05 16:47:36',1,1),(35,100,3,'ACTIVITY','(NEW)','User re-applied through candidate portal','(USER) Added activity.','2022-10-05 16:47:44',1,1),(36,100,3,'ACTIVITY','(NEW)','User re-applied through candidate portal','(USER) Added activity.','2022-10-05 16:48:19',1,1),(37,100,3,'ACTIVITY','User applied through candidate portal','User applied through candidate portal','(USER) Edited CATS Automated\'s activity.','2022-10-05 16:49:21',1,1),(38,400,3,'!newEntry!',NULL,NULL,'(USER) created entry.','2022-10-10 00:28:23',1,1),(39,100,4,'!newEntry!',NULL,NULL,'(USER) created entry.','2022-10-10 00:31:05',1,1),(40,100,4,'ACTIVITY','(NEW)','Added candidate to job order.','(USER) Added activity.','2022-10-10 00:31:05',1,1),(41,100,5,'!newEntry!',NULL,NULL,'(USER) created entry.','2022-10-10 00:34:08',1,1),(42,100,5,'ACTIVITY','(NEW)','Added candidate to job order.','(USER) Added activity.','2022-10-10 00:34:09',1,1),(43,100,5,'firstName','vipul','Anjaneya vara',NULL,'2022-10-10 00:35:18',1,1),(44,100,5,'middleName',NULL,'prasad',NULL,'2022-10-10 00:35:18',1,1),(45,100,5,'lastName','samant','Inavolu',NULL,'2022-10-10 00:35:18',1,1),(46,100,5,'email1',NULL,'parul.misra@xvdtc.com',NULL,'2022-10-10 00:35:18',1,1),(47,100,5,'email2',NULL,'parul.misra@xvdtc.com',NULL,'2022-10-10 00:35:18',1,1),(48,100,5,'phoneHome',NULL,'970-073-3004',NULL,'2022-10-10 00:35:18',1,1),(49,100,5,'address',NULL,'133-6-1043, SRI BHARADWAJA NILAYAM 1ST FLOOR\r\n1ST LANE VISHNU NAGAR NAGARALU GUNTUR-522034\r\nANDHRA PADESH',NULL,'2022-10-10 00:35:18',1,1),(50,100,5,'city',NULL,'Guntur',NULL,'2022-10-10 00:35:18',1,1),(51,100,5,'zip',NULL,'522034',NULL,'2022-10-10 00:35:18',1,1),(52,100,5,'canRelocate',NULL,'1',NULL,'2022-10-10 00:35:18',1,1),(53,100,5,'candidateFullName','vipul samant','Anjaneya vara Inavolu',NULL,'2022-10-10 00:35:18',1,1),(54,100,5,'dateAvailable',NULL,'01-12-22','(USER) changed field(s): firstName, middleName, lastName, email1, email2, phoneHome, address, city, zip, canRelocate, candidateFullName, dateAvailable.','2022-10-10 00:35:18',1,1),(55,100,4,'source','(none)',NULL,NULL,'2022-10-10 00:39:05',1,1),(56,100,4,'keySkills','Management',NULL,NULL,'2022-10-10 00:39:05',1,1),(57,100,4,'canRelocate','1',NULL,NULL,'2022-10-10 00:39:05',1,1),(58,100,4,'dateAvailable','01-10-22','22-10-01','(USER) changed field(s): source, keySkills, canRelocate, dateAvailable.','2022-10-10 00:39:05',1,1),(59,100,4,'ACTIVITY','(NEW)','User re-applied through candidate portal <span style=\"font-weight: bold;\">and attached a new resume (<a href=\"./attachments/site_1/0xxx/4444de388a67b4d765d88c481fdf54a9/Bhola Mishra JAVA fresher.pdf\">Download</a>)</span>','(USER) Added activity.','2022-10-10 00:39:05',1,1),(60,100,2,'source','(none)',NULL,NULL,'2022-10-10 00:43:21',1,1),(61,100,2,'canRelocate','1',NULL,'(USER) changed field(s): source, canRelocate.','2022-10-10 00:43:21',1,1),(62,100,2,'ACTIVITY','(NEW)','User applied through candidate portal <span style=\"font-weight: bold;\">and attached a new resume (<a href=\"./attachments/site_1/0xxx/ba360803cb5daf79f5fa7169c77fc4db/Asheesh_SC_9Yrs.docx\">Download</a>)</span>','(USER) Added activity.','2022-10-10 00:43:21',1,1),(63,100,6,'!newEntry!',NULL,NULL,'(USER) created entry.','2022-10-10 00:45:24',1,1),(64,100,6,'source','Online Careers Website',NULL,NULL,'2022-10-10 00:45:24',1,1),(65,100,6,'keySkills','Java',NULL,NULL,'2022-10-10 00:45:24',1,1),(66,100,6,'notes','Candidate submitted these notes with first application:',NULL,'(USER) changed field(s): source, keySkills, notes.','2022-10-10 00:45:24',1,1),(67,100,6,'ACTIVITY','(NEW)','User applied through candidate portal <span style=\"font-weight: bold;\">and attached a new resume (<a href=\"./attachments/site_1/0xxx/de3a9ce89235365f4aaaaf42acdb2b1a/Abhishek_P_Bihar_Nw_Eng_35K.docx\">Download</a>)</span>','(USER) Added activity.','2022-10-10 00:45:24',1,1),(68,100,6,'ACTIVITY','(NEW)','Status change: <span style=\"color: #ff6c00;\">Offered</span>','(USER) Added activity.','2022-10-10 00:55:43',1,1),(69,800,7,'PIPELINE','100','600','(USER) changed pipeline status of candidate 6 for job order 3.','2022-10-10 00:55:43',1,1),(70,100,2,'ACTIVITY','(NEW)','Status change: <span style=\"color: #ff6c00;\">Candidate Responded</span>','(USER) Added activity.','2022-10-10 00:56:06',1,1),(71,800,6,'PIPELINE','100','250','(USER) changed pipeline status of candidate 2 for job order 3.','2022-10-10 00:56:06',1,1),(72,100,4,'ACTIVITY','(NEW)','Status change: <span style=\"color: #ff6c00;\">Placed</span>','(USER) Added activity.','2022-10-10 00:59:09',1,1),(73,800,4,'PIPELINE','100','800','(USER) changed pipeline status of candidate 4 for job order 3.','2022-10-10 00:59:09',1,1),(74,100,5,'ACTIVITY','(NEW)','Status change: <span style=\"color: #ff6c00;\">Interviewing</span>','(USER) Added activity.','2022-10-10 01:00:01',1,1),(75,800,5,'PIPELINE','100','500','(USER) changed pipeline status of candidate 5 for job order 3.','2022-10-10 01:00:01',1,1),(76,100,7,'!newEntry!',NULL,NULL,'(USER) created entry.','2022-10-10 01:04:43',1,1),(77,100,7,'source','Online Careers Website',NULL,NULL,'2022-10-10 01:04:43',1,1),(78,100,7,'keySkills','Java',NULL,NULL,'2022-10-10 01:04:43',1,1),(79,100,7,'notes','Candidate submitted these notes with first application:',NULL,'(USER) changed field(s): source, keySkills, notes.','2022-10-10 01:04:43',1,1),(80,100,7,'ACTIVITY','(NEW)','User applied through candidate portal <span style=\"font-weight: bold;\">and attached a new resume (<a href=\"./attachments/site_1/0xxx/446929a8db8d3ffe648b82396a5708ef/divya mittal resume.pdf\">Download</a>)</span>','(USER) Added activity.','2022-10-10 01:04:43',1,1),(81,100,7,'ACTIVITY','(NEW)','Status change: <span style=\"color: #ff6c00;\">Qualifying</span>','(USER) Added activity.','2022-10-10 01:05:25',1,1),(82,800,8,'PIPELINE','100','300','(USER) changed pipeline status of candidate 7 for job order 3.','2022-10-10 01:05:25',1,1),(83,400,4,'!newEntry!',NULL,NULL,'(USER) created entry.','2022-10-10 03:54:32',1,1),(84,400,5,'!newEntry!',NULL,NULL,'(USER) created entry.','2022-10-11 05:35:50',1,1),(85,100,8,'!newEntry!',NULL,NULL,'(USER) created entry.','2022-10-11 05:38:14',1,1),(86,100,8,'source','Online Careers Website',NULL,NULL,'2022-10-11 05:38:14',1,1),(87,100,8,'keySkills','IT',NULL,NULL,'2022-10-11 05:38:14',1,1),(88,100,8,'notes','Candidate submitted these notes with first application:',NULL,'(USER) changed field(s): source, keySkills, notes.','2022-10-11 05:38:14',1,1),(89,100,8,'ACTIVITY','(NEW)','User applied through candidate portal <span style=\"font-weight: bold;\">and attached a new resume (<a href=\"./attachments/site_1/0xxx/4ccb007028177c2a3ae69dd01214af85/Medha.pdf\">Download</a>)</span>','(USER) Added activity.','2022-10-11 05:38:14',1,1),(90,100,9,'!newEntry!',NULL,NULL,'(USER) created entry.','2022-10-11 05:39:35',1,1),(91,100,9,'ACTIVITY','(NEW)','Added candidate to job order.','(USER) Added activity.','2022-10-11 05:39:35',1,1),(92,100,9,'ACTIVITY','(NEW)','Status change: <span style=\"color: #ff6c00;\">Contacted</span>','(USER) Added activity.','2022-10-11 05:40:57',1,1),(93,800,10,'PIPELINE','100','200','(USER) changed pipeline status of candidate 9 for job order 5.','2022-10-11 05:40:57',1,1),(94,100,8,'ACTIVITY','(NEW)','Status change: <span style=\"color: #ff6c00;\">Offered</span>','(USER) Added activity.','2022-10-11 05:41:30',1,1),(95,800,9,'PIPELINE','100','600','(USER) changed pipeline status of candidate 8 for job order 5.','2022-10-11 05:41:30',1,1),(96,100,8,'ACTIVITY','(NEW)','Status change: <span style=\"color: #ff6c00;\">Placed</span>','(USER) Added activity.','2022-10-11 05:42:09',1,1),(97,800,9,'PIPELINE','600','800','(USER) changed pipeline status of candidate 8 for job order 5.','2022-10-11 05:42:09',1,1),(98,400,6,'!newEntry!',NULL,NULL,'(USER) created entry.','2022-10-12 12:23:21',1,1),(99,100,10,'!newEntry!',NULL,NULL,'(USER) created entry.','2022-10-12 12:34:38',1,1),(100,100,10,'ACTIVITY','(NEW)','Added candidate to job order.','(USER) Added activity.','2022-10-12 12:34:39',1,1),(101,100,8,'ACTIVITY','(NEW)','Added candidate to job order.','(USER) Added activity.','2022-10-13 09:01:48',1,1),(102,100,8,'ACTIVITY','(NEW)','Move to Interview','(USER) Added activity.','2022-10-13 10:41:03',1,1),(103,100,9,'ACTIVITY','(NEW)','Interview-No','(USER) Added activity.','2022-10-13 12:04:00',1,1),(104,100,8,'ACTIVITY','(NEW)','Interview-Yes','(USER) Added activity.','2022-10-13 12:04:18',1,1),(105,400,7,'!newEntry!',NULL,NULL,'(USER) created entry.','2022-10-14 05:01:49',1,1),(106,100,2,'ACTIVITY','(NEW)','User applied through candidate portal <span style=\"font-weight: bold;\">and attached a new resume (<a href=\"./attachments/site_1/0xxx/814452421a78c1bcbac24919bbce3b46/CV_2022021122382714_Copy1.pdf\">Download</a>)</span>','(USER) Added activity.','2022-10-14 05:10:13',1,1),(107,100,11,'!newEntry!',NULL,NULL,'(USER) created entry.','2022-10-14 05:12:12',1,1),(108,100,11,'ACTIVITY','(NEW)','Added candidate to job order.','(USER) Added activity.','2022-10-14 05:12:12',1,1),(109,100,11,'ACTIVITY','(NEW)','Status change: <span style=\"color: #ff6c00;\">Interviewing</span>','(USER) Added activity.','2022-10-14 05:12:59',1,1),(110,800,14,'PIPELINE','100','500','(USER) changed pipeline status of candidate 11 for job order 7.','2022-10-14 05:12:59',1,1),(111,400,8,'!newEntry!',NULL,NULL,'(USER) created entry.','2022-10-20 10:59:29',1,1),(112,100,12,'!newEntry!',NULL,NULL,'(USER) created entry.','2022-10-20 11:02:03',1,1),(113,100,12,'ACTIVITY','(NEW)','Added candidate to job order.','(USER) Added activity.','2022-10-20 11:02:03',1,1),(114,100,13,'!newEntry!',NULL,NULL,'(USER) created entry.','2022-10-20 11:03:09',1,1),(115,100,13,'source','Online Careers Website',NULL,NULL,'2022-10-20 11:03:09',1,1),(116,100,13,'keySkills','IT',NULL,NULL,'2022-10-20 11:03:09',1,1),(117,100,13,'notes','Candidate submitted these notes with first application:',NULL,'(USER) changed field(s): source, keySkills, notes.','2022-10-20 11:03:09',1,1),(118,100,13,'ACTIVITY','(NEW)','User applied through candidate portal <span style=\"font-weight: bold;\">and attached a new resume (<a href=\"./attachments/site_1/0xxx/1b19b52609870466bc8b23d3bca1b102/HarmanResume.pdf\">Download</a>)</span>','(USER) Added activity.','2022-10-20 11:03:09',1,1),(119,100,11,'ACTIVITY','(NEW)','needto schedule at 8pm','(USER) Added activity.','2022-10-20 11:16:20',1,1),(120,400,9,'!newEntry!',NULL,NULL,'(USER) created entry.','2022-10-27 08:43:34',1,1),(121,100,14,'!newEntry!',NULL,NULL,'(USER) created entry.','2022-10-27 09:26:18',1,1),(122,100,14,'ACTIVITY','(NEW)','Added candidate to job order.','(USER) Added activity.','2022-10-27 09:26:18',1,1),(123,100,11,'email1','parul.misra@flick2know.com','parul.misra@orane.in',NULL,'2022-10-27 09:30:33',1,1),(124,100,11,'email2','parul.misra@flick2know.com','parul.misra@orane.in','(USER) changed field(s): email1, email2.','2022-10-27 09:30:33',1,1),(125,300,1,'owner','1','1251',NULL,'2022-10-27 12:14:12',1,1),(126,300,1,'ownerFullName','CATS Administrator','Parul Misra',NULL,'2022-10-27 12:14:12',1,1),(127,300,1,'owner_email','admin@testdomain.com','parul.misra@orane.in','(USER) changed field(s): owner, ownerFullName, owner_email.','2022-10-27 12:14:12',1,1),(128,400,10,'!newEntry!',NULL,NULL,'(USER) created entry.','2022-10-28 10:46:12',1251,1),(129,100,15,'!newEntry!',NULL,NULL,'(USER) created entry.','2022-10-28 10:59:08',1251,1),(130,100,15,'source','Online Careers Website',NULL,NULL,'2022-10-28 10:59:08',1251,1),(131,100,15,'keySkills','IT',NULL,NULL,'2022-10-28 10:59:08',1251,1),(132,100,15,'notes','Candidate submitted these notes with first application:',NULL,'(USER) changed field(s): source, keySkills, notes.','2022-10-28 10:59:08',1251,1),(133,100,15,'ACTIVITY','(NEW)','User applied through candidate portal <span style=\"font-weight: bold;\">and attached a new resume (<a href=\"./attachments/site_1/0xxx/049308496ff231e3706ecf18ee4317c3/Bhola Mishra JAVA fresher_Copy1.pdf\">Download</a>)</span>','(USER) Added activity.','2022-10-28 10:59:08',1251,1),(134,100,16,'!newEntry!',NULL,NULL,'(USER) created entry.','2022-10-28 11:01:10',1251,1),(135,100,16,'ACTIVITY','(NEW)','Added candidate to job order.','(USER) Added activity.','2022-10-28 11:01:10',1251,1),(136,100,16,'ACTIVITY','(NEW)','Because not eligible','(USER) Added activity.','2022-10-28 11:08:10',1251,1),(137,100,15,'ACTIVITY','(NEW)','Status change: <span style=\"color: #ff6c00;\">Interviewing</span>','(USER) Added activity.','2022-10-28 11:15:53',1251,1),(138,800,18,'PIPELINE','100','500','(USER) changed pipeline status of candidate 15 for job order 10.','2022-10-28 11:15:53',1251,1),(139,100,15,'ACTIVITY','(NEW)','Ths candidate wants WFH','(USER) Added activity.','2022-10-28 11:24:10',1251,1),(140,800,18,'PIPELINE','500','801','(USER) changed pipeline status of candidate 15 for job order 10.','2022-10-28 11:24:10',1251,1),(141,100,15,'ACTIVITY','(NEW)','Ready to be hired','(USER) Added activity.','2022-10-28 11:25:13',1251,1),(142,800,18,'PIPELINE','801','600','(USER) changed pipeline status of candidate 15 for job order 10.','2022-10-28 11:25:13',1251,1),(143,100,11,'ACTIVITY','(NEW)',NULL,'(USER) Added activity.','2022-11-01 13:30:36',1,1),(144,800,14,'PIPELINE','500','600','(USER) changed pipeline status of candidate 11 for job order 7.','2022-11-01 13:30:36',1,1),(145,100,15,'ACTIVITY','(NEW)',NULL,'(USER) Added activity.','2022-11-02 16:55:56',1251,1),(146,100,14,'ACTIVITY','(NEW)','test Integration','(USER) Added activity.','2022-11-02 16:58:39',1251,1),(147,800,17,'PIPELINE','100','600','(USER) changed pipeline status of candidate 14 for job order 9.','2022-11-02 16:58:39',1251,1),(148,100,16,'ACTIVITY','(NEW)',NULL,'(USER) Added activity.','2022-11-02 17:14:41',1251,1),(149,800,19,'PIPELINE','100','800','(USER) changed pipeline status of candidate 16 for job order 10.','2022-11-02 17:14:41',1251,1),(150,100,16,'ACTIVITY','(NEW)',NULL,'(USER) Added activity.','2022-11-02 17:14:57',1251,1),(151,800,19,'PIPELINE','800','600','(USER) changed pipeline status of candidate 16 for job order 10.','2022-11-02 17:14:57',1251,1),(152,100,10,'ACTIVITY','(NEW)',NULL,'(USER) Added activity.','2022-11-02 17:19:12',1251,1),(153,800,11,'PIPELINE','100','500','(USER) changed pipeline status of candidate 10 for job order 6.','2022-11-02 17:19:12',1251,1),(154,100,10,'ACTIVITY','(NEW)',NULL,'(USER) Added activity.','2022-11-02 17:19:52',1251,1),(155,100,15,'ACTIVITY','(NEW)',NULL,'(USER) Added activity.','2022-11-02 17:23:09',1251,1),(156,800,18,'PIPELINE','600','400','(USER) changed pipeline status of candidate 15 for job order 10.','2022-11-02 17:23:09',1251,1),(157,100,15,'ACTIVITY','(NEW)',NULL,'(USER) Added activity.','2022-11-02 17:24:13',1251,1),(158,800,18,'PIPELINE','400','250','(USER) changed pipeline status of candidate 15 for job order 10.','2022-11-02 17:24:13',1251,1),(159,200,0,NULL,NULL,NULL,'(USER) added Accounts to departments.','2022-11-03 04:33:52',1251,1),(160,200,0,NULL,NULL,NULL,'(USER) added Admin to departments.','2022-11-03 04:33:52',1251,1),(161,200,0,NULL,NULL,NULL,'(USER) added Finance to departments.','2022-11-03 04:33:52',1251,1),(162,200,0,NULL,NULL,NULL,'(USER) added HR to departments.','2022-11-03 04:33:52',1251,1),(163,200,0,NULL,NULL,NULL,'(USER) added IT to departments.','2022-11-03 04:33:52',1251,1),(164,200,0,NULL,NULL,NULL,'(USER) added Transport to departments.','2022-11-03 04:33:52',1251,1),(165,200,1,'owner',NULL,'-1',NULL,'2022-11-03 04:33:52',1251,1),(166,200,1,'address',NULL,'Delhi',NULL,'2022-11-03 04:33:52',1251,1),(167,200,1,'city',NULL,'Delhi',NULL,'2022-11-03 04:33:52',1251,1),(168,200,1,'state',NULL,'Delhi',NULL,'2022-11-03 04:33:52',1251,1),(169,200,1,'zip',NULL,'41414',NULL,'2022-11-03 04:33:52',1251,1),(170,200,1,'phone1',NULL,'352532352',NULL,'2022-11-03 04:33:52',1251,1),(171,200,1,'phone2',NULL,'525325323523',NULL,'2022-11-03 04:33:52',1251,1),(172,200,1,'faxNumber',NULL,'32523525',NULL,'2022-11-03 04:33:52',1251,1),(173,200,1,'url',NULL,'http://herofincorp.com/','(USER) changed field(s): owner, address, city, state, zip, phone1, phone2, faxNumber, url.','2022-11-03 04:33:52',1251,1),(174,300,3,'owner','1','-1',NULL,'2022-11-03 04:37:54',1251,1),(175,300,3,'notes',NULL,'This section is in the edit contact details',NULL,'2022-11-03 04:37:54',1251,1),(176,300,3,'ownerFullName','CATS Administrator',NULL,NULL,'2022-11-03 04:37:54',1251,1),(177,300,3,'owner_email','admin@testdomain.com',NULL,'(USER) changed field(s): owner, notes, ownerFullName, owner_email.','2022-11-03 04:37:54',1251,1),(178,400,11,'!newEntry!',NULL,NULL,'(USER) created entry.','2022-11-03 05:28:35',1251,1),(179,100,12,'ACTIVITY','(NEW)','Added candidate to job order.','(USER) Added activity.','2022-11-03 06:20:38',1251,1),(180,100,17,'!newEntry!',NULL,NULL,'(USER) created entry.','2022-11-03 06:28:44',1251,1),(181,100,17,'ACTIVITY','(NEW)','Added candidate to job order.','(USER) Added activity.','2022-11-03 06:28:44',1251,1),(182,100,12,'ACTIVITY','(NEW)','The Candidate has been scheduled for Interview','(USER) Added activity.','2022-11-03 06:33:15',1251,1),(183,800,20,'PIPELINE','100','500','(USER) changed pipeline status of candidate 12 for job order 11.','2022-11-03 06:33:15',1251,1),(184,100,12,'ACTIVITY','(NEW)',NULL,'(USER) Added activity.','2022-11-03 06:41:37',1251,1),(185,800,20,'PIPELINE','500','801','(USER) changed pipeline status of candidate 12 for job order 11.','2022-11-03 06:41:37',1251,1),(186,100,9,'ACTIVITY','(NEW)',NULL,'(USER) Added activity.','2022-11-07 07:29:07',1,1),(187,800,10,'PIPELINE','200','250','(USER) changed pipeline status of candidate 9 for job order 5.','2022-11-07 07:29:07',1,1),(188,100,5,'ACTIVITY','(NEW)',NULL,'(USER) Added activity.','2022-11-07 10:54:56',1,1),(189,100,17,'ACTIVITY','(NEW)',NULL,'(USER) Added activity.','2022-11-07 12:24:10',1251,1),(190,800,21,'PIPELINE','100','200','(USER) changed pipeline status of candidate 17 for job order 11.','2022-11-07 12:24:10',1251,1),(191,400,12,'!newEntry!',NULL,NULL,'(USER) created entry.','2022-11-08 06:25:39',1251,1),(192,100,18,'!newEntry!',NULL,NULL,'(USER) created entry.','2022-11-08 06:27:22',1251,1),(193,100,18,'ACTIVITY','(NEW)','User applied through candidate portal <span style=\"font-weight: bold;\">and attached a new resume (<a href=\"./attachments/site_1/0xxx/52f187f23e1f68aee16889ace17003f1/Vandana_Pandey_PP.pdf\">Download</a>)</span>','(USER) Added activity.','2022-11-08 06:27:22',1251,1),(194,100,19,'!newEntry!',NULL,NULL,'(USER) created entry.','2022-11-08 06:28:54',1251,1),(195,100,19,'ACTIVITY','(NEW)','Added candidate to job order.','(USER) Added activity.','2022-11-08 06:28:54',1251,1),(196,100,19,'ACTIVITY','(NEW)','this candidate is for WFH','(USER) Added activity.','2022-11-08 06:29:51',1251,1),(197,800,23,'PIPELINE','100','500','(USER) changed pipeline status of candidate 19 for job order 12.','2022-11-08 06:29:51',1251,1),(198,100,18,'ACTIVITY','(NEW)','ww','(USER) Added activity.','2022-11-08 06:30:23',1251,1),(199,800,22,'PIPELINE','100','500','(USER) changed pipeline status of candidate 18 for job order 12.','2022-11-08 06:30:23',1251,1),(200,100,18,'ACTIVITY','(NEW)',NULL,'(USER) Added activity.','2022-11-08 06:31:05',1251,1),(201,800,22,'PIPELINE','500','650','(USER) changed pipeline status of candidate 18 for job order 12.','2022-11-08 06:31:05',1251,1),(202,100,19,'ACTIVITY','(NEW)',NULL,'(USER) Added activity.','2022-11-08 06:31:17',1251,1),(203,800,23,'PIPELINE','500','600','(USER) changed pipeline status of candidate 19 for job order 12.','2022-11-08 06:31:17',1251,1),(204,400,13,'!newEntry!',NULL,NULL,'(USER) created entry.','2022-11-09 06:11:47',1251,1),(205,100,20,'!newEntry!',NULL,NULL,'(USER) created entry.','2022-11-09 06:20:01',1251,1),(206,100,20,'ACTIVITY','(NEW)','Added candidate to job order.','(USER) Added activity.','2022-11-09 06:20:01',1251,1),(207,100,20,'ACTIVITY','(NEW)',NULL,'(USER) Added activity.','2022-11-09 06:20:46',1251,1),(208,800,24,'PIPELINE','100','200','(USER) changed pipeline status of candidate 20 for job order 13.','2022-11-09 06:20:46',1251,1),(209,100,20,'ACTIVITY','(NEW)',NULL,'(USER) Added activity.','2022-11-09 06:25:45',1251,1),(210,800,24,'PIPELINE','200','801','(USER) changed pipeline status of candidate 20 for job order 13.','2022-11-09 06:25:45',1251,1),(211,100,17,'ACTIVITY','(NEW)','Added candidate to job order.','(USER) Added activity.','2022-11-09 06:41:24',1251,1),(212,100,17,'ACTIVITY','(NEW)',NULL,'(USER) Added activity.','2022-11-09 06:42:51',1251,1),(213,800,25,'PIPELINE','100','600','(USER) changed pipeline status of candidate 17 for job order 10.','2022-11-09 06:42:51',1251,1),(214,100,16,'ACTIVITY','(NEW)',NULL,'(USER) Added activity.','2022-11-09 06:43:16',1251,1),(215,100,21,'!newEntry!',NULL,NULL,'(USER) created entry.','2022-11-09 07:25:58',1,1),(216,100,21,'ACTIVITY','(NEW)','Added a new candidate.','(USER) Added activity.','2022-11-09 07:25:58',1,1),(217,100,12,'ACTIVITY','(NEW)',NULL,'(USER) Added activity.','2022-11-09 12:38:20',1251,1),(218,800,20,'PIPELINE','801','600','(USER) changed pipeline status of candidate 12 for job order 11.','2022-11-09 12:38:20',1251,1),(219,100,12,'ACTIVITY','(NEW)',NULL,'(USER) Added activity.','2022-11-09 12:39:35',1251,1),(220,800,20,'PIPELINE','600','400','(USER) changed pipeline status of candidate 12 for job order 11.','2022-11-09 12:39:35',1251,1),(221,100,12,'ACTIVITY','(NEW)',NULL,'(USER) Added activity.','2022-11-09 12:39:59',1251,1),(222,100,12,'ACTIVITY','(NEW)',NULL,'(USER) Added activity.','2022-11-09 12:40:22',1251,1),(223,100,12,'ACTIVITY','(NEW)',NULL,'(USER) Added activity.','2022-11-09 12:40:46',1251,1),(224,100,12,'ACTIVITY','(NEW)',NULL,'(USER) Added activity.','2022-11-09 12:41:10',1251,1),(225,100,12,'ACTIVITY','(NEW)',NULL,'(USER) Added activity.','2022-11-09 12:41:32',1251,1),(226,100,12,'ACTIVITY','(NEW)',NULL,'(USER) Added activity.','2022-11-09 12:41:32',1251,1),(227,100,12,'ACTIVITY','(NEW)',NULL,'(USER) Added activity.','2022-11-09 12:41:32',1251,1),(228,100,12,'ACTIVITY','(NEW)',NULL,'(USER) Added activity.','2022-11-09 12:41:32',1251,1),(229,100,12,'ACTIVITY','(NEW)',NULL,'(USER) Added activity.','2022-11-09 12:41:32',1251,1),(230,100,20,'ACTIVITY','(NEW)',NULL,'(USER) Added activity.','2022-11-09 12:45:36',1251,1),(231,800,24,'PIPELINE','801','600','(USER) changed pipeline status of candidate 20 for job order 13.','2022-11-09 12:45:36',1251,1),(232,100,9,'ACTIVITY','(NEW)',NULL,'(USER) Added activity.','2022-11-09 12:46:29',1251,1),(233,800,10,'PIPELINE','250','300','(USER) changed pipeline status of candidate 9 for job order 5.','2022-11-09 12:46:29',1251,1),(234,100,8,'ACTIVITY','(NEW)',NULL,'(USER) Added activity.','2022-11-09 12:46:29',1251,1),(235,800,9,'PIPELINE','800','300','(USER) changed pipeline status of candidate 8 for job order 5.','2022-11-09 12:46:29',1251,1),(236,100,5,'ACTIVITY','(NEW)','Offered','(USER) Added activity.','2022-11-11 05:04:21',1251,1),(237,800,5,'PIPELINE','500','600','(USER) changed pipeline status of candidate 5 for job order 3.','2022-11-11 05:04:21',1251,1),(238,100,4,'ACTIVITY','(NEW)','Offered','(USER) Added activity.','2022-11-11 05:04:21',1251,1),(239,800,4,'PIPELINE','800','600','(USER) changed pipeline status of candidate 4 for job order 3.','2022-11-11 05:04:21',1251,1),(240,100,17,'ACTIVITY','(NEW)',NULL,'(USER) Added activity.','2022-11-14 12:48:38',1251,1),(241,800,21,'PIPELINE','200','700','(USER) changed pipeline status of candidate 17 for job order 11.','2022-11-14 12:48:38',1251,1),(242,100,12,'ACTIVITY','(NEW)',NULL,'(USER) Added activity.','2022-11-14 12:48:38',1251,1),(243,800,20,'PIPELINE','400','700','(USER) changed pipeline status of candidate 12 for job order 11.','2022-11-14 12:48:38',1251,1),(244,100,20,'ACTIVITY','(NEW)','User applied through candidate portal <span style=\"font-weight: bold;\">and attached a new resume (<a href=\"./attachments/site_1/0xxx/ceec12250926d736d7c1a30d41b68227/Notice for late working hours.docx\">Download</a>)</span>','(USER) Added activity.','2022-11-14 12:54:30',1251,1),(245,100,17,'ACTIVITY','(NEW)',NULL,'(USER) Added activity.','2022-11-14 12:55:29',1251,1),(246,100,17,'ACTIVITY','(NEW)',NULL,'(USER) Added activity.','2022-11-14 12:56:24',1251,1),(247,800,25,'PIPELINE','600','801','(USER) changed pipeline status of candidate 17 for job order 10.','2022-11-14 12:56:24',1251,1),(248,100,22,'!newEntry!',NULL,NULL,'(USER) created entry.','2022-11-15 06:28:24',1251,1),(249,100,22,'ACTIVITY','(NEW)','Added candidate to job order.','(USER) Added activity.','2022-11-15 06:28:24',1251,1),(250,400,13,'recruiter','1251','1252',NULL,'2022-11-15 06:29:41',1251,1),(251,400,13,'owner','1251','1252',NULL,'2022-11-15 06:29:41',1251,1),(252,400,13,'recruiterFullName','Parul Misra','rohan Singh',NULL,'2022-11-15 06:29:41',1251,1),(253,400,13,'ownerFullName','Parul Misra','rohan Singh','(USER) changed field(s): recruiter, owner, recruiterFullName, ownerFullName.','2022-11-15 06:29:41',1251,1),(254,100,22,'ACTIVITY','(NEW)',NULL,'(USER) Added activity.','2022-11-15 06:30:10',1251,1),(255,800,27,'PIPELINE','100','600','(USER) changed pipeline status of candidate 22 for job order 13.','2022-11-15 06:30:10',1251,1),(256,100,22,'ACTIVITY','(NEW)',NULL,'(USER) Added activity.','2022-11-15 06:30:13',1251,1),(257,100,22,'ACTIVITY','(NEW)',NULL,'(USER) Added activity.','2022-11-15 06:30:16',1251,1),(258,100,17,'ACTIVITY','(NEW)',NULL,'(USER) Added activity.','2022-11-15 06:37:38',1251,1),(259,800,25,'PIPELINE','801','600','(USER) changed pipeline status of candidate 17 for job order 10.','2022-11-15 06:37:38',1251,1),(260,100,16,'ACTIVITY','(NEW)',NULL,'(USER) Added activity.','2022-11-15 06:37:38',1251,1),(261,100,15,'ACTIVITY','(NEW)',NULL,'(USER) Added activity.','2022-11-15 06:37:38',1251,1),(262,800,18,'PIPELINE','250','600','(USER) changed pipeline status of candidate 15 for job order 10.','2022-11-15 06:37:38',1251,1),(263,100,22,'ACTIVITY','(NEW)',NULL,'(USER) Added activity.','2022-11-15 06:44:59',1251,1),(264,800,27,'PIPELINE','600','200','(USER) changed pipeline status of candidate 22 for job order 13.','2022-11-15 06:44:59',1251,1),(265,100,22,'ACTIVITY','(NEW)',NULL,'(USER) Added activity.','2022-11-15 07:55:57',1251,1),(266,800,27,'PIPELINE','200','700','(USER) changed pipeline status of candidate 22 for job order 13.','2022-11-15 07:55:57',1251,1),(267,100,9,'ACTIVITY','(NEW)','Status change: <span style=\"color: #ff6c00;\">Submitted</span>','(USER) Added activity.','2022-11-17 05:07:12',1,1),(268,800,10,'PIPELINE','300','400','(USER) changed pipeline status of candidate 9 for job order 5.','2022-11-17 05:07:12',1,1),(269,100,8,'ACTIVITY','(NEW)','Status change: <span style=\"color: #ff6c00;\">Submitted</span>','(USER) Added activity.','2022-11-17 05:07:12',1,1),(270,800,9,'PIPELINE','300','400','(USER) changed pipeline status of candidate 8 for job order 5.','2022-11-17 05:07:12',1,1),(271,100,9,'ACTIVITY','(NEW)','Status change: <span style=\"color: #ff6c00;\">Interviewing</span>','(USER) Added activity.','2022-11-17 12:40:38',1,1),(272,800,10,'PIPELINE','400','500','(USER) changed pipeline status of candidate 9 for job order 5.','2022-11-17 12:40:38',1,1),(273,100,8,'ACTIVITY','(NEW)','Status change: <span style=\"color: #ff6c00;\">Interviewing</span>','(USER) Added activity.','2022-11-17 12:40:38',1,1),(274,800,9,'PIPELINE','400','500','(USER) changed pipeline status of candidate 8 for job order 5.','2022-11-17 12:40:38',1,1),(275,100,9,'ACTIVITY','(NEW)','Status change: <span style=\"color: #ff6c00;\">Offered</span>','(USER) Added activity.','2022-11-17 12:41:16',1,1),(276,800,10,'PIPELINE','500','600','(USER) changed pipeline status of candidate 9 for job order 5.','2022-11-17 12:41:16',1,1),(277,100,8,'ACTIVITY','(NEW)','Status change: <span style=\"color: #ff6c00;\">Offered</span>','(USER) Added activity.','2022-11-17 12:41:16',1,1),(278,800,9,'PIPELINE','500','600','(USER) changed pipeline status of candidate 8 for job order 5.','2022-11-17 12:41:16',1,1),(279,100,23,'!newEntry!',NULL,NULL,'(USER) created entry.','2022-11-21 12:15:31',1,1),(280,100,23,'ACTIVITY','(NEW)','Added a new candidate.','(USER) Added activity.','2022-11-21 12:15:31',1,1),(281,100,23,'(DELETED)',NULL,NULL,'(USER) deleted entry.','2022-11-21 12:17:48',1,1),(282,100,24,'!newEntry!',NULL,NULL,'(USER) created entry.','2022-11-21 12:59:52',1251,1),(283,100,24,'ACTIVITY','(NEW)','Added candidate to job order.','(USER) Added activity.','2022-11-21 12:59:52',1251,1),(284,100,25,'!newEntry!',NULL,NULL,'(USER) created entry.','2022-11-22 07:47:14',1251,1),(285,100,25,'ACTIVITY','(NEW)','Added candidate to job order.','(USER) Added activity.','2022-11-22 07:47:14',1251,1),(286,200,3,'!newEntry!',NULL,NULL,'(USER) created entry.','2022-11-22 11:59:08',1251,1),(287,200,0,NULL,NULL,NULL,'(USER) added HR to departments.','2022-11-22 12:02:26',1251,1),(288,200,0,NULL,NULL,NULL,'(USER) added IT to departments.','2022-11-22 12:02:26',1251,1),(289,100,26,'!newEntry!',NULL,NULL,'(USER) created entry.','2022-11-29 12:15:25',1251,1),(290,100,26,'ACTIVITY','(NEW)','Added candidate to job order.','(USER) Added activity.','2022-11-29 12:15:25',1251,1),(291,100,26,'ACTIVITY','(NEW)','Status change: <span style=\"color: #ff6c00;\">Offered</span>','(USER) Added activity.','2022-11-29 12:16:07',1251,1),(292,800,30,'PIPELINE','100','200','(USER) changed pipeline status of candidate 26 for job order 13.','2022-11-29 12:16:07',1251,1),(293,400,14,'!newEntry!',NULL,NULL,'(USER) created entry.','2022-11-29 13:05:36',1251,1),(294,100,11,'ACTIVITY','(NEW)','Added candidate to job order.','(USER) Added activity.','2022-11-29 13:07:02',1251,1),(295,100,11,'ACTIVITY','(NEW)','Status change: <span style=\"color: #ff6c00;\">Move To Pre-Assessment</span>','(USER) Added activity.','2022-11-29 13:07:52',1251,1),(296,800,31,'PIPELINE','100','101','(USER) changed pipeline status of candidate 11 for job order 14.','2022-11-29 13:07:52',1251,1),(297,100,24,'email1',NULL,'abcd@njuh.com','(USER) changed field(s): email1.','2022-11-29 13:14:23',1251,1),(298,100,24,'ACTIVITY','(NEW)','Status change: <span style=\"color: #ff6c00;\">Move To Pre-Assessment</span>','(USER) Added activity.','2022-11-29 13:14:39',1251,1),(299,800,28,'PIPELINE','100','101','(USER) changed pipeline status of candidate 24 for job order 13.','2022-11-29 13:14:39',1251,1),(300,400,14,'companyJobID',NULL,'VF_TUOH(1)','(USER) changed field(s): companyJobID.','2022-11-29 13:15:39',1251,1),(301,400,14,'public',NULL,'1','(USER) changed field(s): public.','2022-11-29 15:38:02',1251,1),(302,400,14,'status','Active','Closed','(USER) changed field(s): status.','2022-11-29 15:45:15',1251,1),(303,400,14,'status','Closed','Active','(USER) changed field(s): status.','2022-11-29 15:45:54',1251,1),(304,300,3,'email1',NULL,'rohan.singh@orane.in','(USER) changed field(s): email1.','2022-11-29 16:02:41',1251,1),(305,300,3,'phoneWork',NULL,'325-235-2362','(USER) changed field(s): phoneWork.','2022-11-29 16:05:35',1251,1),(306,400,15,'!newEntry!',NULL,NULL,'(USER) created entry.','2022-11-29 16:10:10',1251,1),(307,400,15,'salary','1232',NULL,'(USER) changed field(s): salary.','2022-11-29 16:10:30',1251,1),(308,100,27,'!newEntry!',NULL,NULL,'(USER) created entry.','2022-11-29 16:26:09',1251,1),(309,100,27,'ACTIVITY','(NEW)','Added candidate to job order.','(USER) Added activity.','2022-11-29 16:26:09',1251,1),(310,400,16,'!newEntry!',NULL,NULL,'(USER) created entry.','2022-11-30 04:47:48',1251,1),(311,100,12,'ACTIVITY','(NEW)','Added candidate to job order.','(USER) Added activity.','2022-11-30 04:48:11',1251,1),(312,100,12,'ACTIVITY','(NEW)','Status change: <span style=\"color: #ff6c00;\">Offered</span>','(USER) Added activity.','2022-11-30 04:50:19',1251,1),(313,800,33,'PIPELINE','100','200','(USER) changed pipeline status of candidate 12 for job order 16.','2022-11-30 04:50:19',1251,1),(314,400,17,'!newEntry!',NULL,NULL,'(USER) created entry.','2022-11-30 05:26:32',1251,1),(315,100,2,'ACTIVITY','(NEW)','Added candidate to job order.','(USER) Added activity.','2022-11-30 05:26:49',1251,1),(316,200,3,'city',NULL,'Delhi',NULL,'2022-11-30 05:31:46',1251,1),(317,200,3,'state',NULL,'Delhi',NULL,'2022-11-30 05:31:46',1251,1),(318,200,3,'zip',NULL,'23344','(USER) changed field(s): city, state, zip.','2022-11-30 05:31:46',1251,1),(319,400,18,'!newEntry!',NULL,NULL,'(USER) created entry.','2022-11-30 05:52:15',1251,1),(320,400,19,'!newEntry!',NULL,NULL,'(USER) created entry.','2022-11-30 05:56:35',1251,1),(321,100,9,'ACTIVITY','(NEW)','Added candidate to job order.','(USER) Added activity.','2022-11-30 05:57:17',1251,1),(322,400,19,'public',NULL,'1','(USER) changed field(s): public.','2022-11-30 06:03:58',1251,1),(323,100,9,'ACTIVITY','(NEW)','Status change: <span style=\"color: #ff6c00;\">Offered</span>','(USER) Added activity.','2022-11-30 06:09:59',1251,1),(324,800,35,'PIPELINE','100','200','(USER) changed pipeline status of candidate 9 for job order 19.','2022-11-30 06:09:59',1251,1),(325,400,19,'status','Active','Closed','(USER) changed field(s): status.','2022-11-30 06:23:09',1251,1),(326,100,12,'ACTIVITY','(NEW)','Added candidate to job order.','(USER) Added activity.','2022-11-30 06:38:46',1,1),(327,300,3,'owner','-1','1251',NULL,'2022-11-30 07:00:16',1251,1),(328,300,3,'ownerFullName',NULL,'Parul Misra',NULL,'2022-11-30 07:00:16',1251,1),(329,300,3,'owner_email',NULL,'parul.misra@orane.in','(USER) changed field(s): owner, ownerFullName, owner_email.','2022-11-30 07:00:16',1251,1),(330,100,12,'ACTIVITY','(NEW)','Status change: <span style=\"color: #ff6c00;\">Shortlisted for Evaluation</span>','(USER) Added activity.','2022-11-30 07:18:48',1251,1),(331,800,36,'PIPELINE','100','801','(USER) changed pipeline status of candidate 12 for job order 18.','2022-11-30 07:18:48',1251,1),(332,100,12,'ACTIVITY','(NEW)','Status change: <span style=\"color: #ff6c00;\">Interviewing</span>','(USER) Added activity.','2022-11-30 07:19:24',1251,1),(333,800,36,'PIPELINE','801','500','(USER) changed pipeline status of candidate 12 for job order 18.','2022-11-30 07:19:24',1251,1),(334,100,20,'ACTIVITY','(NEW)','User applied through candidate portal <span style=\"font-weight: bold;\">and attached a new resume (<a href=\"./attachments/site_1/0xxx/40e1b874ac297fb9d54a685c4c88d9ab/Resume 21 DC (1).rtf\">Download</a>)</span>','(USER) Added activity.','2022-11-30 09:53:05',1251,1),(335,100,12,'ACTIVITY','(NEW)',NULL,'(USER) Added activity.','2022-11-30 11:54:11',1251,1),(336,800,36,'PIPELINE','500','154','(USER) changed pipeline status of candidate 12 for job order 18.','2022-11-30 11:54:11',1251,1),(337,400,20,'!newEntry!',NULL,NULL,'(USER) created entry.','2022-12-02 07:03:36',1,1),(338,200,3,'isHot',NULL,'1','(USER) changed field(s): isHot.','2022-12-02 07:43:16',1251,1),(339,100,28,'!newEntry!',NULL,NULL,'(USER) created entry.','2022-12-02 07:58:15',1251,1),(340,100,28,'ACTIVITY','(NEW)','Added candidate to job order.','(USER) Added activity.','2022-12-02 07:58:15',1251,1),(341,400,20,'public',NULL,'1','(USER) changed field(s): public.','2022-12-02 07:58:33',1251,1),(342,100,5,'ACTIVITY','(NEW)','Added candidate to job order.','(USER) Added activity.','2022-12-02 10:45:53',1251,1),(343,100,5,'ACTIVITY','(NEW)',NULL,'(USER) Added activity.','2022-12-02 10:47:40',1251,1),(344,800,39,'PIPELINE','100','153','(USER) changed pipeline status of candidate 5 for job order 14.','2022-12-02 10:47:40',1251,1),(345,400,13,'public',NULL,'1','(USER) changed field(s): public.','2022-12-05 06:48:16',1251,1),(346,400,18,'public',NULL,'1','(USER) changed field(s): public.','2022-12-05 13:22:00',1251,1),(347,400,21,'!newEntry!',NULL,NULL,'(USER) created entry.','2022-12-06 04:09:08',1251,1),(348,100,29,'!newEntry!',NULL,NULL,'(USER) created entry.','2022-12-06 04:17:26',1251,1),(349,100,29,'ACTIVITY','(NEW)','User applied through candidate portal','(USER) Added activity.','2022-12-06 04:17:26',1251,1),(350,100,18,'ACTIVITY','(NEW)','Added candidate to job order.','(USER) Added activity.','2022-12-06 04:18:32',1251,1),(351,100,26,'ACTIVITY','(NEW)','Candidate has to be Scheduled for an Interview','(USER) Added activity.','2022-12-06 04:23:43',1251,1),(352,800,30,'PIPELINE','200','156','(USER) changed pipeline status of candidate 26 for job order 13.','2022-12-06 04:23:43',1251,1),(353,100,12,'ACTIVITY','(NEW)','Added candidate to job order.','(USER) Added activity.','2022-12-06 06:03:30',1251,1),(354,100,12,'ACTIVITY','(NEW)',NULL,'(USER) Added activity.','2022-12-06 06:04:50',1251,1),(355,800,42,'PIPELINE','100','149','(USER) changed pipeline status of candidate 12 for job order 21.','2022-12-06 06:04:50',1251,1),(356,100,5,'ACTIVITY','(NEW)','Status change: <span style=\"color: #ff6c00;\">Rejected – HR Interview</span>','(USER) Added activity.','2022-12-07 04:03:51',1251,1),(357,800,39,'PIPELINE','153','151','(USER) changed pipeline status of candidate 5 for job order 14.','2022-12-07 04:03:51',1251,1),(358,100,11,'ACTIVITY','(NEW)',NULL,'(USER) Added activity.','2022-12-07 04:06:23',1251,1),(359,100,12,'ACTIVITY','(NEW)','Status change: <span style=\"color: #ff6c00;\">Interview Completed</span>','(USER) Added activity.','2022-12-07 04:19:00',1251,1),(360,800,42,'PIPELINE','149','154','(USER) changed pipeline status of candidate 12 for job order 21.','2022-12-07 04:19:00',1251,1),(361,100,12,'ACTIVITY','(NEW)','Status change: <span style=\"color: #ff6c00;\">Interview Completed</span>','(USER) Added activity.','2022-12-07 04:19:01',1251,1),(362,100,18,'ACTIVITY','(NEW)','Changed status','(USER) Added activity.','2022-12-07 04:19:58',1251,1),(363,800,41,'PIPELINE','100','151','(USER) changed pipeline status of candidate 18 for job order 21.','2022-12-07 04:19:58',1251,1),(364,100,30,'!newEntry!',NULL,NULL,'(USER) created entry.','2022-12-07 04:21:01',1251,1),(365,100,30,'ACTIVITY','(NEW)','Added candidate to job order.','(USER) Added activity.','2022-12-07 04:21:01',1251,1),(366,100,30,'ACTIVITY','(NEW)','status changed','(USER) Added activity.','2022-12-07 04:22:28',1251,1),(367,800,43,'PIPELINE','100','154','(USER) changed pipeline status of candidate 30 for job order 21.','2022-12-07 04:22:28',1251,1),(368,400,22,'!newEntry!',NULL,NULL,'(USER) created entry.','2022-12-07 08:59:12',1251,1),(369,100,18,'ACTIVITY','(NEW)','Added candidate to job order.','(USER) Added activity.','2022-12-07 09:01:20',1251,1),(370,100,13,'ACTIVITY','(NEW)','Added candidate to job order.','(USER) Added activity.','2022-12-08 04:16:30',1251,1),(371,100,13,'ACTIVITY','(NEW)',NULL,'(USER) Added activity.','2022-12-08 06:16:09',1251,1),(372,800,45,'PIPELINE','100','149','(USER) changed pipeline status of candidate 13 for job order 22.','2022-12-08 06:16:09',1251,1),(373,100,13,'ACTIVITY','(NEW)','Status change: <span style=\"color: #ff6c00;\">Backup profile</span>','(USER) Added activity.','2022-12-08 06:29:21',1251,1),(374,800,45,'PIPELINE','149','155','(USER) changed pipeline status of candidate 13 for job order 22.','2022-12-08 06:29:21',1251,1),(375,100,13,'ACTIVITY','(NEW)','Status change: <span style=\"color: #ff6c00;\">Backup profile</span>','(USER) Added activity.','2022-12-08 06:29:23',1251,1),(376,100,31,'!newEntry!',NULL,NULL,'(USER) created entry.','2022-12-08 10:11:40',1,1),(377,100,31,'ACTIVITY','(NEW)','User applied through candidate portal','(USER) Added activity.','2022-12-08 10:11:40',1,1),(378,400,23,'!newEntry!',NULL,NULL,'(USER) created entry.','2022-12-09 07:30:13',1251,1),(379,400,23,'isHot',NULL,'1',NULL,'2022-12-09 07:36:25',1251,1),(380,400,23,'public',NULL,'1',NULL,'2022-12-09 07:36:25',1251,1),(381,400,23,'startDate',NULL,'01-06-23','(USER) changed field(s): isHot, public, startDate.','2022-12-09 07:36:25',1251,1),(382,100,4,'ACTIVITY','(NEW)','Added candidate to job order.','(USER) Added activity.','2022-12-09 10:58:42',1251,1),(383,100,4,'ACTIVITY','(NEW)','User re-applied through candidate portal','(USER) Added activity.','2022-12-09 11:27:02',1251,1),(384,100,12,'ACTIVITY','(NEW)','User re-applied through candidate portal','(USER) Added activity.','2022-12-09 11:34:05',1251,1),(385,400,22,'contactID','-1',NULL,NULL,'2022-12-12 04:21:03',1251,1),(386,400,22,'type','C',NULL,NULL,'2022-12-12 04:21:03',1251,1),(387,400,22,'startDate',NULL,'01-06-23','(USER) changed field(s): contactID, type, startDate.','2022-12-12 04:21:03',1251,1),(388,100,32,'!newEntry!',NULL,NULL,'(USER) created entry.','2022-12-12 04:30:33',1251,1),(389,100,32,'ACTIVITY','(NEW)','Added a new candidate.','(USER) Added activity.','2022-12-12 04:30:33',1251,1),(390,100,33,'!newEntry!',NULL,NULL,'(USER) created entry.','2022-12-12 04:32:43',1251,1),(391,100,33,'ACTIVITY','(NEW)','User applied through candidate portal','(USER) Added activity.','2022-12-12 04:32:43',1251,1),(392,100,34,'!newEntry!',NULL,NULL,'(USER) created entry.','2022-12-14 04:22:46',1251,1),(393,100,34,'ACTIVITY','(NEW)','Added candidate to job order.','(USER) Added activity.','2022-12-14 04:22:46',1251,1),(394,100,33,'ACTIVITY','(NEW)','User applied through candidate portal','(USER) Added activity.','2022-12-14 12:09:48',1251,1),(395,100,35,'!newEntry!',NULL,NULL,'(USER) created entry.','2022-12-14 12:22:49',1251,1),(396,100,35,'ACTIVITY','(NEW)','User applied through candidate portal','(USER) Added activity.','2022-12-14 12:22:49',1251,1),(397,100,2,'ACTIVITY','(NEW)','User applied through candidate portal','(USER) Added activity.','2022-12-15 03:59:57',1251,1),(398,100,12,'ACTIVITY','(NEW)','Added candidate to job order.','(USER) Added activity.','2022-12-15 04:12:20',1251,1),(399,400,24,'!newEntry!',NULL,NULL,'(USER) created entry.','2022-12-15 08:31:22',1251,1),(400,400,24,'description',NULL,'<p>Roles and Resposibilities:</p><p>&nbsp;</p><p>This Poistion requires one to be .........</p>','(USER) changed field(s): description.','2022-12-15 08:31:54',1251,1),(401,100,14,'ACTIVITY','(NEW)','Status change: <span style=\"color: #ff6c00;\">To be Offered</span>','(USER) Added activity.','2022-12-15 08:33:23',1251,1),(402,800,17,'PIPELINE','600','156','(USER) changed pipeline status of candidate 14 for job order 9.','2022-12-15 08:33:23',1251,1),(403,100,33,'ACTIVITY','(NEW)','User re-applied through candidate portal','(USER) Added activity.','2022-12-15 12:31:56',1,1),(404,100,36,'!newEntry!',NULL,NULL,'(USER) created entry.','2022-12-15 12:35:50',1,1),(405,100,36,'ACTIVITY','(NEW)','Added candidate to job order.','(USER) Added activity.','2022-12-15 12:35:50',1,1),(406,100,36,'PIPELINE','22','(DELETE)','(USER) deleted candidate from pipeline for job order 22.','2022-12-15 12:36:09',1,1),(407,400,22,'PIPELINE','36','(DELETE)','(USER) deleted job order from pipeline for candidate 36.','2022-12-15 12:36:09',1,1),(408,100,33,'ACTIVITY','(NEW)','User applied through candidate portal','(USER) Added activity.','2022-12-15 12:36:42',1,1),(409,100,33,'ACTIVITY','(NEW)','User re-applied through candidate portal','(USER) Added activity.','2022-12-15 12:44:21',1,1),(410,100,37,'!newEntry!',NULL,NULL,'(USER) created entry.','2022-12-19 08:37:15',1,1),(411,100,37,'ACTIVITY','(NEW)','User applied through candidate portal','(USER) Added activity.','2022-12-19 08:37:15',1,1),(412,100,37,'PIPELINE','22','(DELETE)','(USER) deleted candidate from pipeline for job order 22.','2022-12-19 08:39:23',1,1),(413,400,22,'PIPELINE','37','(DELETE)','(USER) deleted job order from pipeline for candidate 37.','2022-12-19 08:39:23',1,1),(414,400,25,'!newEntry!',NULL,NULL,'(USER) created entry.','2022-12-20 06:04:32',1251,1),(415,100,11,'ACTIVITY','(NEW)','Added candidate to job order.','(USER) Added activity.','2022-12-20 06:09:25',1251,1),(416,100,20,'ACTIVITY','(NEW)','Added candidate to job order.','(USER) Added activity.','2022-12-20 06:11:00',1251,1),(417,100,38,'!newEntry!',NULL,NULL,'(USER) created entry.','2022-12-20 06:13:14',1251,1),(418,100,38,'ACTIVITY','(NEW)','Added candidate to job order.','(USER) Added activity.','2022-12-20 06:13:14',1251,1),(419,100,38,'ACTIVITY','(NEW)','Status change: <span style=\"color: #ff6c00;\">Backup profile</span>','(USER) Added activity.','2022-12-20 06:14:15',1251,1),(420,800,59,'PIPELINE','100','155','(USER) changed pipeline status of candidate 38 for job order 25.','2022-12-20 06:14:15',1251,1),(421,100,20,'ACTIVITY','(NEW)','Status change: <span style=\"color: #ff6c00;\">Interview Completed</span>','(USER) Added activity.','2022-12-20 06:14:37',1251,1),(422,800,58,'PIPELINE','100','154','(USER) changed pipeline status of candidate 20 for job order 25.','2022-12-20 06:14:37',1251,1),(423,100,38,'ACTIVITY','(NEW)','Status change: <span style=\"color: #ff6c00;\">Interview Completed</span>','(USER) Added activity.','2022-12-20 06:26:50',1251,1),(424,800,59,'PIPELINE','155','154','(USER) changed pipeline status of candidate 38 for job order 25.','2022-12-20 06:26:50',1251,1),(425,100,39,'!newEntry!',NULL,NULL,'(USER) created entry.','2022-12-20 07:14:36',1,1),(426,100,39,'ACTIVITY','(NEW)','User applied through candidate portal','(USER) Added activity.','2022-12-20 07:14:36',1,1),(427,400,26,'!newEntry!',NULL,NULL,'(USER) created entry.','2022-12-21 06:06:59',1251,1),(428,100,4,'ACTIVITY','(NEW)','User applied through candidate portal','(USER) Added activity.','2022-12-21 06:09:44',1251,1),(429,100,40,'!newEntry!',NULL,NULL,'(USER) created entry.','2022-12-21 06:11:52',1251,1),(430,100,41,'!newEntry!',NULL,NULL,'(USER) created entry.','2022-12-21 06:12:41',1251,1),(431,100,41,'ACTIVITY','(NEW)','Added a new candidate.','(USER) Added activity.','2022-12-21 06:12:41',1251,1),(432,100,42,'!newEntry!',NULL,NULL,'(USER) created entry.','2022-12-21 06:13:22',1251,1),(433,100,42,'ACTIVITY','(NEW)','Added candidate to job order.','(USER) Added activity.','2022-12-21 06:13:22',1251,1),(434,100,42,'ACTIVITY','(NEW)','Status change: <span style=\"color: #ff6c00;\">Backup profile</span>','(USER) Added activity.','2022-12-21 06:18:07',1251,1),(435,800,62,'PIPELINE','100','155','(USER) changed pipeline status of candidate 42 for job order 26.','2022-12-21 06:18:07',1251,1),(436,400,27,'!newEntry!',NULL,NULL,'(USER) created entry.','2022-12-21 06:59:01',1251,1),(437,400,25,'public',NULL,'1','(USER) changed field(s): public.','2022-12-21 06:59:28',1251,1),(438,400,25,'description',NULL,'<p>The roles and resposibilities</p><p>Eligibility.........</p>',NULL,'2022-12-21 07:05:11',1251,1),(439,400,25,'notes',NULL,'Recruiters internal use','(USER) changed field(s): description, notes.','2022-12-21 07:05:11',1251,1),(440,100,43,'!newEntry!',NULL,NULL,'(USER) created entry.','2022-12-21 07:07:13',1251,1),(441,100,43,'ACTIVITY','(NEW)','User applied through candidate portal','(USER) Added activity.','2022-12-21 07:07:13',1251,1),(442,100,43,'ACTIVITY','(NEW)','Status change: <span style=\"color: #ff6c00;\">Interview Completed</span>','(USER) Added activity.','2022-12-21 07:16:08',1251,1),(443,800,63,'PIPELINE','100','154','(USER) changed pipeline status of candidate 43 for job order 25.','2022-12-21 07:16:08',1251,1),(444,100,38,'ACTIVITY','(NEW)','Status change: <span style=\"color: #ff6c00;\">Interview Completed</span>','(USER) Added activity.','2022-12-21 07:16:09',1251,1),(445,100,20,'ACTIVITY','(NEW)','Status change: <span style=\"color: #ff6c00;\">Interview Completed</span>','(USER) Added activity.','2022-12-21 07:16:09',1251,1),(446,100,11,'ACTIVITY','(NEW)','Status change: <span style=\"color: #ff6c00;\">Interview Completed</span>','(USER) Added activity.','2022-12-21 07:16:09',1251,1),(447,800,57,'PIPELINE','100','154','(USER) changed pipeline status of candidate 11 for job order 25.','2022-12-21 07:16:09',1251,1),(448,100,44,'!newEntry!',NULL,NULL,'(USER) created entry.','2022-12-22 03:53:46',1251,1),(449,100,44,'ACTIVITY','(NEW)','Added candidate to job order.','(USER) Added activity.','2022-12-22 03:53:46',1251,1),(450,100,44,'ACTIVITY','(NEW)','Integration successful','(USER) Added activity.','2022-12-22 04:06:06',1251,1),(451,100,43,'ACTIVITY','(NEW)','Integration successful','(USER) Added activity.','2022-12-22 04:06:06',1251,1),(452,100,45,'!newEntry!',NULL,NULL,'(USER) created entry.','2022-12-29 05:37:21',1,1),(453,100,46,'!newEntry!',NULL,NULL,'(USER) created entry.','2022-12-29 05:37:26',1,1),(454,100,47,'!newEntry!',NULL,NULL,'(USER) created entry.','2022-12-29 05:44:24',1,1),(455,100,47,'(DELETED)',NULL,NULL,'(USER) deleted entry.','2022-12-29 05:46:39',1,1),(456,100,46,'(DELETED)',NULL,NULL,'(USER) deleted entry.','2022-12-29 05:47:20',1,1),(457,100,45,'(DELETED)',NULL,NULL,'(USER) deleted entry.','2022-12-29 05:47:25',1,1),(458,100,48,'!newEntry!',NULL,NULL,'(USER) created entry.','2022-12-29 05:48:39',1,1),(459,100,48,'(DELETED)',NULL,NULL,'(USER) deleted entry.','2022-12-29 05:49:21',1,1),(460,100,49,'!newEntry!',NULL,NULL,'(USER) created entry.','2022-12-29 05:52:43',1,1),(461,100,49,'ACTIVITY','(NEW)','Added a new candidate.','(USER) Added activity.','2022-12-29 05:52:43',1,1),(462,100,49,'(DELETED)',NULL,NULL,'(USER) deleted entry.','2022-12-29 11:45:49',1,1),(463,100,50,'!newEntry!',NULL,NULL,'(USER) created entry.','2022-12-29 11:50:13',1,1),(464,100,51,'!newEntry!',NULL,NULL,'(USER) created entry.','2022-12-29 11:55:21',1,1),(465,100,51,'(DELETED)',NULL,NULL,'(USER) deleted entry.','2022-12-29 11:55:46',1,1),(466,100,50,'(DELETED)',NULL,NULL,'(USER) deleted entry.','2022-12-29 11:55:53',1,1),(467,100,52,'!newEntry!',NULL,NULL,'(USER) created entry.','2022-12-29 11:56:58',1,1),(468,100,53,'!newEntry!',NULL,NULL,'(USER) created entry.','2022-12-29 11:57:25',1,1),(469,100,53,'(DELETED)',NULL,NULL,'(USER) deleted entry.','2022-12-29 11:58:07',1,1),(470,100,52,'(DELETED)',NULL,NULL,'(USER) deleted entry.','2022-12-29 11:58:16',1,1),(471,100,54,'!newEntry!',NULL,NULL,'(USER) created entry.','2022-12-29 11:59:47',1,1),(472,100,55,'!newEntry!',NULL,NULL,'(USER) created entry.','2022-12-29 12:02:30',1,1),(473,100,55,'ACTIVITY','(NEW)','Added a new candidate.','(USER) Added activity.','2022-12-29 12:02:30',1,1),(474,100,56,'!newEntry!',NULL,NULL,'(USER) created entry.','2022-12-29 12:03:49',1,1),(475,100,56,'ACTIVITY','(NEW)','Added a new candidate.','(USER) Added activity.','2022-12-29 12:03:49',1,1),(476,100,4,'ACTIVITY','(NEW)','User applied through candidate portal <span style=\"font-weight: bold;\">and attached a new resume (<a href=\"./attachments/site_1/0xxx/5fe4be303665be1a287f064135684bfa/CV-Updated.pdf\">Download</a>)</span>','(USER) Added activity.','2023-01-05 13:27:11',1251,1),(477,100,22,'ACTIVITY','(NEW)','Candidate Email Invalid','(USER) Added activity.','2023-01-06 09:58:24',1251,1),(478,100,25,'ACTIVITY','(NEW)','Candidate Email Invalid','(USER) Added activity.','2023-01-06 09:58:49',1251,1),(479,100,22,'ACTIVITY','(NEW)','Candidate Email Invalid','(USER) Added activity.','2023-01-06 09:58:49',1251,1),(480,100,10,'ACTIVITY','(NEW)','User applied through candidate portal <span style=\"font-weight: bold;\">and attached a new resume (<a href=\"./attachments/site_1/0xxx/f0a5b6ef2eb3c8e772eb13163f89f74f/CV_2022021122382714_Copy1.pdf\">Download</a>)</span>','(USER) Added activity.','2023-01-06 15:33:22',1251,1),(481,300,4,'!newEntry!',NULL,NULL,'(USER) created entry.','2023-01-06 17:06:18',1251,1),(482,300,2,'isConsultant',NULL,'1','(USER) changed field(s): isConsultant.','2023-01-09 09:41:02',1251,1),(483,100,57,'!newEntry!',NULL,NULL,'(USER) created entry.','2023-01-09 11:22:40',1251,1),(484,100,57,'ACTIVITY','(NEW)','User applied through candidate portal <span style=\"font-weight: bold;\">and attached a new resume (<a href=\"./attachments/site_1/0xxx/26be9c5f7182d7f9f11a336ca9f26f6e/CV_2022021122382714_Copy1.pdf\">Download</a>)</span>','(USER) Added activity.','2023-01-09 11:22:40',1251,1),(485,100,57,'ACTIVITY','(NEW)','Status change: <span style=\"color: #ff6c00;\">Rejected – Business Interview</span>','(USER) Added activity.','2023-01-09 11:26:29',1251,1),(486,800,67,'PIPELINE','100','150','(USER) changed pipeline status of candidate 57 for job order 2.','2023-01-09 11:26:29',1251,1),(487,400,28,'!newEntry!',NULL,NULL,'(USER) created entry.','2023-01-09 11:33:11',1,1),(488,300,5,'!newEntry!',NULL,NULL,'(USER) created entry.','2023-01-09 11:45:46',1251,1),(489,400,29,'!newEntry!',NULL,NULL,'(USER) created entry.','2023-01-09 11:47:17',1251,1),(490,100,58,'!newEntry!',NULL,NULL,'(USER) created entry.','2023-01-09 11:51:44',1251,1),(491,100,58,'ACTIVITY','(NEW)','User applied through candidate portal <span style=\"font-weight: bold;\">and attached a new resume (<a href=\"./attachments/site_1/0xxx/db2ecf016982522b9bef3ae5b546c407/Asheesh_SC_9Yrs_Copy1.docx\">Download</a>)</span>','(USER) Added activity.','2023-01-09 11:51:44',1251,1),(492,100,58,'ACTIVITY','(NEW)','Status change: <span style=\"color: #ff6c00;\">Rejected – HR Interview</span>','(USER) Added activity.','2023-01-09 11:53:31',1251,1),(493,800,68,'PIPELINE','100','151','(USER) changed pipeline status of candidate 58 for job order 29.','2023-01-09 11:53:31',1251,1),(494,100,58,'ACTIVITY','(NEW)','Integration successful','(USER) Added activity.','2023-01-09 11:54:11',1251,1),(495,100,59,'!newEntry!',NULL,NULL,'(USER) created entry.','2023-01-09 16:58:06',1251,1),(496,100,59,'ACTIVITY','(NEW)','Added candidate to job order.','(USER) Added activity.','2023-01-09 16:58:07',1251,1),(497,100,59,'ACTIVITY','(NEW)','Status change: <span style=\"color: #ff6c00;\">Rejected – Candidate Not Fit</span>','(USER) Added activity.','2023-01-09 16:58:43',1251,1),(498,800,69,'PIPELINE','100','149','(USER) changed pipeline status of candidate 59 for job order 29.','2023-01-09 16:58:43',1251,1),(499,100,59,'ACTIVITY','(NEW)','Integration successful','(USER) Added activity.','2023-01-09 16:59:38',1251,1),(500,400,30,'!newEntry!',NULL,NULL,'(USER) created entry.','2023-01-09 17:17:39',1251,1),(501,100,58,'ACTIVITY','(NEW)','User applied through candidate portal <span style=\"font-weight: bold;\">and attached a new resume (<a href=\"./attachments/site_1/0xxx/d9944eb0173383d1cd5aacff239d05ed/harendra_resume_2018-4.doc\">Download</a>)</span>','(USER) Added activity.','2023-01-09 17:26:09',1251,1),(502,100,43,'ACTIVITY','(NEW)','Added candidate to job order.','(USER) Added activity.','2023-01-09 18:18:26',1,1),(503,100,43,'ACTIVITY','(NEW)','Status change: <span style=\"color: #ff6c00;\">Applicant Backout post Offer</span>','(USER) Added activity.','2023-01-09 18:19:09',1,1),(504,800,71,'PIPELINE','100','157','(USER) changed pipeline status of candidate 43 for job order 24.','2023-01-09 18:19:09',1,1),(505,100,60,'!newEntry!',NULL,NULL,'(USER) created entry.','2023-01-10 09:37:38',1251,1),(506,100,60,'ACTIVITY','(NEW)','User applied through candidate portal <span style=\"font-weight: bold;\">and attached a new resume (<a href=\"./attachments/site_1/0xxx/e8d7021078f337deba3f18af4bbd2ac3/Neetika_Cv.pdf\">Download</a>)</span>','(USER) Added activity.','2023-01-10 09:37:38',1251,1),(507,100,60,'ACTIVITY','(NEW)','Status change: <span style=\"color: #ff6c00;\">Interview Completed</span>','(USER) Added activity.','2023-01-10 09:38:32',1251,1),(508,800,72,'PIPELINE','100','154','(USER) changed pipeline status of candidate 60 for job order 30.','2023-01-10 09:38:32',1251,1),(509,100,60,'ACTIVITY','(NEW)','Integration successful','(USER) Added activity.','2023-01-10 09:39:46',1251,1),(510,100,61,'!newEntry!',NULL,NULL,'(USER) created entry.','2023-01-10 10:43:49',1251,1),(511,100,61,'ACTIVITY','(NEW)','Added candidate to job order.','(USER) Added activity.','2023-01-10 10:43:50',1251,1),(512,100,62,'!newEntry!',NULL,NULL,'(USER) created entry.','2023-01-10 10:44:55',1251,1),(513,100,62,'ACTIVITY','(NEW)','Added candidate to job order.','(USER) Added activity.','2023-01-10 10:44:55',1251,1),(514,100,62,'ACTIVITY','(NEW)','Status change: <span style=\"color: #ff6c00;\">Interview Completed</span>','(USER) Added activity.','2023-01-10 10:45:11',1251,1),(515,800,74,'PIPELINE','100','154','(USER) changed pipeline status of candidate 62 for job order 30.','2023-01-10 10:45:11',1251,1),(516,100,61,'ACTIVITY','(NEW)','Status change: <span style=\"color: #ff6c00;\">Interview Completed</span>','(USER) Added activity.','2023-01-10 10:45:28',1251,1),(517,800,73,'PIPELINE','100','154','(USER) changed pipeline status of candidate 61 for job order 30.','2023-01-10 10:45:28',1251,1),(518,100,58,'ACTIVITY','(NEW)','Status change: <span style=\"color: #ff6c00;\">Interview Completed</span>','(USER) Added activity.','2023-01-10 10:45:47',1251,1),(519,800,70,'PIPELINE','100','154','(USER) changed pipeline status of candidate 58 for job order 30.','2023-01-10 10:45:47',1251,1),(520,100,62,'ACTIVITY','(NEW)','Integration successful','(USER) Added activity.','2023-01-10 10:46:42',1251,1),(521,100,61,'ACTIVITY','(NEW)','Integration successful','(USER) Added activity.','2023-01-10 10:46:42',1251,1),(522,100,63,'!newEntry!',NULL,NULL,'(USER) created entry.','2023-01-10 11:23:14',1251,1),(523,100,63,'ACTIVITY','(NEW)','User applied through candidate portal <span style=\"font-weight: bold;\">and attached a new resume (<a href=\"./attachments/site_1/0xxx/67c6d24b924fb2169231f862d2987267/CV-Updated.pdf\">Download</a>)</span>','(USER) Added activity.','2023-01-10 11:23:14',1251,1),(524,100,64,'!newEntry!',NULL,NULL,'(USER) created entry.','2023-01-10 11:25:15',1251,1),(525,100,64,'ACTIVITY','(NEW)','User applied through candidate portal <span style=\"font-weight: bold;\">and attached a new resume (<a href=\"./attachments/site_1/0xxx/844838d556da2f0e33fac30e777c4f6b/Asheesh_SC_9Yrs_Copy1.docx\">Download</a>)</span>','(USER) Added activity.','2023-01-10 11:25:15',1251,1),(526,300,6,'!newEntry!',NULL,NULL,'(USER) created entry.','2023-01-10 11:41:56',1251,1),(527,400,31,'!newEntry!',NULL,NULL,'(USER) created entry.','2023-01-10 11:43:14',1251,1),(528,400,31,'isHot',NULL,'1',NULL,'2023-01-10 11:44:00',1251,1),(529,400,31,'public',NULL,'1','(USER) changed field(s): isHot, public.','2023-01-10 11:44:00',1251,1),(530,100,20,'ACTIVITY','(NEW)','User applied through candidate portal <span style=\"font-weight: bold;\">and attached a new resume (<a href=\"./attachments/site_1/0xxx/5ad3bfdff33ea6eddac95cfff94dedfc/CV_Puneet_Final_Copy1.docx\">Download</a>)</span>','(USER) Added activity.','2023-01-10 11:50:57',1251,1),(531,100,39,'ACTIVITY','(NEW)','User applied through candidate portal','(USER) Added activity.','2023-01-10 11:54:02',1,1),(532,100,20,'ACTIVITY','(NEW)','Status change: <span style=\"color: #ff6c00;\">Rejected – Business Interview</span>','(USER) Added activity.','2023-01-10 12:03:20',1251,1),(533,800,77,'PIPELINE','100','150','(USER) changed pipeline status of candidate 20 for job order 31.','2023-01-10 12:03:20',1251,1),(534,400,32,'!newEntry!',NULL,NULL,'(USER) created entry.','2023-01-10 12:53:02',1251,1),(535,100,20,'ACTIVITY','(NEW)','Added candidate to job order.','(USER) Added activity.','2023-01-10 13:03:57',1251,1),(536,100,65,'!newEntry!',NULL,NULL,'(USER) created entry.','2023-01-10 13:05:15',-1,1),(537,100,65,'ACTIVITY','(NEW)','User applied through candidate portal','(USER) Added activity.','2023-01-10 13:05:15',-1,1),(538,400,33,'!newEntry!',NULL,NULL,'(USER) created entry.','2023-01-10 13:16:59',1251,1),(539,400,33,'public',NULL,'1','(USER) changed field(s): public.','2023-01-10 13:20:04',1251,1),(540,100,65,'ACTIVITY','(NEW)','Status change: <span style=\"color: #ff6c00;\">Interview Completed</span>','(USER) Added activity.','2023-01-10 13:25:41',1251,1),(541,800,80,'PIPELINE','100','154','(USER) changed pipeline status of candidate 65 for job order 32.','2023-01-10 13:25:41',1251,1),(542,100,20,'ACTIVITY','(NEW)','Status change: <span style=\"color: #ff6c00;\">Rejected – Candidate Not Fit</span>','(USER) Added activity.','2023-01-10 13:27:21',1251,1),(543,800,79,'PIPELINE','100','149','(USER) changed pipeline status of candidate 20 for job order 32.','2023-01-10 13:27:21',1251,1),(544,100,20,'ACTIVITY','(NEW)','Status change: <span style=\"color: #ff6c00;\">Interview Completed</span>','(USER) Added activity.','2023-01-10 13:30:56',1251,1),(545,800,79,'PIPELINE','149','154','(USER) changed pipeline status of candidate 20 for job order 32.','2023-01-10 13:30:56',1251,1),(546,100,65,'ACTIVITY','(NEW)','Status change: <span style=\"color: #ff6c00;\">Rejected – Business Interview</span>','(USER) Added activity.','2023-01-10 15:03:51',1251,1),(547,800,80,'PIPELINE','154','150','(USER) changed pipeline status of candidate 65 for job order 32.','2023-01-10 15:03:51',1251,1),(548,100,65,'ACTIVITY','(NEW)','Status change: <span style=\"color: #ff6c00;\">To be Offered</span>','(USER) Added activity.','2023-01-10 15:04:33',1251,1),(549,800,80,'PIPELINE','150','156','(USER) changed pipeline status of candidate 65 for job order 32.','2023-01-10 15:04:33',1251,1),(550,100,20,'ACTIVITY','(NEW)',NULL,'(USER) Added activity.','2023-01-10 15:04:52',1251,1),(551,100,20,'ACTIVITY','(NEW)','Status change: <span style=\"color: #ff6c00;\">Rejected – Business Interview</span>','(USER) Added activity.','2023-01-10 15:09:47',1251,1),(552,800,79,'PIPELINE','154','150','(USER) changed pipeline status of candidate 20 for job order 32.','2023-01-10 15:09:47',1251,1),(553,400,32,'startDate','10-01-23','02-01-23','(USER) changed field(s): startDate.','2023-01-10 15:23:07',1251,1),(554,100,20,'ACTIVITY','(NEW)','Status change: <span style=\"color: #ff6c00;\">Applicant Not interested</span>','(USER) Added activity.','2023-01-10 16:38:54',1251,1),(555,800,79,'PIPELINE','150','153','(USER) changed pipeline status of candidate 20 for job order 32.','2023-01-10 16:38:54',1251,1),(556,100,20,'ACTIVITY','(NEW)','Status change: <span style=\"color: #ff6c00;\">Applicant Not interested</span>','(USER) Added activity.','2023-01-10 17:00:09',1251,1),(557,800,77,'PIPELINE','150','153','(USER) changed pipeline status of candidate 20 for job order 31.','2023-01-10 17:00:09',1251,1),(558,400,31,'openings','1','2','(USER) changed field(s): openings.','2023-01-10 17:34:39',1251,1),(559,100,39,'ACTIVITY','(NEW)','User applied through candidate portal','(USER) Added activity.','2023-01-11 12:15:17',1251,1),(560,100,39,'ACTIVITY','(NEW)','User applied through candidate portal','(USER) Added activity.','2023-01-11 13:29:02',1,1),(561,100,33,'ACTIVITY','(NEW)','User applied through candidate portal <span style=\"font-weight: bold;\">and attached a new resume (<a href=\"./attachments/site_1/0xxx/fd0d22e73f0a3fa159f037682e72432c/Hemant Kumar_Copy1.pdf\">Download</a>)</span>','(USER) Added activity.','2023-01-11 14:12:28',1251,1),(562,400,33,'questionnaireID',NULL,'1','(USER) changed field(s): questionnaireID.','2023-01-11 14:57:09',1,1),(563,400,34,'!newEntry!',NULL,NULL,'(USER) created entry.','2023-01-12 13:12:43',1251,1),(564,400,35,'!newEntry!',NULL,NULL,'(USER) created entry.','2023-01-12 15:08:23',1251,1),(565,400,36,'!newEntry!',NULL,NULL,'(USER) created entry.','2023-01-12 15:29:51',1,1),(566,400,37,'!newEntry!',NULL,NULL,'(USER) created entry.','2023-01-12 15:30:17',1,1),(567,400,38,'!newEntry!',NULL,NULL,'(USER) created entry.','2023-01-12 15:31:22',1,1),(568,400,36,'(DELETED)',NULL,NULL,'(USER) deleted entry.','2023-01-12 15:31:58',1,1),(569,400,37,'(DELETED)',NULL,NULL,'(USER) deleted entry.','2023-01-12 15:32:05',1,1),(570,400,39,'!newEntry!',NULL,NULL,'(USER) created entry.','2023-01-12 15:44:57',1,1),(571,400,38,'public',NULL,'1','(USER) changed field(s): public.','2023-01-16 10:07:36',1251,1),(572,100,4,'ACTIVITY','(NEW)','User applied through candidate portal <span style=\"font-weight: bold;\">and attached a new resume (<a href=\"./attachments/site_1/0xxx/7d48d613e89a87453e32616a8522271c/Resume .pdf\">Download</a>)</span>','(USER) Added activity.','2023-01-16 10:10:52',1251,1),(573,100,66,'!newEntry!',NULL,NULL,'(USER) created entry.','2023-01-17 10:14:46',1251,1),(574,100,66,'ACTIVITY','(NEW)','Added candidate to job order.','(USER) Added activity.','2023-01-17 10:14:47',1251,1),(575,100,67,'!newEntry!',NULL,NULL,'(USER) created entry.','2023-01-17 10:16:53',1251,1),(576,100,67,'ACTIVITY','(NEW)','Added candidate to job order.','(USER) Added activity.','2023-01-17 10:16:53',1251,1),(577,100,4,'ACTIVITY','(NEW)','User applied through candidate portal <span style=\"font-weight: bold;\">and attached a new resume (<a href=\"./attachments/site_1/0xxx/9068991e34a13bd6216aed3f5c426dc9/CV_Puneet_Final_Copy2.docx\">Download</a>)</span>','(USER) Added activity.','2023-01-17 10:19:35',1251,1),(578,400,33,'description',NULL,'<p>This Job requires you....</p><p>Eligibility...</p><p>Requirements</p><p>Job description</p>','(USER) changed field(s): description.','2023-01-17 16:44:32',1251,1),(579,100,12,'ACTIVITY','(NEW)','Added candidate to job order.','(USER) Added activity.','2023-01-17 16:53:34',1251,1),(580,100,11,'ACTIVITY','(NEW)','Interview Level-2','(USER) Added activity.','2023-01-17 16:58:28',1251,1),(581,100,39,'ACTIVITY','(NEW)','User applied through candidate portal','(USER) Added activity.','2023-01-18 11:05:21',1,1),(582,100,39,'source','Online Careers Website',NULL,NULL,'2023-01-18 11:07:59',1,1),(583,100,39,'keySkills','PHP',NULL,NULL,'2023-01-18 11:07:59',1,1),(584,100,39,'notes','Candidate submitted these notes with first application:',NULL,'(USER) changed field(s): source, keySkills, notes.','2023-01-18 11:07:59',1,1),(585,100,39,'ACTIVITY','(NEW)','User re-applied through candidate portal <span style=\"font-weight: bold;\">and attached a new resume (<a href=\"./attachments/site_1/0xxx/9db7dbf20292cce503bd101fd38e23ff/resume-sample.pdf\">Download</a>)</span>','(USER) Added activity.','2023-01-18 11:08:00',1,1),(586,100,39,'ACTIVITY','(NEW)','User re-applied through candidate portal <span style=\"font-weight: bold;\">and attached a new resume (<a href=\"./attachments/site_1/0xxx/e5f6dbcfaddf91ba561fb2fb1bce2d59/resume-sample.pdf\">Download</a>)</span>','(USER) Added activity.','2023-01-18 11:36:05',1,1),(587,400,25,'startDate','20-12-22','17-10-23','(USER) changed field(s): startDate.','2023-01-19 16:32:52',1251,1),(588,400,39,'startDate','01-07-23','06-04-23','(USER) changed field(s): startDate.','2023-01-23 11:07:26',1251,1),(589,400,40,'!newEntry!',NULL,NULL,'(USER) created entry.','2023-02-03 09:14:55',1251,1),(590,100,68,'!newEntry!',NULL,NULL,'(USER) created entry.','2023-02-03 09:17:04',1251,1),(591,100,68,'ACTIVITY','(NEW)','User applied through candidate portal <span style=\"font-weight: bold;\">and attached a new resume (<a href=\"./attachments/site_1/0xxx/86d7b2bb12cc9c007f215c534b6bac34/PRIYANKA KUMARI.docx\">Download</a>)</span>','(USER) Added activity.','2023-02-03 09:17:04',1251,1),(592,100,68,'ACTIVITY','(NEW)','Status change: <span style=\"color: #ff6c00;\">Shortlisted for Interview</span>','(USER) Added activity.','2023-02-03 09:23:38',1251,1),(593,800,90,'PIPELINE','100','1234','(USER) changed pipeline status of candidate 68 for job order 40.','2023-02-03 09:23:39',1251,1),(594,100,68,'ACTIVITY','(NEW)','Recruiter EmailId Not Exist','(USER) Added activity.','2023-02-03 09:53:59',1,1),(595,100,68,'ACTIVITY','(NEW)','Recruiter EmailId Not Exist','(USER) Added activity.','2023-02-03 09:57:21',1,1),(596,100,68,'ACTIVITY','(NEW)','Recruiter EmailId Not Exist','(USER) Added activity.','2023-02-03 09:58:14',1,1),(597,100,68,'ACTIVITY','(NEW)','Recruiter EmailId Not Exist','(USER) Added activity.','2023-02-03 10:03:15',1,1),(598,100,68,'ACTIVITY','(NEW)','Integration successful','(USER) Added activity.','2023-02-03 10:15:06',1251,1),(599,300,6,'isConsultant','1',NULL,'(USER) changed field(s): isConsultant.','2023-02-20 11:18:38',1,1),(600,300,6,'isConsultant',NULL,'1','(USER) changed field(s): isConsultant.','2023-02-20 11:43:31',1,1),(601,400,41,'!newEntry!',NULL,NULL,'(USER) created entry.','2023-02-20 15:06:52',1,1);

--
-- Table structure for table `http_log`
--

CREATE TABLE `http_log` (
  `log_id` int(11) NOT NULL AUTO_INCREMENT,
  `site_id` int(11) NOT NULL,
  `remote_addr` char(16) NOT NULL,
  `http_user_agent` varchar(255) DEFAULT NULL,
  `script_filename` varchar(255) DEFAULT NULL,
  `request_method` varchar(16) DEFAULT NULL,
  `query_string` varchar(255) DEFAULT NULL,
  `request_uri` varchar(255) DEFAULT NULL,
  `script_name` varchar(255) DEFAULT NULL,
  `log_type` int(11) NOT NULL,
  `date` datetime DEFAULT '1000-01-01 00:00:00',
  PRIMARY KEY (`log_id`)
) ENGINE=MyISAM DEFAULT CHARSET=utf8;

--
-- Dumping data for table `http_log`
--


--
-- Table structure for table `http_log_types`
--

CREATE TABLE `http_log_types` (
  `log_type_id` int(11) NOT NULL,
  `name` varchar(16) NOT NULL,
  `description` varchar(255) DEFAULT NULL,
  `default_log_type` tinyint(1) unsigned zerofill NOT NULL DEFAULT '0',
  PRIMARY KEY (`log_type_id`)
) ENGINE=MyISAM DEFAULT CHARSET=utf8;

--
-- Dumping data for table `http_log_types`
--

INSERT INTO `http_log_types` VALUES (1,'XML','XML Job Feed',0);

--
-- Table structure for table `import`
--

CREATE TABLE `import` (
  `import_id` int(11) NOT NULL AUTO_INCREMENT,
  `module_name` varchar(255) COLLATE utf8_unicode_ci NOT NULL DEFAULT '',
  `reverted` int(1) NOT NULL DEFAULT '0',
  `site_id` int(11) NOT NULL DEFAULT '0',
  `import_errors` text COLLATE utf8_unicode_ci,
  `added_lines` int(11) DEFAULT NULL,
  `date_created` datetime DEFAULT NULL,
  PRIMARY KEY (`import_id`)
) ENGINE=MyISAM DEFAULT CHARSET=utf8 COLLATE=utf8_unicode_ci;

--
-- Dumping data for table `import`
--


--
-- Table structure for table `installtest`
--

CREATE TABLE `installtest` (
  `id` int(11) NOT NULL DEFAULT '0',
  PRIMARY KEY (`id`)
) ENGINE=MyISAM DEFAULT CHARSET=utf8 COLLATE=utf8_unicode_ci;

--
-- Dumping data for table `installtest`
--


--
-- Table structure for table `joborder`
--

CREATE TABLE `joborder` (
  `joborder_id` int(11) NOT NULL AUTO_INCREMENT,
  `recruiter` int(11) DEFAULT NULL,
  `contact_id` int(11) DEFAULT NULL,
  `company_id` int(11) DEFAULT NULL,
  `entered_by` int(11) NOT NULL DEFAULT '0',
  `owner` int(11) DEFAULT NULL,
  `site_id` int(11) NOT NULL DEFAULT '0',
  `client_job_id` varchar(32) COLLATE utf8_unicode_ci DEFAULT NULL,
  `title` varchar(64) COLLATE utf8_unicode_ci NOT NULL DEFAULT '',
  `description` text COLLATE utf8_unicode_ci,
  `notes` text COLLATE utf8_unicode_ci,
  `type` varchar(64) COLLATE utf8_unicode_ci NOT NULL DEFAULT 'C',
  `duration` varchar(64) COLLATE utf8_unicode_ci DEFAULT NULL,
  `rate_max` varchar(255) COLLATE utf8_unicode_ci DEFAULT NULL,
  `salary` varchar(64) COLLATE utf8_unicode_ci DEFAULT NULL,
  `status` varchar(64) COLLATE utf8_unicode_ci NOT NULL DEFAULT 'Active',
  `is_hot` int(1) NOT NULL DEFAULT '0',
  `openings` int(11) DEFAULT NULL,
  `city` varchar(64) COLLATE utf8_unicode_ci NOT NULL DEFAULT '',
  `state` varchar(64) COLLATE utf8_unicode_ci NOT NULL DEFAULT '',
  `start_date` datetime DEFAULT NULL,
  `date_created` datetime NOT NULL DEFAULT '1000-01-01 00:00:00',
  `date_modified` datetime NOT NULL DEFAULT '1000-01-01 00:00:00',
  `public` int(1) NOT NULL DEFAULT '0',
  `company_department_id` int(11) DEFAULT NULL,
  `is_admin_hidden` int(1) DEFAULT '0',
  `openings_available` int(11) DEFAULT '0',
  `questionnaire_id` int(11) DEFAULT NULL,
  `import_id` int(11) NOT NULL DEFAULT '0',
  `send_to_consultant` varchar(255) COLLATE utf8_unicode_ci NOT NULL DEFAULT '0',
  PRIMARY KEY (`joborder_id`),
  KEY `IDX_recruiter` (`recruiter`),
  KEY `IDX_title` (`title`),
  KEY `IDX_client_id` (`company_id`),
  KEY `IDX_start_date` (`start_date`),
  KEY `IDX_contact_id` (`contact_id`),
  KEY `IDX_is_hot` (`is_hot`),
  KEY `IDX_jopenings` (`openings`),
  KEY `IDX_owner` (`owner`),
  KEY `IDX_entered_by` (`entered_by`),
  KEY `IDX_date_created` (`date_created`),
  KEY `IDX_date_modified` (`date_modified`),
  KEY `IDX_site_id_status` (`site_id`,`status`(8))
) ENGINE=MyISAM AUTO_INCREMENT=42 DEFAULT CHARSET=utf8 COLLATE=utf8_unicode_ci;

--
-- Dumping data for table `joborder`
--

INSERT INTO `joborder` VALUES (1,1251,1,2,1,1251,1,'CS1','Consultant','<p>This position is looking for experinced Consultants.</p>','This is for HR only','H','','','600000','Active',0,5,'Delhi','Delhi',NULL,'2022-10-05 15:41:40','2022-10-05 16:49:21',1,3,0,5,NULL,0,'0'),(2,1252,2,2,1,1252,1,'CS2','Consultant-North','<p>This position is looking for experinced Consultants.</p>','This is for HR only','H','','','600000','Active',0,5,'Delhi','Delhi',NULL,'2022-10-05 16:38:58','2023-01-09 11:26:29',1,3,0,5,NULL,0,'0'),(3,1251,1,2,1,1251,1,'AM-5','Assistant Manager','<p>This Role reuires the candidate to be able to manage and handle a team.</p><p>Eligibility:</p><p>Hands on Management exp.</p><p>technical exp</p>','This role should fall in grade 1 of payroll','H','','','300000','Active',1,5,'Delhi','Delhi',NULL,'2022-10-10 00:28:23','2022-11-11 05:04:21',1,1,0,5,1,0,'0'),(4,1252,3,2,1,1252,1,'HR-1','HR Manager','<p>Roles and responsibilties.</p>','','H','','','','Active',1,2,'Delhi','Delhi',NULL,'2022-10-10 03:54:32','2022-10-10 03:54:32',1,4,0,2,NULL,0,'0'),(5,1252,2,2,1,1252,1,'Admin-Ad2','Admin','<p>This particular Role requires one&nbsp;</p><p>1)</p><p>2)</p><p>3)</p><p>The eligibility criteria</p>','This section is internal purpose use','H','','','','Active',1,4,'Delhi','Delhi',NULL,'2022-10-11 05:35:50','2022-11-17 12:41:16',1,2,0,4,1,0,'0'),(6,1251,-1,2,1,1251,1,'AM','Assistant Manager','<p>This Role reuires the candidate to be able to manage and handle a team.</p><p>Eligibility:</p><p>Hands on Management exp.</p><p>technical exp</p>','This role should fall in grade 1 of payroll','H','','','300000','Active',0,5,'Delhi','Delhi',NULL,'2022-10-12 12:23:21','2022-11-02 17:19:52',1,0,0,5,NULL,0,'0'),(7,1251,3,2,1,1251,1,'Dev','Developer','<p>skill:</p><p>&nbsp;</p><p>Elogibility</p>','Pay grade -1','H','','','43242342','Active',0,4,'Delhi','Delhi',NULL,'2022-10-14 05:01:49','2022-11-01 13:30:36',1,5,0,4,1,0,'0'),(8,1251,1,2,1,1251,1,'','sdasd','<p>This position,,....</p>','','H','','','24134124','Active',0,1,'Delhi','Delhi',NULL,'2022-10-20 10:59:29','2022-10-20 11:03:09',1,2,0,1,1,0,'0'),(9,1251,3,2,1,1251,1,'AS2','Assistant Consultant','','This Position does not require an assessment. Only Interview to be scheduled.','H','','','3400000','Active',0,2,'Delhi','Delhi',NULL,'2022-10-27 08:43:34','2022-12-15 08:33:23',1,3,0,2,1,0,'0'),(10,1251,-1,2,1251,1251,1,'CA1','Assistant Consultant','<p><a href=\"http://google.com\">Notification</a>Roles &amp; Responsibilities</p>','This Position does not require an assessment. Only Interview to be scheduled.','H','','','3400000','Active',0,2,'Delhi','Delhi',NULL,'2022-10-28 10:46:12','2022-11-15 06:37:38',1,0,0,2,1,0,'0'),(11,1251,3,2,1251,1251,1,'AM-3','Accounts Manger','<p>In this role youare expected to handle the empoyee accounts and all claims and disbursements.</p>','This is for Internal Use.','H','','','','Active',0,3,'Delhi','Delhi',NULL,'2022-11-03 05:28:35','2022-11-14 12:48:38',1,1,0,3,NULL,0,'0'),(12,1251,1,2,1251,1251,1,'Dev-2-Delhi','Developer','<p>Eligibility: masters in Computer Applications , with hands on exp in Java....</p>','This position is of grade 3','H','','','','Active',0,2,'Delhi','Delhi',NULL,'2022-11-08 06:25:39','2022-11-14 12:54:30',1,5,0,2,NULL,0,'0'),(13,1252,-1,2,1251,1252,1,'XX_TW(S)_123','Territory Manager','<p>ABC</p>','','C','','','','Active',0,1,'Delhi','Delhi',NULL,'2022-11-09 06:11:47','2023-01-06 09:58:49',1,5,0,1,NULL,0,'0'),(14,1251,-1,3,1251,1251,1,'VF_TUOH(1)','Developer','','','C','','','','Active',0,1,'Bangalore','Bangalore',NULL,'2022-11-29 13:05:36','2022-12-15 12:31:56',1,14,0,1,NULL,0,'0'),(15,1252,-1,3,1251,1251,1,'NBY(12)','Intern','','','C','','','','Active',0,1,'dgsdgsd','Haryana',NULL,'2022-11-29 16:10:10','2022-12-14 12:22:49',1,0,0,1,NULL,0,'0'),(16,1252,-1,3,1251,1251,1,'AD(NE)','Admin','','','C','','','','Active',0,1,'dgsdgsd','Haryana',NULL,'2022-11-30 04:47:48','2022-11-30 04:50:19',0,14,0,1,NULL,0,'0'),(17,1251,-1,3,1251,1251,1,'','wrr','','','C','','wqwe','','Active',0,1,'dgsdgsd','Haryana',NULL,'2022-11-30 05:26:32','2022-11-30 05:26:49',0,0,0,1,NULL,0,'0'),(18,1251,-1,3,1251,1251,1,'','Accountant','','','C','','','','Active',0,1,'Delhi','Delhi',NULL,'2022-11-30 05:52:15','2022-12-14 04:22:46',1,14,0,1,NULL,0,'0'),(19,1251,-1,3,1251,1251,1,'','Engineer','','','C','','','','Closed',0,1,'Delhi','Delhi',NULL,'2022-11-30 05:56:35','2022-11-30 06:23:09',1,14,0,1,NULL,0,'0'),(20,1251,-1,3,1,1251,1,'','sdfsd','','','C','','','','Active',0,1,'Delhi','Delhi',NULL,'2022-12-02 07:03:36','2022-12-02 07:58:33',1,14,0,1,NULL,0,'0'),(21,1251,-1,3,1251,1251,1,'BH_RVT','Developer','<p>The roles for mk,....</p><p>exp</p><p>Elg</p>','','C','','','5667','Active',0,1,'Delhi','Delhi',NULL,'2022-12-06 04:09:08','2023-01-06 15:33:22',1,14,0,1,NULL,0,'0'),(22,1251,0,3,1251,1251,1,'','Consultant','','','','','','','Active',0,2,'Hyderabad','Andra Pradesh','2023-06-01 00:00:00','2022-12-07 08:59:12','2022-12-19 08:37:15',1,13,0,2,NULL,0,'0'),(23,1251,0,3,1251,1,1,'','qw','','','','','','','Active',1,1,'Delhi','Delhi','2023-06-01 00:00:00','2022-12-09 07:30:13','2022-12-09 07:36:25',1,13,0,1,NULL,0,'0'),(24,1251,0,3,1251,1251,1,'','Finance Manager','<p>Roles and Resposibilities:</p><p>&nbsp;</p><p>This Poistion requires one to be .........</p>','','','','','','Active',1,1,'Delhi','Delhi','2023-07-01 00:00:00','2022-12-15 08:31:22','2023-01-18 11:05:21',1,14,0,1,NULL,0,'0'),(25,1251,0,3,1251,1251,1,'','Territory Manager - UCL','<p>The roles and resposibilities</p><p>Eligibility.........</p>','Recruiters internal use','','','','','Active',0,1,'Delhi','Delhi','2023-10-17 00:00:00','2022-12-20 06:04:32','2023-01-19 16:32:52',1,0,0,1,NULL,0,''),(26,1251,0,3,1251,1251,1,'','Manager','<p>The roles and responsibilities</p>','For Recruiter\'s Internal use','','','','','Active',0,1,'Delhi','Delhi','2023-06-01 00:00:00','2022-12-21 06:06:59','2022-12-21 06:18:07',1,14,0,1,NULL,0,'0'),(27,1251,0,3,1251,1251,1,'','Area Credit Manager','','','','','','','Active',0,1,'Delhi','Delhi','2023-02-01 00:00:00','2022-12-21 06:59:01','2023-01-12 13:11:41',1,13,0,1,NULL,0,'1'),(28,1,0,3,1,1,1,'','Testing g','','','','','','','Active',0,1,'Delhi','Delhi','2023-11-01 00:00:00','2023-01-09 11:33:11','2023-01-09 11:33:11',0,13,0,1,NULL,0,'1'),(29,1251,0,3,1251,1251,1,'','General Manager','<p>The Jb requires one to .........</p>','','','','','','Active',0,1,'Delhi','Delhi','2023-04-01 00:00:00','2023-01-09 11:47:17','2023-01-09 16:59:38',1,13,0,1,NULL,0,'1'),(30,1251,0,3,1251,1251,1,'','Junior Developer','<p>This role requires one to .......</p>','','','','','','Active',0,1,'Delhi','Delhi','2023-09-01 00:00:00','2023-01-09 17:17:39','2023-01-10 11:54:02',1,14,0,1,NULL,0,'1'),(31,1251,0,3,1251,1251,1,'','Sales Manager','','','','','','','Active',1,2,'Delhi','Delhi','2023-04-01 00:00:00','2023-01-10 11:43:14','2023-01-17 10:19:35',1,14,0,1,NULL,0,'1'),(32,1251,0,3,1251,1251,1,'','Cluster Manager','','','','','','','Active',0,1,'Delhi','Delhi','2023-01-02 00:00:00','2023-01-10 12:53:02','2023-01-11 12:15:17',1,0,0,1,NULL,0,'1'),(33,1251,0,3,1251,1251,1,'','Relationship Manager','<p>This Job requires you....</p><p>Eligibility...</p><p>Requirements</p><p>Job description</p>','','','','','','Active',0,1,'Delhi','Delhi','2023-07-01 00:00:00','2023-01-10 13:16:59','2023-01-18 11:36:05',1,0,0,1,1,0,''),(34,1251,0,3,1251,1251,1,'','Division Head','','','','','','','Active',0,1,'Delhi','Delhi','2023-10-01 00:00:00','2023-01-12 13:12:43','2023-01-12 13:12:43',1,13,0,1,NULL,0,'1'),(35,1251,0,3,1251,1251,1,'','HOD IT','','','','','','','Active',0,1,'Delhi','Delhi','2023-10-01 00:00:00','2023-01-12 15:08:23','2023-01-12 15:08:23',0,14,0,1,NULL,0,'1'),(39,1,0,3,1,1,1,'','Manager IT','','','','','','','Active',0,1,'Delhi','Delhi','2023-04-06 00:00:00','2023-01-12 15:44:57','2023-01-23 11:07:26',0,14,0,1,NULL,0,'1'),(38,1,0,3,1,1,1,'','Test for consultants','','','','','','','Active',0,1,'Delhi','Delhi','2023-09-01 00:00:00','2023-01-12 15:31:22','2023-01-16 10:10:52',1,14,0,1,NULL,0,'1'),(40,1251,0,3,1251,1251,1,'','UI-Expert','','','','','','','Active',0,1,'Delhi','Delhi','2023-02-03 00:00:00','2023-02-03 09:14:55','2023-02-03 10:15:06',1,14,0,1,NULL,0,'1'),(41,1252,0,3,1,1252,1,'','Developer','<p>ok</p>','hiring','','','','','Active',0,1,'Delhi','Delhi','2023-02-20 00:00:00','2023-02-20 15:06:52','2023-02-20 15:10:48',0,14,0,1,NULL,0,'1');

--
-- Table structure for table `joborder_email_to_consultants`
--

CREATE TABLE `joborder_email_to_consultants` (
  `id` int(11) NOT NULL AUTO_INCREMENT,
  `joborder_id` int(11) NOT NULL,
  `consultant_id` int(11) NOT NULL,
  `email_sent` int(11) NOT NULL DEFAULT '0',
  `date` datetime NOT NULL,
  PRIMARY KEY (`id`)
) ENGINE=InnoDB AUTO_INCREMENT=35 DEFAULT CHARSET=utf8mb4;

--
-- Dumping data for table `joborder_email_to_consultants`
--

INSERT INTO `joborder_email_to_consultants` VALUES (15,37,5,1,'2023-02-03 09:14:59'),(16,37,6,1,'2023-01-23 11:07:30'),(17,37,4,1,'2023-01-23 11:07:30'),(18,37,2,1,'2023-02-20 15:10:51'),(19,39,5,1,'2023-02-03 09:14:59'),(20,39,6,1,'2023-01-23 11:07:30'),(21,39,4,1,'2023-01-23 11:07:30'),(22,39,2,1,'2023-02-20 15:10:51'),(23,38,5,1,'2023-02-03 09:14:59'),(24,38,6,1,'2023-01-23 11:07:30'),(25,38,4,1,'2023-01-23 11:07:30'),(26,38,2,1,'2023-02-20 15:10:51'),(27,40,5,1,'2023-02-03 09:14:59'),(28,40,6,0,'2023-02-03 09:14:55'),(29,40,4,0,'2023-02-03 09:14:55'),(30,40,2,1,'2023-02-20 15:10:51'),(31,41,5,0,'2023-02-20 15:06:52'),(32,41,6,0,'2023-02-20 15:06:52'),(33,41,4,0,'2023-02-20 15:06:52'),(34,41,2,1,'2023-02-20 15:10:51');

--
-- Table structure for table `module_schema`
--

CREATE TABLE `module_schema` (
  `module_schema_id` int(11) NOT NULL AUTO_INCREMENT,
  `name` varchar(64) COLLATE utf8_unicode_ci DEFAULT NULL,
  `version` int(11) DEFAULT NULL,
  PRIMARY KEY (`module_schema_id`)
) ENGINE=MyISAM AUTO_INCREMENT=25 DEFAULT CHARSET=utf8 COLLATE=utf8_unicode_ci;

--
-- Dumping data for table `module_schema`
--

INSERT INTO `module_schema` VALUES (1,'activity',0),(2,'attachments',0),(3,'calendar',0),(4,'candidates',0),(5,'careers',0),(6,'companies',0),(7,'contacts',0),(8,'export',0),(9,'extension-statistics',1),(10,'graphs',0),(11,'home',0),(12,'import',0),(13,'install',364),(14,'joborders',0),(15,'lists',0),(16,'login',0),(17,'queue',0),(18,'reports',0),(19,'rss',0),(20,'settings',0),(21,'tests',0),(22,'toolbar',0),(23,'wizard',0),(24,'xml',0);

--
-- Table structure for table `mru`
--

CREATE TABLE `mru` (
  `mru_id` int(11) NOT NULL AUTO_INCREMENT,
  `user_id` int(11) DEFAULT NULL,
  `site_id` int(11) NOT NULL DEFAULT '0',
  `data_item_type` int(11) NOT NULL DEFAULT '0',
  `data_item_text` varchar(64) COLLATE utf8_unicode_ci NOT NULL DEFAULT '',
  `url` varchar(255) COLLATE utf8_unicode_ci NOT NULL DEFAULT '',
  `date_created` datetime NOT NULL DEFAULT '1000-01-01 00:00:00',
  PRIMARY KEY (`mru_id`),
  KEY `IDX_user_site` (`user_id`,`site_id`)
) ENGINE=MyISAM AUTO_INCREMENT=1946 DEFAULT CHARSET=utf8 COLLATE=utf8_unicode_ci;

--
-- Dumping data for table `mru`
--

INSERT INTO `mru` VALUES (1856,1251,1,300,'Parul Misra','index.php?m=contacts&amp;a=show&amp;contactID=1','2023-02-06 11:00:28'),(1945,1,1,100,'Sheetal Arora','index.php?m=candidates&amp;a=show&amp;candidateID=12','2023-02-22 11:59:44'),(1346,-1,-1,400,'Territory Manager - UCL','index.php?m=joborders&amp;a=show&amp;jobOrderID=25','2022-12-21 10:53:18'),(1861,1251,1,100,'Viraj Sen','index.php?m=candidates&amp;a=show&amp;candidateID=67','2023-02-07 10:18:31'),(1942,1,1,200,'External Hiring','index.php?m=companies&amp;a=show&amp;companyID=3','2023-02-22 11:48:20'),(1179,1252,1,400,'Territory Manager','index.php?m=joborders&amp;a=show&amp;jobOrderID=13','2022-12-13 12:20:58'),(556,1252,1,400,'Developer','index.php?m=joborders&amp;a=show&amp;jobOrderID=12','2022-11-08 09:24:07'),(1860,1251,1,400,'UI-Expert','index.php?m=joborders&amp;a=show&amp;jobOrderID=40','2023-02-07 10:12:02'),(1169,1252,1,400,'Accountant','index.php?m=joborders&amp;a=show&amp;jobOrderID=18','2022-12-13 04:51:23'),(1347,-1,-1,100,'Chandra Prakash Purohit','index.php?m=candidates&amp;a=show&amp;candidateID=20','2022-12-21 10:54:24'),(1343,-1,-1,400,'Area Credit Manager','index.php?m=joborders&amp;a=show&amp;jobOrderID=27','2022-12-21 10:48:52'),(1348,-1,-1,400,'Territory Manager','index.php?m=joborders&amp;a=show&amp;jobOrderID=13','2022-12-21 10:54:34'),(1349,-1,-1,100,'Sheetal Arora','index.php?m=candidates&amp;a=show&amp;candidateID=12','2022-12-21 10:54:39'),(1943,1,1,300,'Chandra Purohit','index.php?m=contacts&amp;a=show&amp;contactID=6','2023-02-22 11:59:24'),(1944,1,1,200,'Internal Postings','index.php?m=companies&amp;a=show&amp;companyID=1','2023-02-22 11:59:32'),(1941,1,1,400,'Manager IT','index.php?m=joborders&amp;a=show&amp;jobOrderID=39','2023-02-22 11:48:11'),(1589,1255,1,400,'Relationship Manager','index.php?m=joborders&amp;a=show&amp;jobOrderID=33','2023-01-10 15:14:30'),(1598,1255,1,400,'Cluster Manager','index.php?m=joborders&amp;a=show&amp;jobOrderID=32','2023-01-10 15:21:53'),(1844,1251,1,400,'Test for consultants','index.php?m=joborders&amp;a=show&amp;jobOrderID=38','2023-02-03 09:49:32'),(1855,1251,1,200,'Internal Postings','index.php?m=companies&amp;a=show&amp;companyID=1','2023-02-06 10:58:57');

--
-- Table structure for table `queue`
--

CREATE TABLE `queue` (
  `queue_id` int(11) NOT NULL AUTO_INCREMENT,
  `site_id` int(11) NOT NULL,
  `task` varchar(125) NOT NULL,
  `args` text,
  `priority` tinyint(2) NOT NULL DEFAULT '5' COMMENT '1-5, 1 is highest priority',
  `date_created` datetime NOT NULL,
  `date_timeout` datetime NOT NULL,
  `date_completed` datetime DEFAULT NULL,
  `locked` tinyint(1) unsigned NOT NULL DEFAULT '0',
  `error` tinyint(1) unsigned DEFAULT '0',
  `response` varchar(255) DEFAULT NULL,
  PRIMARY KEY (`queue_id`)
) ENGINE=MyISAM DEFAULT CHARSET=utf8;

--
-- Dumping data for table `queue`
--


--
-- Table structure for table `saved_list`
--

CREATE TABLE `saved_list` (
  `saved_list_id` int(11) NOT NULL AUTO_INCREMENT,
  `description` varchar(64) COLLATE utf8_unicode_ci NOT NULL DEFAULT '',
  `data_item_type` int(11) NOT NULL DEFAULT '0',
  `site_id` int(11) NOT NULL DEFAULT '0',
  `is_dynamic` int(1) DEFAULT '0',
  `datagrid_instance` varchar(64) COLLATE utf8_unicode_ci DEFAULT '',
  `parameters` text COLLATE utf8_unicode_ci,
  `created_by` int(11) DEFAULT '0',
  `number_entries` int(11) DEFAULT '0',
  `date_created` datetime DEFAULT NULL,
  `date_modified` datetime DEFAULT NULL,
  PRIMARY KEY (`saved_list_id`),
  KEY `IDX_data_item_type` (`data_item_type`),
  KEY `IDX_description` (`description`),
  KEY `IDX_site_id` (`site_id`)
) ENGINE=MyISAM AUTO_INCREMENT=14 DEFAULT CHARSET=utf8 COLLATE=utf8_unicode_ci;

--
-- Dumping data for table `saved_list`
--

INSERT INTO `saved_list` VALUES (1,'Consultants',400,1,0,'',NULL,1,0,'2022-10-05 16:42:01','2022-10-05 16:42:01'),(2,'Selelected',100,1,0,'',NULL,1,3,'2022-10-10 00:23:23','2022-10-20 11:30:49'),(3,'Responded',100,1,0,'',NULL,1,2,'2022-10-11 05:43:56','2022-10-11 05:44:12'),(4,'Admin-Ad2',400,1,0,'',NULL,1,1,'2022-10-13 10:21:05','2022-10-13 10:21:16'),(5,'Interview Shortlisted',100,1,0,'',NULL,1,4,'2022-10-13 10:51:48','2022-10-28 11:31:34'),(6,'Interview rejected',100,1,0,'',NULL,1,0,'2022-10-13 10:51:56','2022-10-13 10:51:56'),(7,'Backup',100,1,0,'',NULL,1,0,'2022-10-13 10:52:12','2022-10-13 10:52:12'),(8,'rejected Applications',100,1,0,'',NULL,1251,2,'2022-10-28 11:04:53','2022-10-28 11:04:58'),(9,'rejected',100,1,0,'',NULL,1251,15,'2022-12-21 07:21:49','2022-12-21 07:21:54'),(10,'Jan',400,1,0,'',NULL,1251,36,'2023-01-17 17:00:54','2023-01-17 17:00:59'),(11,'Test',200,1,0,'',NULL,1,3,'2023-02-17 11:38:51','2023-02-17 11:39:02'),(13,'test1',200,1,0,'',NULL,1,0,'2023-02-20 23:09:51','2023-02-20 23:09:51');

--
-- Table structure for table `saved_list_entry`
--

CREATE TABLE `saved_list_entry` (
  `saved_list_entry_id` int(11) NOT NULL AUTO_INCREMENT,
  `saved_list_id` int(11) NOT NULL,
  `data_item_type` int(11) NOT NULL DEFAULT '0',
  `data_item_id` int(11) NOT NULL DEFAULT '0',
  `site_id` int(11) NOT NULL DEFAULT '0',
  `date_created` datetime DEFAULT NULL,
  PRIMARY KEY (`saved_list_entry_id`),
  KEY `IDX_type_id` (`data_item_type`,`data_item_id`),
  KEY `IDX_data_item_type` (`data_item_type`),
  KEY `IDX_data_item_id` (`data_item_id`),
  KEY `IDX_hot_list_id` (`saved_list_id`)
) ENGINE=MyISAM AUTO_INCREMENT=67 DEFAULT CHARSET=utf8 COLLATE=utf8_unicode_ci;

--
-- Dumping data for table `saved_list_entry`
--

INSERT INTO `saved_list_entry` VALUES (1,2,100,3,1,'2022-10-10 00:23:29'),(2,3,100,8,1,'2022-10-11 05:44:12'),(3,3,100,9,1,'2022-10-11 05:44:12'),(4,4,400,5,1,'2022-10-13 10:21:16'),(5,5,100,6,1,'2022-10-13 11:14:02'),(6,5,100,7,1,'2022-10-13 11:14:02'),(7,2,100,11,1,'2022-10-20 11:30:49'),(8,2,100,2,1,'2022-10-20 11:30:49'),(9,8,100,6,1,'2022-10-28 11:04:58'),(10,8,100,3,1,'2022-10-28 11:04:58'),(11,5,100,11,1,'2022-10-28 11:31:34'),(12,5,100,5,1,'2022-10-28 11:31:34'),(13,9,100,11,1,'2022-12-21 07:21:54'),(14,9,100,20,1,'2022-12-21 07:21:54'),(15,9,100,38,1,'2022-12-21 07:21:54'),(16,9,100,43,1,'2022-12-21 07:21:54'),(17,9,100,42,1,'2022-12-21 07:21:54'),(18,9,100,41,1,'2022-12-21 07:21:54'),(19,9,100,40,1,'2022-12-21 07:21:54'),(20,9,100,4,1,'2022-12-21 07:21:54'),(21,9,100,39,1,'2022-12-21 07:21:54'),(22,9,100,37,1,'2022-12-21 07:21:54'),(23,9,100,33,1,'2022-12-21 07:21:54'),(24,9,100,36,1,'2022-12-21 07:21:54'),(25,9,100,14,1,'2022-12-21 07:21:54'),(26,9,100,12,1,'2022-12-21 07:21:54'),(27,9,100,2,1,'2022-12-21 07:21:54'),(28,10,400,39,1,'2023-01-17 17:00:59'),(29,10,400,38,1,'2023-01-17 17:00:59'),(30,10,400,35,1,'2023-01-17 17:00:59'),(31,10,400,34,1,'2023-01-17 17:00:59'),(32,10,400,33,1,'2023-01-17 17:00:59'),(33,10,400,32,1,'2023-01-17 17:00:59'),(34,10,400,31,1,'2023-01-17 17:00:59'),(35,10,400,30,1,'2023-01-17 17:00:59'),(36,10,400,29,1,'2023-01-17 17:00:59'),(37,10,400,28,1,'2023-01-17 17:00:59'),(38,10,400,27,1,'2023-01-17 17:00:59'),(39,10,400,26,1,'2023-01-17 17:00:59'),(40,10,400,25,1,'2023-01-17 17:00:59'),(41,10,400,24,1,'2023-01-17 17:00:59'),(42,10,400,23,1,'2023-01-17 17:00:59'),(43,10,400,22,1,'2023-01-17 17:00:59'),(44,10,400,21,1,'2023-01-17 17:00:59'),(45,10,400,20,1,'2023-01-17 17:00:59'),(46,10,400,18,1,'2023-01-17 17:00:59'),(47,10,400,17,1,'2023-01-17 17:00:59'),(48,10,400,16,1,'2023-01-17 17:00:59'),(49,10,400,15,1,'2023-01-17 17:00:59'),(50,10,400,14,1,'2023-01-17 17:00:59'),(51,10,400,13,1,'2023-01-17 17:00:59'),(52,10,400,12,1,'2023-01-17 17:00:59'),(53,10,400,11,1,'2023-01-17 17:00:59'),(54,10,400,10,1,'2023-01-17 17:00:59'),(55,10,400,9,1,'2023-01-17 17:00:59'),(56,10,400,8,1,'2023-01-17 17:00:59'),(57,10,400,7,1,'2023-01-17 17:00:59'),(58,10,400,6,1,'2023-01-17 17:00:59'),(59,10,400,5,1,'2023-01-17 17:00:59'),(60,10,400,4,1,'2023-01-17 17:00:59'),(61,10,400,3,1,'2023-01-17 17:00:59'),(62,10,400,2,1,'2023-01-17 17:00:59'),(63,10,400,1,1,'2023-01-17 17:00:59'),(64,11,200,3,1,'2023-02-17 11:39:02'),(65,11,200,2,1,'2023-02-17 11:39:02'),(66,11,200,1,1,'2023-02-17 11:39:02');

--
-- Table structure for table `saved_search`
--

CREATE TABLE `saved_search` (
  `search_id` int(11) NOT NULL AUTO_INCREMENT,
  `data_item_text` text COLLATE utf8_unicode_ci,
  `url` text COLLATE utf8_unicode_ci,
  `is_custom` int(1) DEFAULT NULL,
  `data_item_type` int(11) DEFAULT NULL,
  `user_id` int(11) DEFAULT NULL,
  `site_id` int(11) DEFAULT NULL,
  `date_created` datetime DEFAULT NULL,
  PRIMARY KEY (`search_id`)
) ENGINE=MyISAM AUTO_INCREMENT=213 DEFAULT CHARSET=utf8 COLLATE=utf8_unicode_ci;

--
-- Dumping data for table `saved_search`
--

INSERT INTO `saved_search` VALUES (89,'parul','/index.php?m=contacts&a=search&getback=getback&mode=searchByFullName&wildCardString=parul&searchContacts=Search&advancedSearchParser=&advancedSearchOn=0',1,300,1,1,'2023-02-10 12:03:37'),(3,'','/index.php?m=candidates&a=search&getback=getback&mode=searchByResume&wildCardString=&searchCandidates=Search&advancedSearchParser=&advancedSearchOn=0',1,100,1251,1,'2022-12-06 04:30:17'),(150,'oko;lkkljghjhf','/index.php?m=contacts&a=search&getback=getback&mode=searchByFullName&wildCardString=oko%3Blkkljghjhf&searchContacts=Search&advancedSearchParser=&advancedSearchOn=0',1,300,1,1,'2023-02-12 20:26:03'),(171,'IT AND JAVA OR C++ AND','/index.php?m=candidates&a=search&getback=getback&mode=searchByKeySkills&wildCardString=IT+AND+JAVA+OR+C%2B%2B+AND+&advancedSearchParser=IT%5B%7C%5D+AND+%7B%5B%2BJAVA%5B%7C%5D+OR+%7B%5B%2BC%2B%2B%5B%7C%5D+AND+%7B%5B%2B%5B%7C%5D&advancedSearchOn=4',0,100,1251,1,'2023-02-17 09:42:39'),(174,'JAVA OR C++ OR UNIX','/index.php?m=candidates&a=search&getback=getback&mode=searchByResume&wildCardString=JAVA+OR+C%2B%2B+OR+UNIX&advancedSearchParser=JAVA%5B%7C%5D+OR+%7B%5B%2BC%2B%2B%5B%7C%5D+OR+%7B%5B%2BUNIX%5B%7C%5D&advancedSearchOn=2',0,100,1251,1,'2023-02-17 09:43:25'),(207,'+81 8025546695 OR asheeshgpt507@gmail.com OR java OR','/index.php?m=candidates&a=search&getback=getback&mode=searchByResume&wildCardString=%2B81+8025546695+OR+asheeshgpt507%40gmail.com+OR+java+OR+&advancedSearchParser=%2B81+8025546695+OR+asheeshgpt507%40gmail.com%5B%7C%5D+OR+%7B%5B%2Bjava%5B%7C%5D+OR+%5B%7C%5D&advancedSearchOn=2',0,100,1,1,'2023-02-18 13:03:29'),(143,'Vijay','/index.php?m=contacts&a=search&getback=getback&mode=searchByTitle&wildCardString=Vijay&searchContacts=Search&advancedSearchParser=&advancedSearchOn=0',1,300,1,1,'2023-02-12 20:02:12'),(153,'akhlaque','/index.php?m=contacts&a=search&getback=getback&mode=searchByFullName&wildCardString=akhlaque&searchContacts=Search&advancedSearchParser=&advancedSearchOn=0',1,300,1,1,'2023-02-12 20:27:01'),(212,'java OR it','/index.php?m=candidates&a=search&getback=getback&mode=searchByResume&wildCardString=java+OR+it&advancedSearchParser=java%5B%7C%5D+OR+%7B%5B%2Bit%5B%7C%5D&advancedSearchOn=1',0,100,1,1,'2023-02-20 09:59:32'),(211,'java OR it','/index.php?m=companies&a=search&getback=getback&mode=searchByKeyTechnologies&wildCardString=java+OR+it&advancedSearchParser=java%5B%7C%5D+OR+%7B%5B%2Bit%5B%7C%5D&advancedSearchOn=3',0,200,1,1,'2023-02-20 09:58:26'),(169,'Developer','/index.php?m=joborders&a=search&getback=getback&mode=searchByJobTitle&wildCardString=Developer&searchJobOrders=Search&advancedSearchParser=&advancedSearchOn=0',0,400,1251,1,'2023-02-17 09:40:30'),(173,'IT AND JAVA OR C++ AND *','/index.php?m=candidates&a=search&getback=getback&mode=searchByKeySkills&wildCardString=IT+AND+JAVA+OR+C%2B%2B+AND+*&searchCandidates=Search&advancedSearchParser=&advancedSearchOn=5',0,100,1251,1,'2023-02-17 09:42:52'),(195,'JAVA AND C++ AND UNIX','/index.php?m=candidates&a=search&getback=getback&mode=searchByResume&wildCardString=JAVA+AND+C%2B%2B+AND+UNIX&advancedSearchParser=JAVA%5B%7C%5D+AND+%7B%5B%2BC%2B%2B%5B%7C%5D+AND+%7B%5B%2BUNIX%5B%7C%5D&advancedSearchOn=4',0,100,1251,1,'2023-02-17 17:43:26'),(210,'ATS A. OR it','/index.php?m=companies&a=search&getback=getback&mode=searchByKeyTechnologies&wildCardString=%09ATS+A.+OR+it&advancedSearchParser=%09ATS+A.%5B%7C%5D+OR+%7B%5B%2Bit%5B%7C%5D&advancedSearchOn=1',0,200,1,1,'2023-02-20 09:58:19'),(209,'java AND IT','/index.php?m=companies&a=search&getback=getback&mode=searchByKeyTechnologies&wildCardString=java+AND+IT&advancedSearchParser=java%5B%7C%5D+AND+%7B%5B%2BIT%5B%7C%5D&advancedSearchOn=3',0,200,1,1,'2023-02-20 09:56:54');

--
-- Table structure for table `settings`
--

CREATE TABLE `settings` (
  `settings_id` int(11) NOT NULL AUTO_INCREMENT,
  `setting` varchar(255) COLLATE utf8_unicode_ci NOT NULL DEFAULT '',
  `value` varchar(255) COLLATE utf8_unicode_ci DEFAULT NULL,
  `site_id` int(11) NOT NULL DEFAULT '0',
  `settings_type` int(11) DEFAULT '0',
  PRIMARY KEY (`settings_id`)
) ENGINE=MyISAM AUTO_INCREMENT=114 DEFAULT CHARSET=utf8 COLLATE=utf8_unicode_ci;

--
-- Dumping data for table `settings`
--

INSERT INTO `settings` VALUES (108,'fromAddress','mayur.mhetre@orane.in',1,1),(2,'fromAddress','mayur.mhetre@orane.in',180,1),(109,'configured','1',1,1),(4,'configured','1',180,1),(5,'enabled','1',1,4),(6,'enabled','1',1,4),(7,'allowBrowse','1',1,4),(8,'candidateRegistration','1',1,4),(9,'showDepartment','1',1,4),(10,'showCompany','1',1,4),(11,'activeBoard','Herofin Careers',1,4),(110,'candidateJoborderStatusSendsMessage','a:11:{i:0;s:1:\"0\";i:100;s:1:\"0\";i:200;i:1;i:250;i:1;i:300;i:1;i:400;i:1;i:500;i:1;i:600;i:1;i:650;s:1:\"0\";i:700;i:1;i:800;i:1;}',1,1),(39,'noAjax',NULL,1,2),(40,'defaultPublic',NULL,1,2),(41,'dayStart','8',1,2),(42,'dayStop','18',1,2),(43,'firstDayMonday','1',1,2),(44,'calendarView','DAYVIEW',1,2),(111,'activeBoard','Herofin Careers',1,4),(112,'activeBoard','Copy of Blank Page',1,4),(113,'activeBoard','Herofin Careers',1,4);

--
-- Table structure for table `site`
--

CREATE TABLE `site` (
  `site_id` int(11) NOT NULL AUTO_INCREMENT,
  `name` varchar(255) COLLATE utf8_unicode_ci NOT NULL DEFAULT '',
  `is_demo` int(1) NOT NULL DEFAULT '0',
  `user_licenses` int(11) NOT NULL DEFAULT '0',
  `entered_by` int(11) NOT NULL DEFAULT '0',
  `date_created` datetime NOT NULL DEFAULT '1000-01-01 00:00:00',
  `unix_name` varchar(128) CHARACTER SET utf8 DEFAULT NULL,
  `company_id` int(11) DEFAULT NULL,
  `is_free` int(1) DEFAULT NULL,
  `account_active` int(1) NOT NULL DEFAULT '1',
  `account_deleted` int(1) NOT NULL DEFAULT '0',
  `reason_disabled` text CHARACTER SET utf8,
  `time_zone` int(5) DEFAULT '0',
  `time_format_24` int(1) DEFAULT '0',
  `date_format_ddmmyy` int(1) DEFAULT '0',
  `is_hr_mode` int(1) DEFAULT '0',
  `file_size_kb` int(11) DEFAULT '0',
  `page_views` bigint(20) DEFAULT '0',
  `page_view_days` int(11) DEFAULT '0',
  `last_viewed_day` date DEFAULT NULL,
  `first_time_setup` tinyint(4) DEFAULT '0',
  `localization_configured` int(1) DEFAULT '0',
  `agreed_to_license` int(1) DEFAULT '0',
  `limit_warning` tinyint(1) NOT NULL DEFAULT '0',
  PRIMARY KEY (`site_id`),
  KEY `IDX_account_deleted` (`account_deleted`)
) ENGINE=MyISAM AUTO_INCREMENT=181 DEFAULT CHARSET=utf8 COLLATE=utf8_unicode_ci;

--
-- Dumping data for table `site`
--

INSERT INTO `site` VALUES (1,'Herofin',0,0,0,'2005-06-01 00:00:00',NULL,NULL,0,1,0,NULL,-5,0,1,0,9796,14947,106,'2023-02-22',0,0,1,0),(180,'CATS_ADMIN',0,0,0,'2005-06-01 00:00:00','catsadmin',NULL,0,1,0,NULL,-5,0,1,0,0,0,0,NULL,0,0,0,0);

--
-- Table structure for table `sph_counter`
--

CREATE TABLE `sph_counter` (
  `counter_id` int(11) NOT NULL,
  `max_doc_id` int(11) NOT NULL,
  PRIMARY KEY (`counter_id`)
) ENGINE=MyISAM DEFAULT CHARSET=utf8;

--
-- Dumping data for table `sph_counter`
--


--
-- Table structure for table `system`
--

CREATE TABLE `system` (
  `system_id` int(20) NOT NULL DEFAULT '0',
  `uid` int(20) DEFAULT NULL,
  `available_version` int(11) DEFAULT '0',
  `date_version_checked` datetime NOT NULL DEFAULT '1000-01-01 00:00:00',
  `available_version_description` text COLLATE utf8_unicode_ci,
  `disable_version_check` int(1) DEFAULT '0',
  PRIMARY KEY (`system_id`)
) ENGINE=MyISAM DEFAULT CHARSET=utf8 COLLATE=utf8_unicode_ci;

--
-- Dumping data for table `system`
--

INSERT INTO `system` VALUES (0,2618174,900,'2009-11-19 00:00:00','',1);

--
-- Table structure for table `tag`
--

CREATE TABLE `tag` (
  `tag_id` int(10) unsigned NOT NULL AUTO_INCREMENT,
  `tag_parent_id` int(10) unsigned DEFAULT NULL,
  `title` varchar(255) COLLATE utf8_unicode_ci DEFAULT NULL,
  `description` varchar(500) COLLATE utf8_unicode_ci DEFAULT NULL,
  `site_id` int(11) unsigned DEFAULT NULL,
  `date_created` timestamp NULL DEFAULT CURRENT_TIMESTAMP,
  PRIMARY KEY (`tag_id`)
) ENGINE=MyISAM AUTO_INCREMENT=96 DEFAULT CHARSET=utf8 COLLATE=utf8_unicode_ci;

--
-- Dumping data for table `tag`
--

INSERT INTO `tag` VALUES (95,NULL,'BlackListed','-',1,'2023-01-12 10:41:17');

--
-- Table structure for table `user_login`
--

CREATE TABLE `user_login` (
  `user_login_id` int(11) NOT NULL AUTO_INCREMENT,
  `user_id` int(11) DEFAULT NULL,
  `site_id` int(11) NOT NULL DEFAULT '0',
  `ip` varchar(128) COLLATE utf8_unicode_ci NOT NULL DEFAULT '',
  `user_agent` varchar(255) COLLATE utf8_unicode_ci DEFAULT NULL,
  `date` datetime NOT NULL DEFAULT '1000-01-01 00:00:00',
  `successful` int(1) NOT NULL DEFAULT '0',
  `host` varchar(255) COLLATE utf8_unicode_ci DEFAULT NULL,
  `date_refreshed` datetime DEFAULT NULL,
  PRIMARY KEY (`user_login_id`),
  KEY `IDX_user_id` (`user_id`),
  KEY `IDX_ip` (`ip`),
  KEY `IDX_date` (`date`),
  KEY `IDX_date_refreshed` (`date_refreshed`),
  KEY `IDX_site_id_date` (`site_id`,`date`),
  KEY `IDX_successful_site_id` (`successful`,`site_id`)
) ENGINE=MyISAM AUTO_INCREMENT=1031 DEFAULT CHARSET=utf8 COLLATE=utf8_unicode_ci;

--
-- Dumping data for table `user_login`
--

INSERT INTO `user_login` VALUES (1,1,1,'127.0.0.1','Mozilla/5.0 (Windows; U; Windows NT 5.1; en-US; rv:1.9.1.5) Gecko/20091102 Firefox/3.5.5','2009-11-19 09:59:57',1,'127.0.0.1','2009-11-20 14:29:36'),(2,1,1,'103.149.126.6','Mozilla/5.0 (X11; Linux x86_64) AppleWebKit/537.36 (KHTML, like Gecko) Chrome/106.0.0.0 Safari/537.36','2022-10-04 06:09:19',0,'103.149.126.6','2022-10-04 06:09:19'),(3,1,1,'103.149.126.6','Mozilla/5.0 (X11; Linux x86_64) AppleWebKit/537.36 (KHTML, like Gecko) Chrome/106.0.0.0 Safari/537.36','2022-10-04 06:09:27',1,'103.149.126.6','2022-10-04 12:35:07'),(4,1,1,'106.217.116.211','Mozilla/5.0 (Linux; Android 12; SM-G781B) AppleWebKit/537.36 (KHTML, like Gecko) Chrome/106.0.0.0 Mobile Safari/537.36','2022-10-04 06:10:52',1,'106.217.116.211','2022-10-04 06:38:13'),(5,1,1,'103.79.255.46','Mozilla/5.0 (Windows NT 10.0; Win64; x64) AppleWebKit/537.36 (KHTML, like Gecko) Chrome/106.0.0.0 Safari/537.36 Edg/106.0.1370.34','2022-10-05 15:21:03',1,'103.79.255.46','2022-10-05 16:21:55'),(6,1251,1,'103.79.255.46','Mozilla/5.0 (Windows NT 10.0; Win64; x64) AppleWebKit/537.36 (KHTML, like Gecko) Chrome/106.0.0.0 Safari/537.36 Edg/106.0.1370.34','2022-10-05 16:22:05',1,'103.79.255.46','2022-10-05 16:25:12'),(7,1,1,'103.79.255.46','Mozilla/5.0 (Windows NT 10.0; Win64; x64) AppleWebKit/537.36 (KHTML, like Gecko) Chrome/106.0.0.0 Safari/537.36 Edg/106.0.1370.34','2022-10-05 16:25:20',1,'103.79.255.46','2022-10-05 16:48:48'),(8,1,1,'223.178.157.25','Mozilla/5.0 (X11; Linux x86_64) AppleWebKit/537.36 (KHTML, like Gecko) Chrome/106.0.0.0 Safari/537.36','2022-10-06 03:46:48',1,'223.178.157.25','2022-10-06 10:34:42'),(9,1,1,'157.37.171.55','Mozilla/5.0 (Linux; Android 12; SM-M515F) AppleWebKit/537.36 (KHTML, like Gecko) Chrome/105.0.0.0 Mobile Safari/537.36','2022-10-06 05:44:28',0,'157.37.171.55','2022-10-06 05:44:28'),(10,1251,1,'157.37.171.55','Mozilla/5.0 (Linux; Android 12; SM-M515F) AppleWebKit/537.36 (KHTML, like Gecko) Chrome/105.0.0.0 Mobile Safari/537.36','2022-10-06 05:44:57',1,'157.37.171.55','2022-10-06 07:32:13'),(11,1,1,'103.149.126.6','Mozilla/5.0 (X11; Linux x86_64) AppleWebKit/537.36 (KHTML, like Gecko) Chrome/106.0.0.0 Safari/537.36','2022-10-06 11:34:13',1,'103.149.126.6','2022-10-06 12:30:36'),(12,1,1,'103.149.126.6','Mozilla/5.0 (X11; Linux x86_64) AppleWebKit/537.36 (KHTML, like Gecko) Chrome/106.0.0.0 Safari/537.36','2022-10-07 03:47:57',1,'103.149.126.6','2022-10-07 08:40:49'),(13,1,1,'106.211.125.26','Mozilla/5.0 (X11; Linux x86_64) AppleWebKit/537.36 (KHTML, like Gecko) Chrome/106.0.0.0 Safari/537.36','2022-10-07 08:40:54',1,'106.211.125.26','2022-10-07 10:16:10'),(14,1,1,'106.211.125.26','Mozilla/5.0 (X11; Linux x86_64) AppleWebKit/537.36 (KHTML, like Gecko) Chrome/106.0.0.0 Safari/537.36','2022-10-07 10:17:26',1,'106.211.125.26','2022-10-07 12:37:51'),(15,1,1,'171.76.81.85','Mozilla/5.0 (Windows NT 10.0; Win64; x64) AppleWebKit/537.36 (KHTML, like Gecko) Chrome/106.0.0.0 Safari/537.36 Edg/106.0.1370.34','2022-10-10 00:13:08',1,'171.76.81.85','2022-10-10 08:24:04'),(16,1,1,'103.149.126.6','Mozilla/5.0 (X11; Linux x86_64) AppleWebKit/537.36 (KHTML, like Gecko) Chrome/106.0.0.0 Safari/537.36','2022-10-10 03:38:28',1,'103.149.126.6','2022-10-10 06:26:54'),(17,1,1,'171.76.81.85','Mozilla/5.0 (Windows NT 10.0; Win64; x64) AppleWebKit/537.36 (KHTML, like Gecko) Chrome/106.0.0.0 Safari/537.36 Edg/106.0.1370.34','2022-10-10 08:24:11',1,'171.76.81.85','2022-10-19 05:43:11'),(18,1251,1,'106.202.83.58','Mozilla/5.0 (Linux; Android 12; SM-M515F) AppleWebKit/537.36 (KHTML, like Gecko) Chrome/105.0.0.0 Mobile Safari/537.36','2022-10-11 07:18:32',1,'106.202.83.58','2022-10-12 08:27:13'),(19,1,1,'103.149.126.6','Mozilla/5.0 (X11; Linux x86_64) AppleWebKit/537.36 (KHTML, like Gecko) Chrome/106.0.0.0 Safari/537.36','2022-10-11 10:32:27',1,'103.149.126.6','2022-10-11 10:34:30'),(20,1,1,'103.149.126.6','Mozilla/5.0 (X11; Linux x86_64) AppleWebKit/537.36 (KHTML, like Gecko) Chrome/106.0.0.0 Safari/537.36','2022-10-19 06:24:28',1,'103.149.126.6','2022-10-19 06:24:40'),(21,1,1,'171.76.80.243','Mozilla/5.0 (Windows NT 10.0; Win64; x64) AppleWebKit/537.36 (KHTML, like Gecko) Chrome/106.0.0.0 Safari/537.36 Edg/106.0.1370.47','2022-10-20 06:35:28',1,'171.76.80.243','2022-10-31 06:13:59'),(22,1,1,'171.76.80.243','Mozilla/5.0 (Windows NT 10.0; Win64; x64) AppleWebKit/537.36 (KHTML, like Gecko) Chrome/106.0.0.0 Safari/537.36','2022-10-20 06:42:57',1,'171.76.80.243','2022-10-27 12:14:36'),(23,1,1,'103.149.126.6','Mozilla/5.0 (X11; Linux x86_64) AppleWebKit/537.36 (KHTML, like Gecko) Chrome/106.0.0.0 Safari/537.36','2022-10-21 05:07:41',1,'103.149.126.6','2022-10-21 05:07:41'),(24,1,1,'103.149.126.6','Mozilla/5.0 (X11; Linux x86_64) AppleWebKit/537.36 (KHTML, like Gecko) Chrome/106.0.0.0 Safari/537.36','2022-10-21 05:07:49',1,'103.149.126.6','2022-10-21 05:07:49'),(25,1,1,'203.192.238.59','Mozilla/5.0 (Linux; Android 11; SM-M315F) AppleWebKit/537.36 (KHTML, like Gecko) Chrome/106.0.0.0 Mobile Safari/537.36','2022-10-22 12:44:34',1,'203.192.238.59','2022-10-22 12:44:58'),(26,1,1,'106.220.193.97','Mozilla/5.0 (X11; Linux x86_64) AppleWebKit/537.36 (KHTML, like Gecko) Chrome/106.0.0.0 Safari/537.36','2022-10-27 06:09:06',1,'106.220.193.97','2022-10-27 12:36:26'),(27,1,1,'203.194.98.139','Mozilla/5.0 (Linux; Android 11; SM-M315F) AppleWebKit/537.36 (KHTML, like Gecko) Chrome/106.0.0.0 Mobile Safari/537.36','2022-10-27 07:49:36',1,'203.194.98.139','2022-10-27 07:49:54'),(28,1251,1,'171.76.87.63','Mozilla/5.0 (Windows NT 10.0; Win64; x64) AppleWebKit/537.36 (KHTML, like Gecko) Chrome/106.0.0.0 Safari/537.36','2022-10-27 12:14:49',1,'171.76.87.63','2022-10-27 12:14:50'),(29,1251,1,'171.76.87.63','Mozilla/5.0 (Windows NT 10.0; Win64; x64) AppleWebKit/537.36 (KHTML, like Gecko) Chrome/106.0.0.0 Safari/537.36','2022-10-27 12:14:50',1,'171.76.87.63','2022-11-01 06:41:40'),(30,1,1,'103.149.126.6','Mozilla/5.0 (X11; Linux x86_64) AppleWebKit/537.36 (KHTML, like Gecko) Chrome/106.0.0.0 Safari/537.36','2022-10-29 11:00:18',1,'103.149.126.6','2022-10-29 11:00:41'),(31,1,1,'203.194.98.113','Mozilla/5.0 (Linux; Android 11; SM-M315F) AppleWebKit/537.36 (KHTML, like Gecko) Chrome/106.0.0.0 Mobile Safari/537.36','2022-11-01 13:29:44',1,'203.194.98.113','2022-11-01 13:31:01'),(32,1,1,'103.149.126.6','Mozilla/5.0 (X11; Linux x86_64) AppleWebKit/537.36 (KHTML, like Gecko) Chrome/106.0.0.0 Safari/537.36','2022-11-02 07:18:15',1,'103.149.126.6','2022-11-02 09:53:14'),(33,1,1,'171.76.87.121','Mozilla/5.0 (Windows NT 10.0; Win64; x64) AppleWebKit/537.36 (KHTML, like Gecko) Chrome/106.0.0.0 Safari/537.36','2022-11-02 08:35:47',1,'171.76.87.121','2022-11-02 08:36:12'),(34,1,1,'103.149.126.6','Mozilla/5.0 (X11; Linux x86_64) AppleWebKit/537.36 (KHTML, like Gecko) Chrome/106.0.0.0 Safari/537.36','2022-11-02 12:10:58',1,'103.149.126.6','2022-11-02 12:13:18'),(35,1251,1,'171.76.87.121','Mozilla/5.0 (Windows NT 10.0; Win64; x64) AppleWebKit/537.36 (KHTML, like Gecko) Chrome/106.0.0.0 Safari/537.36','2022-11-02 16:49:56',1,'171.76.87.121','2022-11-02 17:25:29'),(36,1251,1,'171.76.87.121','Mozilla/5.0 (Windows NT 10.0; Win64; x64) AppleWebKit/537.36 (KHTML, like Gecko) Chrome/106.0.0.0 Safari/537.36','2022-11-03 03:57:06',1,'171.76.87.121','2022-11-03 04:38:32'),(37,1251,1,'171.76.87.121','Mozilla/5.0 (Windows NT 10.0; Win64; x64) AppleWebKit/537.36 (KHTML, like Gecko) Chrome/106.0.0.0 Safari/537.36','2022-11-03 05:21:30',1,'171.76.87.121','2022-11-03 05:41:02'),(38,1251,1,'171.76.87.121','Mozilla/5.0 (Windows NT 10.0; Win64; x64) AppleWebKit/537.36 (KHTML, like Gecko) Chrome/106.0.0.0 Safari/537.36','2022-11-03 06:12:15',1,'171.76.87.121','2022-11-03 07:00:22'),(39,1,1,'103.149.126.6','Mozilla/5.0 (X11; Linux x86_64) AppleWebKit/537.36 (KHTML, like Gecko) Chrome/106.0.0.0 Safari/537.36','2022-11-03 06:49:03',1,'103.149.126.6','2022-11-03 06:49:03'),(40,1,1,'103.149.126.6','Mozilla/5.0 (X11; Linux x86_64) AppleWebKit/537.36 (KHTML, like Gecko) Chrome/106.0.0.0 Safari/537.36','2022-11-03 08:39:39',1,'103.149.126.6','2022-11-03 08:39:39'),(41,1,1,'103.149.126.6','Mozilla/5.0 (X11; Linux x86_64) AppleWebKit/537.36 (KHTML, like Gecko) Chrome/106.0.0.0 Safari/537.36','2022-11-03 09:23:55',1,'103.149.126.6','2022-11-03 10:08:44'),(42,1251,1,'171.76.87.121','Mozilla/5.0 (Windows NT 10.0; Win64; x64) AppleWebKit/537.36 (KHTML, like Gecko) Chrome/106.0.0.0 Safari/537.36','2022-11-03 09:25:45',1,'171.76.87.121','2022-11-03 09:26:52'),(43,1251,1,'171.76.87.121','Mozilla/5.0 (Windows NT 10.0; Win64; x64) AppleWebKit/537.36 (KHTML, like Gecko) Chrome/106.0.0.0 Safari/537.36','2022-11-03 10:43:17',1,'171.76.87.121','2022-11-03 10:58:37'),(44,1,1,'106.220.155.11','Mozilla/5.0 (X11; Linux x86_64) AppleWebKit/537.36 (KHTML, like Gecko) Chrome/106.0.0.0 Safari/537.36','2022-11-03 10:44:49',1,'106.220.155.11','2022-11-03 10:44:50'),(45,1,1,'182.64.14.231','Mozilla/5.0 (X11; Linux x86_64) AppleWebKit/537.36 (KHTML, like Gecko) Chrome/106.0.0.0 Safari/537.36','2022-11-03 11:55:14',1,'182.64.14.231','2022-11-03 11:55:15'),(46,1,1,'103.149.126.6','Mozilla/5.0 (X11; Linux x86_64) AppleWebKit/537.36 (KHTML, like Gecko) Chrome/106.0.0.0 Safari/537.36','2022-11-04 04:41:23',1,'103.149.126.6','2022-11-04 04:41:23'),(47,1,1,'103.149.126.6','Mozilla/5.0 (X11; Linux x86_64) AppleWebKit/537.36 (KHTML, like Gecko) Chrome/106.0.0.0 Safari/537.36','2022-11-04 05:42:17',1,'103.149.126.6','2022-11-04 05:51:09'),(48,1,1,'103.149.126.6','Mozilla/5.0 (X11; Linux x86_64) AppleWebKit/537.36 (KHTML, like Gecko) Chrome/106.0.0.0 Safari/537.36','2022-11-04 05:46:09',1,'103.149.126.6','2022-11-04 06:13:39'),(49,1,1,'103.149.126.6','Mozilla/5.0 (X11; Linux x86_64) AppleWebKit/537.36 (KHTML, like Gecko) Chrome/106.0.0.0 Safari/537.36','2022-11-04 07:09:24',1,'103.149.126.6','2022-11-04 09:02:29'),(50,1,1,'103.149.126.6','Mozilla/5.0 (X11; Linux x86_64) AppleWebKit/537.36 (KHTML, like Gecko) Chrome/106.0.0.0 Safari/537.36','2022-11-04 07:13:56',1,'103.149.126.6','2022-11-04 07:16:22'),(51,1251,1,'171.76.87.121','Mozilla/5.0 (Windows NT 10.0; Win64; x64) AppleWebKit/537.36 (KHTML, like Gecko) Chrome/106.0.0.0 Safari/537.36','2022-11-04 07:54:16',1,'171.76.87.121','2022-11-04 07:56:59'),(52,1,1,'103.149.126.6','Mozilla/5.0 (X11; Linux x86_64) AppleWebKit/537.36 (KHTML, like Gecko) Chrome/106.0.0.0 Safari/537.36','2022-11-04 08:33:31',1,'103.149.126.6','2022-11-04 09:42:15'),(53,1,1,'103.149.126.6','Mozilla/5.0 (X11; Linux x86_64) AppleWebKit/537.36 (KHTML, like Gecko) Chrome/106.0.0.0 Safari/537.36','2022-11-04 09:42:22',1,'103.149.126.6','2022-11-04 09:52:20'),(54,1,1,'103.149.126.6','Mozilla/5.0 (X11; Linux x86_64) AppleWebKit/537.36 (KHTML, like Gecko) Chrome/106.0.0.0 Safari/537.36','2022-11-04 09:52:27',1,'103.149.126.6','2022-11-04 09:57:38'),(55,1,1,'103.149.126.6','Mozilla/5.0 (X11; Linux x86_64) AppleWebKit/537.36 (KHTML, like Gecko) Chrome/106.0.0.0 Safari/537.36','2022-11-04 09:57:46',1,'103.149.126.6','2022-11-04 11:44:20'),(56,1,1,'103.149.126.6','Mozilla/5.0 (X11; Linux x86_64) AppleWebKit/537.36 (KHTML, like Gecko) Chrome/106.0.0.0 Safari/537.36','2022-11-04 10:33:36',1,'103.149.126.6','2022-11-04 10:41:54'),(57,1251,1,'171.76.87.121','Mozilla/5.0 (Windows NT 10.0; Win64; x64) AppleWebKit/537.36 (KHTML, like Gecko) Chrome/106.0.0.0 Safari/537.36','2022-11-04 11:05:33',1,'171.76.87.121','2022-11-04 11:07:49'),(58,1,1,'103.149.126.6','Mozilla/5.0 (X11; Linux x86_64) AppleWebKit/537.36 (KHTML, like Gecko) Chrome/106.0.0.0 Safari/537.36','2022-11-04 11:17:06',1,'103.149.126.6','2022-11-04 11:42:34'),(59,1,1,'103.149.126.6','Mozilla/5.0 (X11; Linux x86_64) AppleWebKit/537.36 (KHTML, like Gecko) Chrome/106.0.0.0 Safari/537.36','2022-11-04 11:44:40',1,'103.149.126.6','2022-11-04 12:11:51'),(60,1251,1,'171.76.87.121','Mozilla/5.0 (Windows NT 10.0; Win64; x64) AppleWebKit/537.36 (KHTML, like Gecko) Chrome/107.0.0.0 Safari/537.36 Edg/107.0.1418.26','2022-11-04 12:03:49',1,'171.76.87.121','2022-11-04 12:06:47'),(61,1252,1,'171.76.87.121','Mozilla/5.0 (Windows NT 10.0; Win64; x64) AppleWebKit/537.36 (KHTML, like Gecko) Chrome/106.0.0.0 Safari/537.36','2022-11-04 12:05:55',1,'171.76.87.121','2022-11-04 12:05:55'),(62,1252,1,'171.76.87.121','Mozilla/5.0 (Windows NT 10.0; Win64; x64) AppleWebKit/537.36 (KHTML, like Gecko) Chrome/106.0.0.0 Safari/537.36','2022-11-04 12:05:55',1,'171.76.87.121','2022-11-04 12:05:55'),(63,1251,1,'116.50.59.203','Mozilla/5.0 (Windows NT 10.0; Win64; x64) AppleWebKit/537.36 (KHTML, like Gecko) Chrome/106.0.0.0 Safari/537.36','2022-11-04 13:03:55',1,'116.50.59.203','2022-11-04 13:13:29'),(64,1251,1,'171.76.87.121','Mozilla/5.0 (Windows NT 10.0; Win64; x64) AppleWebKit/537.36 (KHTML, like Gecko) Chrome/106.0.0.0 Safari/537.36','2022-11-06 16:53:44',1,'171.76.87.121','2022-11-06 16:56:02'),(65,1,1,'103.149.126.6','Mozilla/5.0 (X11; Linux x86_64) AppleWebKit/537.36 (KHTML, like Gecko) Chrome/106.0.0.0 Safari/537.36','2022-11-07 05:00:45',1,'103.149.126.6','2022-11-07 05:00:45'),(66,1251,1,'171.76.87.121','Mozilla/5.0 (Windows NT 10.0; Win64; x64) AppleWebKit/537.36 (KHTML, like Gecko) Chrome/107.0.0.0 Safari/537.36 Edg/107.0.1418.26','2022-11-07 07:21:03',1,'171.76.87.121','2022-11-07 08:13:24'),(67,1,1,'203.192.238.205','Mozilla/5.0 (Windows NT 10.0; Win64; x64) AppleWebKit/537.36 (KHTML, like Gecko) Chrome/107.0.0.0 Safari/537.36','2022-11-07 07:24:02',1,'203.192.238.205','2022-11-07 07:59:08'),(68,1251,1,'171.76.87.121','Mozilla/5.0 (Windows NT 10.0; Win64; x64) AppleWebKit/537.36 (KHTML, like Gecko) Chrome/106.0.0.0 Safari/537.36','2022-11-07 07:31:11',1,'171.76.87.121','2022-11-07 07:40:54'),(69,1,1,'220.246.250.193','Mozilla/5.0 (Windows NT 10.0; Win64; x64) AppleWebKit/537.36 (KHTML, like Gecko) Chrome/106.0.0.0 Safari/537.36','2022-11-07 08:12:26',0,'220.246.250.193','2022-11-07 08:12:26'),(70,1,1,'103.149.126.6','Mozilla/5.0 (X11; Linux x86_64) AppleWebKit/537.36 (KHTML, like Gecko) Chrome/106.0.0.0 Safari/537.36','2022-11-07 08:48:55',1,'103.149.126.6','2022-11-07 10:23:36'),(71,1,1,'103.149.126.6','Mozilla/5.0 (X11; Linux x86_64) AppleWebKit/537.36 (KHTML, like Gecko) Chrome/106.0.0.0 Safari/537.36','2022-11-07 08:51:13',1,'103.149.126.6','2022-11-07 09:14:12'),(72,1,1,'103.149.126.6','Mozilla/5.0 (X11; Linux x86_64) AppleWebKit/537.36 (KHTML, like Gecko) Chrome/106.0.0.0 Safari/537.36','2022-11-07 09:40:42',1,'103.149.126.6','2022-11-07 11:17:03'),(73,1251,1,'171.76.87.121','Mozilla/5.0 (Windows NT 10.0; Win64; x64) AppleWebKit/537.36 (KHTML, like Gecko) Chrome/106.0.0.0 Safari/537.36','2022-11-07 11:36:36',1,'171.76.87.121','2022-11-07 11:39:15'),(74,1,1,'103.149.126.6','Mozilla/5.0 (X11; Linux x86_64) AppleWebKit/537.36 (KHTML, like Gecko) Chrome/106.0.0.0 Safari/537.36','2022-11-07 12:14:11',1,'103.149.126.6','2022-11-07 12:14:27'),(75,1251,1,'171.76.87.121','Mozilla/5.0 (Windows NT 10.0; Win64; x64) AppleWebKit/537.36 (KHTML, like Gecko) Chrome/106.0.0.0 Safari/537.36','2022-11-07 12:23:50',1,'171.76.87.121','2022-11-07 12:24:16'),(76,1,1,'103.149.126.6','Mozilla/5.0 (X11; Linux x86_64) AppleWebKit/537.36 (KHTML, like Gecko) Chrome/106.0.0.0 Safari/537.36','2022-11-07 12:37:16',1,'103.149.126.6','2022-11-07 12:37:16'),(77,1,1,'152.57.39.219','Mozilla/5.0 (Windows NT 10.0; Win64; x64) AppleWebKit/537.36 (KHTML, like Gecko) Chrome/107.0.0.0 Safari/537.36','2022-11-08 04:48:58',1,'152.57.39.219','2022-11-08 04:49:42'),(78,1,1,'103.149.126.6','Mozilla/5.0 (X11; Linux x86_64) AppleWebKit/537.36 (KHTML, like Gecko) Chrome/106.0.0.0 Safari/537.36','2022-11-08 05:48:51',1,'103.149.126.6','2022-11-08 06:46:11'),(79,1251,1,'171.76.84.90','Mozilla/5.0 (Windows NT 10.0; Win64; x64) AppleWebKit/537.36 (KHTML, like Gecko) Chrome/106.0.0.0 Safari/537.36','2022-11-08 06:20:48',1,'171.76.84.90','2022-11-08 06:40:16'),(80,1,1,'103.149.126.6','Mozilla/5.0 (X11; Linux x86_64) AppleWebKit/537.36 (KHTML, like Gecko) Chrome/106.0.0.0 Safari/537.36','2022-11-08 06:49:58',1,'103.149.126.6','2022-11-08 06:49:58'),(81,1,1,'203.194.104.191','Mozilla/5.0 (Windows NT 10.0; Win64; x64) AppleWebKit/537.36 (KHTML, like Gecko) Chrome/107.0.0.0 Safari/537.36','2022-11-08 08:10:23',1,'203.194.104.191','2022-11-08 08:51:26'),(82,1,1,'103.149.126.6','Mozilla/5.0 (X11; Linux x86_64) AppleWebKit/537.36 (KHTML, like Gecko) Chrome/106.0.0.0 Safari/537.36','2022-11-08 08:37:07',1,'103.149.126.6','2022-11-08 08:42:49'),(83,1,1,'103.149.126.6','Mozilla/5.0 (X11; Linux x86_64) AppleWebKit/537.36 (KHTML, like Gecko) Chrome/106.0.0.0 Safari/537.36','2022-11-08 08:42:54',1,'103.149.126.6','2022-11-08 08:44:58'),(84,1252,1,'203.194.104.191','Mozilla/5.0 (Windows NT 10.0; Win64; x64) AppleWebKit/537.36 (KHTML, like Gecko) Chrome/107.0.0.0 Safari/537.36','2022-11-08 08:51:41',0,'203.194.104.191','2022-11-08 08:51:41'),(85,1,1,'203.194.104.191','Mozilla/5.0 (Windows NT 10.0; Win64; x64) AppleWebKit/537.36 (KHTML, like Gecko) Chrome/107.0.0.0 Safari/537.36','2022-11-08 08:51:45',1,'203.194.104.191','2022-11-08 09:20:04'),(86,1252,1,'171.76.84.90','Mozilla/5.0 (Windows NT 10.0; Win64; x64) AppleWebKit/537.36 (KHTML, like Gecko) Chrome/106.0.0.0 Safari/537.36','2022-11-08 09:23:52',1,'171.76.84.90','2022-11-08 09:27:19'),(87,1,1,'103.149.126.6','Mozilla/5.0 (X11; Linux x86_64) AppleWebKit/537.36 (KHTML, like Gecko) Chrome/106.0.0.0 Safari/537.36','2022-11-08 10:12:46',1,'103.149.126.6','2022-11-08 10:36:26'),(88,1,1,'103.149.126.6','Mozilla/5.0 (X11; Linux x86_64) AppleWebKit/537.36 (KHTML, like Gecko) Chrome/106.0.0.0 Safari/537.36','2022-11-08 11:40:39',1,'103.149.126.6','2022-11-08 11:49:39'),(89,1251,1,'171.76.84.90','Mozilla/5.0 (Windows NT 10.0; Win64; x64) AppleWebKit/537.36 (KHTML, like Gecko) Chrome/106.0.0.0 Safari/537.36','2022-11-09 05:19:10',1,'171.76.84.90','2022-11-09 05:28:15'),(90,1251,1,'125.19.12.236','Mozilla/5.0 (Windows NT 10.0; Win64; x64) AppleWebKit/537.36 (KHTML, like Gecko) Chrome/107.0.0.0 Safari/537.36','2022-11-09 06:10:05',1,'125.19.12.236','2022-11-09 07:04:36'),(91,1251,1,'171.76.84.90','Mozilla/5.0 (Windows NT 10.0; Win64; x64) AppleWebKit/537.36 (KHTML, like Gecko) Chrome/106.0.0.0 Safari/537.36','2022-11-09 06:20:47',1,'171.76.84.90','2022-11-09 06:34:45'),(92,1,1,'203.194.104.191','Mozilla/5.0 (Windows NT 10.0; Win64; x64) AppleWebKit/537.36 (KHTML, like Gecko) Chrome/107.0.0.0 Safari/537.36','2022-11-09 06:29:58',1,'203.194.104.191','2022-11-09 07:36:00'),(93,1251,1,'171.76.84.90','Mozilla/5.0 (Windows NT 10.0; Win64; x64) AppleWebKit/537.36 (KHTML, like Gecko) Chrome/106.0.0.0 Safari/537.36','2022-11-09 06:38:41',1,'171.76.84.90','2022-11-09 06:49:13'),(94,1251,1,'125.19.12.235','Mozilla/5.0 (Windows NT 10.0; Win64; x64) AppleWebKit/537.36 (KHTML, like Gecko) Chrome/107.0.0.0 Safari/537.36','2022-11-09 07:39:44',1,'125.19.12.235','2022-11-09 07:46:47'),(95,1,1,'49.36.187.40','Mozilla/5.0 (Windows NT 10.0; Win64; x64) AppleWebKit/537.36 (KHTML, like Gecko) Chrome/107.0.0.0 Safari/537.36','2022-11-09 07:47:35',1,'49.36.187.40','2022-11-09 07:48:18'),(96,1,1,'203.194.104.191','Mozilla/5.0 (Windows NT 10.0; Win64; x64) AppleWebKit/537.36 (KHTML, like Gecko) Chrome/107.0.0.0 Safari/537.36','2022-11-09 08:54:08',1,'203.194.104.191','2022-11-09 08:54:16'),(97,1251,1,'14.143.8.220','Mozilla/5.0 (Windows NT 10.0; Win64; x64) AppleWebKit/537.36 (KHTML, like Gecko) Chrome/107.0.0.0 Safari/537.36','2022-11-09 09:45:02',1,'14.143.8.220','2022-11-09 09:56:45'),(98,1,1,'203.194.104.191','Mozilla/5.0 (Windows NT 10.0; Win64; x64) AppleWebKit/537.36 (KHTML, like Gecko) Chrome/107.0.0.0 Safari/537.36','2022-11-09 10:16:33',1,'203.194.104.191','2022-11-09 10:16:54'),(99,1251,1,'171.76.84.90','Mozilla/5.0 (Windows NT 10.0; Win64; x64) AppleWebKit/537.36 (KHTML, like Gecko) Chrome/106.0.0.0 Safari/537.36','2022-11-09 12:37:35',1,'171.76.84.90','2022-11-09 12:41:33'),(100,1251,1,'171.76.84.90','Mozilla/5.0 (Windows NT 10.0; Win64; x64) AppleWebKit/537.36 (KHTML, like Gecko) Chrome/106.0.0.0 Safari/537.36','2022-11-09 12:45:05',1,'171.76.84.90','2022-11-09 13:26:48'),(101,1,1,'203.194.105.204','Mozilla/5.0 (Windows NT 10.0; Win64; x64) AppleWebKit/537.36 (KHTML, like Gecko) Chrome/107.0.0.0 Safari/537.36','2022-11-10 01:54:34',1,'203.194.105.204','2022-11-10 02:21:15'),(102,1,1,'20.24.70.144','Mozilla/5.0 (Windows NT 10.0; Win64; x64) AppleWebKit/537.36 (KHTML, like Gecko) Chrome/106.0.0.0 Safari/537.36','2022-11-10 02:52:23',1,'20.24.70.144','2022-11-10 02:52:30'),(103,1,1,'20.24.70.144','Mozilla/5.0 (Windows NT 10.0; Win64; x64) AppleWebKit/537.36 (KHTML, like Gecko) Chrome/107.0.0.0 Safari/537.36 Edg/107.0.1418.24','2022-11-10 02:54:44',1,'20.24.70.144','2022-11-10 02:54:45'),(104,1251,1,'171.76.84.90','Mozilla/5.0 (Windows NT 10.0; Win64; x64) AppleWebKit/537.36 (KHTML, like Gecko) Chrome/106.0.0.0 Safari/537.36','2022-11-10 03:49:57',1,'171.76.84.90','2022-11-10 03:51:39'),(105,1251,1,'171.76.84.90','Mozilla/5.0 (Windows NT 10.0; Win64; x64) AppleWebKit/537.36 (KHTML, like Gecko) Chrome/106.0.0.0 Safari/537.36','2022-11-10 05:01:14',1,'171.76.84.90','2022-11-10 05:01:14'),(106,1251,1,'171.76.84.90','Mozilla/5.0 (Windows NT 10.0; Win64; x64) AppleWebKit/537.36 (KHTML, like Gecko) Chrome/106.0.0.0 Safari/537.36','2022-11-10 06:19:09',1,'171.76.84.90','2022-11-10 06:19:20'),(107,1,1,'115.246.120.117','Mozilla/5.0 (Windows NT 10.0; Win64; x64) AppleWebKit/537.36 (KHTML, like Gecko) Chrome/107.0.0.0 Safari/537.36','2022-11-10 07:18:44',1,'115.246.120.117','2022-11-10 07:59:29'),(108,1,1,'103.149.126.6','Mozilla/5.0 (X11; Linux x86_64) AppleWebKit/537.36 (KHTML, like Gecko) Chrome/106.0.0.0 Safari/537.36','2022-11-10 07:49:28',1,'103.149.126.6','2022-11-10 07:50:27'),(109,1,1,'115.246.120.117','Mozilla/5.0 (Windows NT 10.0; Win64; x64) AppleWebKit/537.36 (KHTML, like Gecko) Chrome/107.0.0.0 Safari/537.36','2022-11-10 08:51:48',1,'115.246.120.117','2022-11-10 10:49:52'),(110,1,1,'103.149.126.6','Mozilla/5.0 (X11; Linux x86_64) AppleWebKit/537.36 (KHTML, like Gecko) Chrome/106.0.0.0 Safari/537.36','2022-11-10 11:49:28',1,'103.149.126.6','2022-11-10 12:00:19'),(111,1,1,'115.246.120.117','Mozilla/5.0 (Windows NT 10.0; Win64; x64) AppleWebKit/537.36 (KHTML, like Gecko) Chrome/107.0.0.0 Safari/537.36','2022-11-11 04:58:34',1,'115.246.120.117','2022-11-11 06:00:07'),(112,1251,1,'171.76.84.90','Mozilla/5.0 (Windows NT 10.0; Win64; x64) AppleWebKit/537.36 (KHTML, like Gecko) Chrome/107.0.0.0 Safari/537.36','2022-11-11 05:02:51',1,'171.76.84.90','2022-11-11 05:05:34'),(113,1,1,'220.246.88.8','Mozilla/5.0 (Windows NT 10.0; Win64; x64) AppleWebKit/537.36 (KHTML, like Gecko) Chrome/107.0.0.0 Safari/537.36 Edg/107.0.1418.35','2022-11-11 05:34:34',1,'220.246.88.8','2022-11-11 05:40:53'),(114,1,1,'220.246.88.8','Mozilla/5.0 (Windows NT 10.0; Win64; x64) AppleWebKit/537.36 (KHTML, like Gecko) Chrome/107.0.0.0 Safari/537.36 Edg/107.0.1418.35','2022-11-11 05:41:09',0,'220.246.88.8','2022-11-11 05:41:09'),(115,1,1,'220.246.88.8','Mozilla/5.0 (Windows NT 10.0; Win64; x64) AppleWebKit/537.36 (KHTML, like Gecko) Chrome/107.0.0.0 Safari/537.36 Edg/107.0.1418.35','2022-11-11 05:41:29',1,'220.246.88.8','2022-11-11 05:41:29'),(116,1,1,'111.207.198.198','Mozilla/5.0 (Windows NT 10.0; Win64; x64) AppleWebKit/537.36 (KHTML, like Gecko) Chrome/99.0.4844.74 Safari/537.36','2022-11-11 05:41:53',1,'111.207.198.198','2022-11-11 05:41:54'),(117,1,1,'111.207.198.198','Mozilla/5.0 (Windows NT 10.0; Win64; x64) AppleWebKit/537.36 (KHTML, like Gecko) Chrome/99.0.4844.74 Safari/537.36','2022-11-11 05:45:05',0,'111.207.198.198','2022-11-11 05:45:05'),(118,1,1,'111.207.198.198','Go-http-client/1.1','2022-11-11 05:50:23',1,'111.207.198.198','2022-11-11 05:50:24'),(119,1,1,'111.207.198.198','Go-http-client/1.1','2022-11-11 05:51:44',0,'111.207.198.198','2022-11-11 05:51:44'),(120,1,1,'111.207.198.198','Go-http-client/1.1','2022-11-11 05:51:45',1,'111.207.198.198','2022-11-11 05:51:46'),(121,1,1,'111.207.198.198','Go-http-client/1.1','2022-11-11 05:54:14',1,'111.207.198.198','2022-11-11 05:54:15'),(122,1,1,'115.246.120.117','Mozilla/5.0 (Windows NT 10.0; Win64; x64) AppleWebKit/537.36 (KHTML, like Gecko) Chrome/107.0.0.0 Safari/537.36','2022-11-11 06:00:28',1,'115.246.120.117','2022-11-11 06:00:28'),(123,1,1,'111.207.198.198','Mozilla/5.0 (Windows NT 10.0; Win64; x64) AppleWebKit/537.36 (KHTML, like Gecko) Chrome/99.0.4844.74 Safari/537.36','2022-11-11 06:12:32',1,'111.207.198.198','2022-11-11 06:13:03'),(124,1,1,'111.207.198.198','Mozilla/5.0 (Windows NT 10.0; Win64; x64) AppleWebKit/537.36 (KHTML, like Gecko) Chrome/99.0.4844.74 Safari/537.36','2022-11-11 06:16:03',0,'111.207.198.198','2022-11-11 06:16:03'),(125,1,1,'111.207.198.198','Go-http-client/1.1','2022-11-11 06:19:53',1,'111.207.198.198','2022-11-11 06:19:54'),(126,1,1,'111.207.198.198','Go-http-client/1.1','2022-11-11 06:23:08',1,'111.207.198.198','2022-11-11 06:23:09'),(127,1,1,'103.149.126.6','Mozilla/5.0 (X11; Linux x86_64) AppleWebKit/537.36 (KHTML, like Gecko) Chrome/106.0.0.0 Safari/537.36','2022-11-14 05:35:15',1,'103.149.126.6','2022-11-14 05:47:16'),(128,1,1,'103.149.126.6','Mozilla/5.0 (X11; Linux x86_64) AppleWebKit/537.36 (KHTML, like Gecko) Chrome/106.0.0.0 Safari/537.36','2022-11-14 06:49:18',1,'103.149.126.6','2022-11-14 08:24:29'),(129,1,1,'115.246.120.117','Mozilla/5.0 (Windows NT 10.0; Win64; x64) AppleWebKit/537.36 (KHTML, like Gecko) Chrome/107.0.0.0 Safari/537.36','2022-11-14 08:14:59',1,'115.246.120.117','2022-11-14 08:26:00'),(130,1,1,'103.149.126.6','Mozilla/5.0 (X11; Linux x86_64) AppleWebKit/537.36 (KHTML, like Gecko) Chrome/106.0.0.0 Safari/537.36','2022-11-14 09:32:04',1,'103.149.126.6','2022-11-14 09:32:05'),(131,1,1,'103.149.126.6','Mozilla/5.0 (X11; Linux x86_64) AppleWebKit/537.36 (KHTML, like Gecko) Chrome/106.0.0.0 Safari/537.36','2022-11-14 09:32:14',1,'103.149.126.6','2022-11-14 12:28:18'),(132,1,1,'115.246.120.117','Mozilla/5.0 (Windows NT 10.0; Win64; x64) AppleWebKit/537.36 (KHTML, like Gecko) Chrome/107.0.0.0 Safari/537.36','2022-11-14 12:15:08',1,'115.246.120.117','2022-11-14 12:25:36'),(133,1251,1,'125.19.12.235','Mozilla/5.0 (Windows NT 10.0; Win64; x64) AppleWebKit/537.36 (KHTML, like Gecko) Chrome/107.0.0.0 Safari/537.36','2022-11-14 12:42:07',1,'125.19.12.235','2022-11-14 12:56:46'),(134,1,1,'103.149.126.6','Mozilla/5.0 (X11; Linux x86_64) AppleWebKit/537.36 (KHTML, like Gecko) Chrome/106.0.0.0 Safari/537.36','2022-11-15 03:50:29',1,'103.149.126.6','2022-11-15 03:57:31'),(135,1,1,'103.149.126.6','Mozilla/5.0 (X11; Linux x86_64) AppleWebKit/537.36 (KHTML, like Gecko) Chrome/106.0.0.0 Safari/537.36','2022-11-15 04:44:48',1,'103.149.126.6','2022-11-15 05:34:30'),(136,1,1,'106.193.122.1','Mozilla/5.0 (Linux; Android 11; Redmi Note 9 Pro) AppleWebKit/537.36 (KHTML, like Gecko) Chrome/107.0.0.0 Mobile Safari/537.36','2022-11-15 05:32:33',1,'106.193.122.1','2022-11-15 05:32:34'),(137,1,1,'106.193.122.1','Mozilla/5.0 (X11; Linux x86_64) AppleWebKit/537.36 (KHTML, like Gecko) Chrome/107.0.0.0 Safari/537.36','2022-11-15 05:33:54',1,'106.193.122.1','2022-11-15 05:34:13'),(138,1,1,'106.193.122.1','Mozilla/5.0 (X11; Linux x86_64) AppleWebKit/537.36 (KHTML, like Gecko) Chrome/107.0.0.0 Safari/537.36','2022-11-15 05:37:06',1,'106.193.122.1','2022-11-15 05:37:22'),(139,1,1,'103.149.126.6','Mozilla/5.0 (X11; Linux x86_64) AppleWebKit/537.36 (KHTML, like Gecko) Chrome/106.0.0.0 Safari/537.36','2022-11-15 05:39:08',1,'103.149.126.6','2022-11-15 06:07:03'),(140,1251,1,'171.76.84.90','Mozilla/5.0 (Windows NT 10.0; Win64; x64) AppleWebKit/537.36 (KHTML, like Gecko) Chrome/107.0.0.0 Safari/537.36','2022-11-15 06:24:02',1,'171.76.84.90','2022-11-15 07:08:27'),(141,1,1,'106.193.122.1','Mozilla/5.0 (X11; Linux x86_64) AppleWebKit/537.36 (KHTML, like Gecko) Chrome/106.0.0.0 Safari/537.36','2022-11-15 06:55:41',1,'106.193.122.1','2022-11-15 07:33:42'),(142,1,1,'203.194.104.138','Mozilla/5.0 (Windows NT 10.0; Win64; x64) AppleWebKit/537.36 (KHTML, like Gecko) Chrome/107.0.0.0 Safari/537.36','2022-11-15 07:33:19',1,'203.194.104.138','2022-11-15 07:45:21'),(143,1251,1,'171.76.84.90','Mozilla/5.0 (Windows NT 10.0; Win64; x64) AppleWebKit/537.36 (KHTML, like Gecko) Chrome/107.0.0.0 Safari/537.36','2022-11-15 07:45:22',1,'171.76.84.90','2022-11-15 07:55:58'),(144,1,1,'103.149.126.6','Mozilla/5.0 (X11; Linux x86_64) AppleWebKit/537.36 (KHTML, like Gecko) Chrome/106.0.0.0 Safari/537.36','2022-11-15 09:03:09',1,'103.149.126.6','2022-11-15 09:03:09'),(145,1,1,'103.149.126.6','Mozilla/5.0 (X11; Linux x86_64) AppleWebKit/537.36 (KHTML, like Gecko) Chrome/106.0.0.0 Safari/537.36','2022-11-15 10:16:42',1,'103.149.126.6','2022-11-15 10:22:17'),(146,1,1,'103.149.126.6','Mozilla/5.0 (X11; Linux x86_64) AppleWebKit/537.36 (KHTML, like Gecko) Chrome/106.0.0.0 Safari/537.36','2022-11-15 11:16:36',1,'103.149.126.6','2022-11-15 11:43:13'),(147,1251,1,'14.143.8.222','Mozilla/5.0 (Windows NT 10.0; Win64; x64) AppleWebKit/537.36 (KHTML, like Gecko) Chrome/107.0.0.0 Safari/537.36','2022-11-15 11:34:24',1,'14.143.8.222','2022-11-15 11:35:44'),(148,1,1,'103.149.126.6','Mozilla/5.0 (X11; Linux x86_64) AppleWebKit/537.36 (KHTML, like Gecko) Chrome/106.0.0.0 Safari/537.36','2022-11-15 11:34:30',0,'103.149.126.6','2022-11-15 11:34:30'),(149,1,1,'103.149.126.6','Mozilla/5.0 (X11; Linux x86_64) AppleWebKit/537.36 (KHTML, like Gecko) Chrome/106.0.0.0 Safari/537.36','2022-11-15 11:34:38',1,'103.149.126.6','2022-11-15 11:39:40'),(150,1251,1,'14.143.8.222','Mozilla/5.0 (Windows NT 10.0; Win64; x64) AppleWebKit/537.36 (KHTML, like Gecko) Chrome/107.0.0.0 Safari/537.36','2022-11-15 12:12:38',1,'14.143.8.222','2022-11-15 12:15:00'),(151,1,1,'203.194.98.50','Mozilla/5.0 (Windows NT 10.0; Win64; x64) AppleWebKit/537.36 (KHTML, like Gecko) Chrome/107.0.0.0 Safari/537.36','2022-11-16 04:46:35',1,'203.194.98.50','2022-11-16 05:08:00'),(152,1251,1,'171.76.84.90','Mozilla/5.0 (Windows NT 10.0; Win64; x64) AppleWebKit/537.36 (KHTML, like Gecko) Chrome/107.0.0.0 Safari/537.36','2022-11-16 05:04:54',1,'171.76.84.90','2022-11-16 05:10:14'),(153,1,1,'103.149.126.6','Mozilla/5.0 (X11; Linux x86_64) AppleWebKit/537.36 (KHTML, like Gecko) Chrome/106.0.0.0 Safari/537.36','2022-11-16 05:42:14',1,'103.149.126.6','2022-11-16 05:59:52'),(154,1251,1,'171.76.84.90','Mozilla/5.0 (Windows NT 10.0; Win64; x64) AppleWebKit/537.36 (KHTML, like Gecko) Chrome/107.0.0.0 Safari/537.36','2022-11-16 07:09:26',1,'171.76.84.90','2022-11-16 07:19:18'),(155,1,1,'203.192.244.74','Mozilla/5.0 (Windows NT 10.0; Win64; x64) AppleWebKit/537.36 (KHTML, like Gecko) Chrome/107.0.0.0 Safari/537.36','2022-11-16 08:47:51',1,'203.192.244.74','2022-11-16 09:14:06'),(156,1,1,'103.149.126.6','Mozilla/5.0 (X11; Linux x86_64) AppleWebKit/537.36 (KHTML, like Gecko) Chrome/106.0.0.0 Safari/537.36','2022-11-16 09:03:38',1,'103.149.126.6','2022-11-16 10:13:33'),(157,1,1,'203.192.244.74','Mozilla/5.0 (Windows NT 10.0; Win64; x64) AppleWebKit/537.36 (KHTML, like Gecko) Chrome/107.0.0.0 Safari/537.36','2022-11-16 11:26:28',1,'203.192.244.74','2022-11-16 12:05:10'),(158,1,1,'203.192.244.74','Mozilla/5.0 (Windows NT 10.0; Win64; x64) AppleWebKit/537.36 (KHTML, like Gecko) Chrome/107.0.0.0 Safari/537.36','2022-11-16 13:43:57',1,'203.192.244.74','2022-11-16 15:16:41'),(159,1,1,'203.192.244.74','Mozilla/5.0 (Windows NT 10.0; Win64; x64) AppleWebKit/537.36 (KHTML, like Gecko) Chrome/107.0.0.0 Safari/537.36','2022-11-16 17:02:06',1,'203.192.244.74','2022-11-16 17:40:36'),(160,1,1,'103.10.226.28','Mozilla/5.0 (Windows NT 10.0; Win64; x64) AppleWebKit/537.36 (KHTML, like Gecko) Chrome/107.0.0.0 Safari/537.36','2022-11-17 05:06:18',1,'103.10.226.28','2022-11-17 05:07:48'),(161,1,1,'103.10.226.28','Mozilla/5.0 (Windows NT 10.0; Win64; x64) AppleWebKit/537.36 (KHTML, like Gecko) Chrome/107.0.0.0 Safari/537.36','2022-11-17 05:12:42',1,'103.10.226.28','2022-11-17 05:39:43'),(162,1,1,'106.214.18.129','Mozilla/5.0 (X11; Linux x86_64) AppleWebKit/537.36 (KHTML, like Gecko) Chrome/106.0.0.0 Safari/537.36','2022-11-17 06:21:25',1,'106.214.18.129','2022-11-17 06:21:25'),(163,1,1,'106.220.179.95','Mozilla/5.0 (X11; Linux x86_64) AppleWebKit/537.36 (KHTML, like Gecko) Chrome/106.0.0.0 Safari/537.36','2022-11-17 09:48:04',1,'106.220.179.95','2022-11-17 10:03:45'),(164,1,1,'106.220.179.95','Mozilla/5.0 (X11; Linux x86_64) AppleWebKit/537.36 (KHTML, like Gecko) Chrome/106.0.0.0 Safari/537.36','2022-11-17 11:24:35',1,'106.220.179.95','2022-11-17 11:25:42'),(165,1,1,'103.149.126.6','Mozilla/5.0 (X11; Linux x86_64) AppleWebKit/537.36 (KHTML, like Gecko) Chrome/106.0.0.0 Safari/537.36','2022-11-17 12:23:26',1,'103.149.126.6','2022-11-17 12:23:27'),(166,1,1,'103.10.226.28','Mozilla/5.0 (Windows NT 10.0; Win64; x64) AppleWebKit/537.36 (KHTML, like Gecko) Chrome/107.0.0.0 Safari/537.36','2022-11-17 12:39:24',1,'103.10.226.28','2022-11-17 13:05:55'),(167,1251,1,'171.76.87.90','Mozilla/5.0 (Windows NT 10.0; Win64; x64) AppleWebKit/537.36 (KHTML, like Gecko) Chrome/107.0.0.0 Safari/537.36','2022-11-17 13:16:32',1,'171.76.87.90','2022-11-17 13:23:49'),(168,1,1,'103.149.126.6','Mozilla/5.0 (X11; Linux x86_64) AppleWebKit/537.36 (KHTML, like Gecko) Chrome/106.0.0.0 Safari/537.36','2022-11-18 05:26:37',1,'103.149.126.6','2022-11-18 05:26:37'),(169,1,1,'106.214.18.129','Mozilla/5.0 (X11; Linux x86_64) AppleWebKit/537.36 (KHTML, like Gecko) Chrome/106.0.0.0 Safari/537.36','2022-11-18 13:18:29',1,'106.214.18.129','2022-11-18 13:18:30'),(170,1,1,'103.149.126.6','Mozilla/5.0 (X11; Linux x86_64) AppleWebKit/537.36 (KHTML, like Gecko) Chrome/106.0.0.0 Safari/537.36','2022-11-21 05:08:31',1,'103.149.126.6','2022-11-21 05:08:57'),(171,1,1,'103.149.126.6','Mozilla/5.0 (X11; Linux x86_64) AppleWebKit/537.36 (KHTML, like Gecko) Chrome/106.0.0.0 Safari/537.36','2022-11-21 06:18:59',1,'103.149.126.6','2022-11-21 06:21:01'),(172,1251,1,'171.76.84.170','Mozilla/5.0 (Windows NT 10.0; Win64; x64) AppleWebKit/537.36 (KHTML, like Gecko) Chrome/107.0.0.0 Safari/537.36 Edg/107.0.1418.35','2022-11-21 09:35:55',1,'171.76.84.170','2022-11-21 09:36:02'),(173,1,1,'122.176.206.233','Mozilla/5.0 (Windows NT 6.3; WOW64) AppleWebKit/537.36 (KHTML, like Gecko) Chrome/41.0.2226.0 Safari/537.36','2022-11-21 11:12:18',1,'122.176.206.233','2022-11-21 11:12:18'),(174,1,1,'122.176.206.233','Mozilla/5.0 (Windows NT 10.0) AppleWebKit/537.36 (KHTML, like Gecko) Chrome/89.0.4389.114 Safari/537.36','2022-11-21 11:12:18',1,'122.176.206.233','2022-11-21 11:12:18'),(175,1,1,'122.176.206.233','Mozilla/5.0 (Windows NT 5.1) AppleWebKit/537.36 (KHTML, like Gecko) Chrome/35.0.2117.157 Safari/537.36','2022-11-21 11:13:48',1,'122.176.206.233','2022-11-21 11:13:49'),(176,1,1,'122.176.206.233','Mozilla/5.0 (Windows NT 10.0) AppleWebKit/537.36 (KHTML, like Gecko) Chrome/89.0.4389.114 Safari/537.36','2022-11-21 11:13:48',1,'122.176.206.233','2022-11-21 11:13:49'),(177,1250,180,'122.176.206.233','Mozilla/5.0 (Windows NT 6.1; WOW64) AppleWebKit/537.36 (KHTML, like Gecko) Chrome/36.0.1985.67 Safari/537.36','2022-11-21 11:13:49',0,'122.176.206.233','2022-11-21 11:13:49'),(178,1250,180,'122.176.206.233','Mozilla/5.0 (Windows NT 10.0; WOW64) AppleWebKit/537.36 (KHTML, like Gecko) Chrome/89.0.4389.114 Safari/537.36','2022-11-21 11:13:49',0,'122.176.206.233','2022-11-21 11:13:49'),(179,1,1,'122.176.206.233','Mozilla/5.0 (Macintosh; Intel Mac OS X 10_15_7) AppleWebKit/537.36 (KHTML, like Gecko) Chrome/107.0.0.0 Safari/537.36','2022-11-21 11:14:07',1,'122.176.206.233','2022-11-21 11:14:07'),(180,1,1,'103.149.126.6','Mozilla/5.0 (X11; Linux x86_64) AppleWebKit/537.36 (KHTML, like Gecko) Chrome/106.0.0.0 Safari/537.36','2022-11-21 11:46:08',1,'103.149.126.6','2022-11-21 12:11:22'),(181,1251,1,'171.76.84.170','Mozilla/5.0 (Windows NT 10.0; Win64; x64) AppleWebKit/537.36 (KHTML, like Gecko) Chrome/107.0.0.0 Safari/537.36','2022-11-21 11:51:19',1,'171.76.84.170','2022-11-21 13:01:03'),(182,1,1,'103.149.126.6','Mozilla/5.0 (X11; Linux x86_64) AppleWebKit/537.36 (KHTML, like Gecko) Chrome/106.0.0.0 Safari/537.36','2022-11-21 12:11:29',1,'103.149.126.6','2022-11-21 12:34:20'),(183,1,1,'103.149.126.6','Mozilla/5.0 (X11; Linux x86_64) AppleWebKit/537.36 (KHTML, like Gecko) Chrome/106.0.0.0 Safari/537.36','2022-11-21 12:34:28',1,'103.149.126.6','2022-11-21 13:37:04'),(184,1251,1,'171.76.84.170','Mozilla/5.0 (Windows NT 10.0; Win64; x64) AppleWebKit/537.36 (KHTML, like Gecko) Chrome/107.0.0.0 Safari/537.36','2022-11-22 04:01:10',1,'171.76.84.170','2022-11-22 04:01:31'),(185,1,1,'103.149.126.6','Mozilla/5.0 (X11; Linux x86_64) AppleWebKit/537.36 (KHTML, like Gecko) Chrome/106.0.0.0 Safari/537.36','2022-11-22 04:01:38',1,'103.149.126.6','2022-11-22 04:01:39'),(186,1,1,'103.149.126.6','Mozilla/5.0 (X11; Linux x86_64) AppleWebKit/537.36 (KHTML, like Gecko) Chrome/106.0.0.0 Safari/537.36','2022-11-22 04:40:20',1,'103.149.126.6','2022-11-22 04:40:51'),(187,1,1,'103.149.126.6','Mozilla/5.0 (X11; Linux x86_64) AppleWebKit/537.36 (KHTML, like Gecko) Chrome/106.0.0.0 Safari/537.36','2022-11-22 04:45:19',1,'103.149.126.6','2022-11-22 04:45:20'),(188,1,1,'103.149.126.6','Mozilla/5.0 (X11; Linux x86_64) AppleWebKit/537.36 (KHTML, like Gecko) Chrome/106.0.0.0 Safari/537.36','2022-11-22 04:45:28',1,'103.149.126.6','2022-11-22 05:08:41'),(189,1,1,'103.149.126.6','Mozilla/5.0 (X11; Linux x86_64) AppleWebKit/537.36 (KHTML, like Gecko) Chrome/106.0.0.0 Safari/537.36','2022-11-22 05:08:52',1,'103.149.126.6','2022-11-22 05:08:56'),(190,1,1,'115.246.120.117','Mozilla/5.0 (Windows NT 10.0; Win64; x64) AppleWebKit/537.36 (KHTML, like Gecko) Chrome/107.0.0.0 Safari/537.36','2022-11-22 05:16:54',1,'115.246.120.117','2022-11-22 07:35:01'),(191,1,1,'103.149.126.6','Mozilla/5.0 (X11; Linux x86_64) AppleWebKit/537.36 (KHTML, like Gecko) Chrome/106.0.0.0 Safari/537.36','2022-11-22 05:21:23',1,'103.149.126.6','2022-11-22 06:14:46'),(192,1,1,'103.149.126.6','Mozilla/5.0 (X11; Ubuntu; Linux x86_64; rv:107.0) Gecko/20100101 Firefox/107.0','2022-11-22 06:15:26',1,'103.149.126.6','2022-11-22 06:20:08'),(193,1,1,'103.149.126.6','Mozilla/5.0 (X11; Linux x86_64) AppleWebKit/537.36 (KHTML, like Gecko) Chrome/106.0.0.0 Safari/537.36','2022-11-22 07:11:10',1,'103.149.126.6','2022-11-22 07:11:27'),(194,1251,1,'171.76.84.170','Mozilla/5.0 (Windows NT 10.0; Win64; x64) AppleWebKit/537.36 (KHTML, like Gecko) Chrome/107.0.0.0 Safari/537.36','2022-11-22 07:22:58',1,'171.76.84.170','2022-11-22 07:33:21'),(195,1,1,'103.149.126.6','Mozilla/5.0 (X11; Linux x86_64) AppleWebKit/537.36 (KHTML, like Gecko) Chrome/106.0.0.0 Safari/537.36','2022-11-22 07:23:37',1,'103.149.126.6','2022-11-22 07:38:26'),(196,1,1,'103.149.126.6','Mozilla/5.0 (X11; Linux x86_64) AppleWebKit/537.36 (KHTML, like Gecko) Chrome/106.0.0.0 Safari/537.36','2022-11-22 07:38:32',1,'103.149.126.6','2022-11-22 07:39:04'),(197,1251,1,'171.76.84.170','Mozilla/5.0 (Windows NT 10.0; Win64; x64) AppleWebKit/537.36 (KHTML, like Gecko) Chrome/107.0.0.0 Safari/537.36','2022-11-22 07:41:20',1,'171.76.84.170','2022-11-22 07:53:26'),(198,1,1,'115.246.120.117','Mozilla/5.0 (Windows NT 10.0; Win64; x64) AppleWebKit/537.36 (KHTML, like Gecko) Chrome/107.0.0.0 Safari/537.36','2022-11-22 08:12:06',1,'115.246.120.117','2022-11-22 08:16:56'),(199,1,1,'103.149.126.6','Mozilla/5.0 (X11; Linux x86_64) AppleWebKit/537.36 (KHTML, like Gecko) Chrome/106.0.0.0 Safari/537.36','2022-11-22 09:02:53',1,'103.149.126.6','2022-11-22 09:05:50'),(200,1,1,'103.149.126.6','Mozilla/5.0 (X11; Linux x86_64) AppleWebKit/537.36 (KHTML, like Gecko) Chrome/106.0.0.0 Safari/537.36','2022-11-22 10:22:20',1,'103.149.126.6','2022-11-22 10:37:27'),(201,1,1,'203.192.244.229','Mozilla/5.0 (Windows NT 10.0; Win64; x64) AppleWebKit/537.36 (KHTML, like Gecko) Chrome/107.0.0.0 Safari/537.36','2022-11-22 10:46:26',1,'203.192.244.229','2022-11-22 10:48:40'),(202,1,1,'115.246.120.117','Mozilla/5.0 (Windows NT 10.0; Win64; x64) AppleWebKit/537.36 (KHTML, like Gecko) Chrome/107.0.0.0 Safari/537.36','2022-11-22 11:04:15',1,'115.246.120.117','2022-11-22 11:14:39'),(203,1,1,'103.149.126.6','Mozilla/5.0 (X11; Linux x86_64) AppleWebKit/537.36 (KHTML, like Gecko) Chrome/106.0.0.0 Safari/537.36','2022-11-22 11:39:02',1,'103.149.126.6','2022-11-22 11:39:02'),(204,1,1,'203.192.244.229','Mozilla/5.0 (Windows NT 10.0; Win64; x64) AppleWebKit/537.36 (KHTML, like Gecko) Chrome/107.0.0.0 Safari/537.36','2022-11-22 11:39:18',1,'203.192.244.229','2022-11-22 11:42:49'),(205,1,1,'115.246.120.117','Mozilla/5.0 (Windows NT 10.0; Win64; x64) AppleWebKit/537.36 (KHTML, like Gecko) Chrome/107.0.0.0 Safari/537.36','2022-11-22 11:40:53',1,'115.246.120.117','2022-11-22 11:44:21'),(206,1251,1,'171.76.84.170','Mozilla/5.0 (Windows NT 10.0; Win64; x64) AppleWebKit/537.36 (KHTML, like Gecko) Chrome/107.0.0.0 Safari/537.36','2022-11-22 11:46:27',1,'171.76.84.170','2022-11-22 11:46:56'),(207,1251,1,'171.76.84.170','Mozilla/5.0 (Windows NT 10.0; Win64; x64) AppleWebKit/537.36 (KHTML, like Gecko) Chrome/107.0.0.0 Safari/537.36','2022-11-22 11:52:15',1,'171.76.84.170','2022-11-22 12:10:44'),(208,1,1,'157.33.21.203','Mozilla/5.0 (Linux; Android 11; SM-M315F) AppleWebKit/537.36 (KHTML, like Gecko) Chrome/106.0.0.0 Mobile Safari/537.36','2022-11-22 16:59:19',1,'157.33.21.203','2022-11-22 17:01:17'),(209,1,1,'152.57.162.181','Mozilla/5.0 (X11; Linux x86_64) AppleWebKit/537.36 (KHTML, like Gecko) Chrome/106.0.0.0 Safari/537.36','2022-11-23 03:58:00',1,'152.57.162.181','2022-11-23 04:22:16'),(210,1251,1,'171.76.84.170','Mozilla/5.0 (Windows NT 10.0; Win64; x64) AppleWebKit/537.36 (KHTML, like Gecko) Chrome/107.0.0.0 Safari/537.36','2022-11-23 04:22:32',1,'171.76.84.170','2022-11-23 04:25:12'),(211,1,1,'115.246.120.117','Mozilla/5.0 (Windows NT 10.0; Win64; x64) AppleWebKit/537.36 (KHTML, like Gecko) Chrome/107.0.0.0 Safari/537.36','2022-11-23 06:32:57',1,'115.246.120.117','2022-11-23 07:21:11'),(212,1251,1,'171.76.84.170','Mozilla/5.0 (Windows NT 10.0; Win64; x64) AppleWebKit/537.36 (KHTML, like Gecko) Chrome/107.0.0.0 Safari/537.36','2022-11-23 08:13:15',1,'171.76.84.170','2022-11-23 08:21:45'),(213,1,1,'115.246.120.117','Mozilla/5.0 (Windows NT 10.0; Win64; x64) AppleWebKit/537.36 (KHTML, like Gecko) Chrome/107.0.0.0 Safari/537.36','2022-11-23 10:16:23',1,'115.246.120.117','2022-11-23 10:16:26'),(214,1,1,'103.149.126.6','Mozilla/5.0 (X11; Linux x86_64) AppleWebKit/537.36 (KHTML, like Gecko) Chrome/106.0.0.0 Safari/537.36','2022-11-23 10:20:52',1,'103.149.126.6','2022-11-23 10:20:52'),(215,1,1,'103.149.126.6','Mozilla/5.0 (X11; Linux x86_64) AppleWebKit/537.36 (KHTML, like Gecko) Chrome/106.0.0.0 Safari/537.36','2022-11-23 11:18:42',1,'103.149.126.6','2022-11-23 11:19:16'),(216,1,1,'183.82.155.233','Mozilla/5.0 (Windows NT 10.0; Win64; x64) AppleWebKit/537.36 (KHTML, like Gecko) Chrome/107.0.0.0 Safari/537.36','2022-11-23 15:55:02',1,'183.82.155.233','2022-11-23 15:55:19'),(217,1,1,'115.246.120.117','Mozilla/5.0 (Windows NT 10.0; Win64; x64) AppleWebKit/537.36 (KHTML, like Gecko) Chrome/107.0.0.0 Safari/537.36','2022-11-24 04:53:20',1,'115.246.120.117','2022-11-24 05:03:28'),(218,1,1,'103.149.126.6','Mozilla/5.0 (X11; Linux x86_64) AppleWebKit/537.36 (KHTML, like Gecko) Chrome/106.0.0.0 Safari/537.36','2022-11-24 05:30:33',1,'103.149.126.6','2022-11-24 05:32:32'),(219,1,1,'103.149.126.6','Mozilla/5.0 (X11; Linux x86_64) AppleWebKit/537.36 (KHTML, like Gecko) Chrome/106.0.0.0 Safari/537.36','2022-11-24 05:33:56',1,'103.149.126.6','2022-11-24 05:34:02'),(220,1,1,'115.246.120.117','Mozilla/5.0 (Windows NT 10.0; Win64; x64) AppleWebKit/537.36 (KHTML, like Gecko) Chrome/107.0.0.0 Safari/537.36','2022-11-24 05:40:45',1,'115.246.120.117','2022-11-24 05:40:45'),(221,1,1,'103.149.126.6','Mozilla/5.0 (X11; Linux x86_64) AppleWebKit/537.36 (KHTML, like Gecko) Chrome/106.0.0.0 Safari/537.36','2022-11-24 06:20:20',1,'103.149.126.6','2022-11-24 06:20:20'),(222,1,1,'115.246.120.117','Mozilla/5.0 (Windows NT 10.0; Win64; x64) AppleWebKit/537.36 (KHTML, like Gecko) Chrome/107.0.0.0 Safari/537.36','2022-11-24 07:01:07',1,'115.246.120.117','2022-11-24 07:01:34'),(223,1,1,'115.246.120.117','Mozilla/5.0 (Windows NT 10.0; Win64; x64) AppleWebKit/537.36 (KHTML, like Gecko) Chrome/107.0.0.0 Safari/537.36','2022-11-24 09:57:39',1,'115.246.120.117','2022-11-24 11:02:55'),(224,1,1,'103.149.126.6','Mozilla/5.0 (X11; Linux x86_64) AppleWebKit/537.36 (KHTML, like Gecko) Chrome/106.0.0.0 Safari/537.36','2022-11-24 10:19:01',1,'103.149.126.6','2022-11-24 10:39:17'),(225,1,1,'103.149.126.6','Mozilla/5.0 (X11; Linux x86_64) AppleWebKit/537.36 (KHTML, like Gecko) Chrome/106.0.0.0 Safari/537.36','2022-11-24 12:27:05',1,'103.149.126.6','2022-11-24 12:28:58'),(226,1,1,'115.246.120.117','Mozilla/5.0 (Windows NT 10.0; Win64; x64) AppleWebKit/537.36 (KHTML, like Gecko) Chrome/107.0.0.0 Safari/537.36','2022-11-24 12:31:55',1,'115.246.120.117','2022-11-24 12:33:37'),(227,1,1,'183.82.152.103','Mozilla/5.0 (Windows NT 10.0; Win64; x64) AppleWebKit/537.36 (KHTML, like Gecko) Chrome/107.0.0.0 Safari/537.36','2022-11-26 05:01:00',1,'183.82.152.103','2022-11-26 05:01:00'),(228,1,1,'183.82.152.103','Mozilla/5.0 (Windows NT 10.0; Win64; x64) AppleWebKit/537.36 (KHTML, like Gecko) Chrome/107.0.0.0 Safari/537.36','2022-11-26 05:04:10',1,'183.82.152.103','2022-11-26 05:08:37'),(229,1,1,'183.82.154.146','Mozilla/5.0 (Windows NT 10.0; Win64; x64) AppleWebKit/537.36 (KHTML, like Gecko) Chrome/107.0.0.0 Safari/537.36','2022-11-27 12:46:41',1,'183.82.154.146','2022-11-27 14:32:56'),(230,1251,1,'171.76.84.170','Mozilla/5.0 (Windows NT 10.0; Win64; x64) AppleWebKit/537.36 (KHTML, like Gecko) Chrome/107.0.0.0 Safari/537.36','2022-11-28 04:08:46',1,'171.76.84.170','2022-11-28 04:08:57'),(231,1251,1,'171.76.84.170','Mozilla/5.0 (Windows NT 10.0; Win64; x64) AppleWebKit/537.36 (KHTML, like Gecko) Chrome/107.0.0.0 Safari/537.36','2022-11-28 04:51:42',1,'171.76.84.170','2022-11-28 05:26:44'),(232,1251,1,'171.76.84.170','Mozilla/5.0 (Windows NT 10.0; Win64; x64) AppleWebKit/537.36 (KHTML, like Gecko) Chrome/107.0.0.0 Safari/537.36','2022-11-28 06:33:10',1,'171.76.84.170','2022-11-28 06:34:55'),(233,1251,1,'103.155.72.163','Mozilla/5.0 (Windows NT 10.0; Win64; x64) AppleWebKit/537.36 (KHTML, like Gecko) Chrome/69.0.3497.100 Safari/537.36','2022-11-28 06:35:29',1,'103.155.72.163','2022-11-28 06:43:06'),(234,1,1,'101.52.124.100','Mozilla/5.0 (Windows NT 6.1; WOW64) AppleWebKit/537.36 (KHTML, like Gecko) Chrome/36.0.1985.67 Safari/537.36','2022-11-28 09:22:45',1,'101.52.124.100','2022-11-28 09:22:45'),(235,1,1,'101.52.124.100','Mozilla/5.0 (Windows NT 6.3; Win64; x64) AppleWebKit/537.36 (KHTML, like Gecko) Chrome/37.0.2049.0 Safari/537.36','2022-11-28 09:22:45',1,'101.52.124.100','2022-11-28 09:22:45'),(236,1250,180,'101.52.124.100','Mozilla/5.0 (Windows NT 6.4; WOW64) AppleWebKit/537.36 (KHTML, like Gecko) Chrome/41.0.2225.0 Safari/537.36','2022-11-28 09:22:46',0,'101.52.124.100','2022-11-28 09:22:46'),(237,1250,180,'101.52.124.100','Mozilla/5.0 (X11; Linux x86_64) AppleWebKit/537.36 (KHTML, like Gecko) Chrome/41.0.2227.0 Safari/537.36','2022-11-28 09:22:46',0,'101.52.124.100','2022-11-28 09:22:46'),(238,1,1,'58.247.31.242','Mozilla/5.0 (Windows NT 6.1; WOW64) AppleWebKit/537.36 (KHTML, like Gecko) Chrome/41.0.2272.118 Safari/537.36','2022-11-28 09:25:26',1,'58.247.31.242','2022-11-28 09:25:26'),(239,1,1,'58.247.31.242','Mozilla/5.0 (Windows NT 6.1; WOW64) AppleWebKit/537.36 (KHTML, like Gecko) Chrome/41.0.2272.118 Safari/537.36','2022-11-28 09:25:26',1,'58.247.31.242','2022-11-28 09:25:26'),(240,1,1,'58.247.31.242','Mozilla/5.0 (Windows NT 6.1; WOW64) AppleWebKit/537.36 (KHTML, like Gecko) Chrome/41.0.2272.118 Safari/537.36','2022-11-28 09:26:41',1,'58.247.31.242','2022-11-28 09:26:41'),(241,1,1,'58.247.31.242','Mozilla/5.0 (Windows NT 6.1; WOW64) AppleWebKit/537.36 (KHTML, like Gecko) Chrome/41.0.2272.118 Safari/537.36','2022-11-28 09:26:41',1,'58.247.31.242','2022-11-28 09:26:41'),(242,1,1,'58.247.31.242','Mozilla/5.0 (Windows NT 10.0; WOW64; rv:49.0) Gecko/20100101 Firefox/49.0','2022-11-28 09:27:13',1,'58.247.31.242','2022-11-28 09:27:14'),(243,1,1,'58.247.31.242','Mozilla/5.0 (Windows NT 10.0; WOW64; rv:49.0) Gecko/20100101 Firefox/49.0','2022-11-28 09:28:32',1,'58.247.31.242','2022-11-28 09:28:44'),(244,1,1,'58.247.31.242','Mozilla/5.0 (Windows NT 10.0; WOW64; rv:49.0) Gecko/20100101 Firefox/49.0','2022-11-28 09:30:26',1,'58.247.31.242','2022-11-28 09:30:26'),(245,1,1,'58.247.31.242','Mozilla/5.0 (Windows NT 10.0; WOW64; rv:49.0) Gecko/20100101 Firefox/49.0','2022-11-28 09:30:45',1,'58.247.31.242','2022-11-28 09:30:45'),(246,1,1,'58.247.31.242','Mozilla/5.0 (Windows NT 6.1; WOW64) AppleWebKit/537.36 (KHTML, like Gecko) Chrome/41.0.2272.118 Safari/537.36','2022-11-28 09:32:53',1,'58.247.31.242','2022-11-28 09:32:53'),(247,1,1,'58.247.31.242','Mozilla/5.0 (Windows NT 6.1; WOW64) AppleWebKit/537.36 (KHTML, like Gecko) Chrome/41.0.2272.118 Safari/537.36','2022-11-28 09:32:53',1,'58.247.31.242','2022-11-28 09:32:53'),(248,1,1,'58.247.31.242','Mozilla/5.0 (Windows NT 6.1; WOW64) AppleWebKit/537.36 (KHTML, like Gecko) Chrome/41.0.2272.118 Safari/537.36','2022-11-28 09:33:00',0,'58.247.31.242','2022-11-28 09:33:00'),(249,1,1,'58.247.31.242','Mozilla/5.0 (Windows NT 6.1; WOW64) AppleWebKit/537.36 (KHTML, like Gecko) Chrome/41.0.2272.118 Safari/537.36','2022-11-28 09:33:01',0,'58.247.31.242','2022-11-28 09:33:01'),(250,1,1,'58.247.31.242','Mozilla/5.0 (Windows NT 6.1; WOW64) AppleWebKit/537.36 (KHTML, like Gecko) Chrome/41.0.2272.118 Safari/537.36','2022-11-28 09:33:35',1,'58.247.31.242','2022-11-28 09:33:35'),(251,1,1,'58.247.31.242','Mozilla/5.0 (Windows NT 6.1; WOW64) AppleWebKit/537.36 (KHTML, like Gecko) Chrome/41.0.2272.118 Safari/537.36','2022-11-28 09:33:38',0,'58.247.31.242','2022-11-28 09:33:38'),(252,1250,180,'58.247.31.242','Mozilla/5.0 (Windows NT 6.1; WOW64) AppleWebKit/537.36 (KHTML, like Gecko) Chrome/41.0.2272.118 Safari/537.36','2022-11-28 09:33:39',0,'58.247.31.242','2022-11-28 09:33:39'),(253,1,1,'58.247.31.242','Mozilla/5.0 (Windows NT 6.1; WOW64) AppleWebKit/537.36 (KHTML, like Gecko) Chrome/41.0.2272.118 Safari/537.36','2022-11-28 09:34:15',1,'58.247.31.242','2022-11-28 09:34:15'),(254,1,1,'58.247.31.242','Mozilla/5.0 (Windows NT 6.1; WOW64) AppleWebKit/537.36 (KHTML, like Gecko) Chrome/41.0.2272.118 Safari/537.36','2022-11-28 09:35:12',1,'58.247.31.242','2022-11-28 09:35:12'),(255,1,1,'58.247.31.242','Mozilla/5.0 (Windows NT 6.1; WOW64) AppleWebKit/537.36 (KHTML, like Gecko) Chrome/41.0.2272.118 Safari/537.36','2022-11-28 09:35:20',1,'58.247.31.242','2022-11-28 09:35:20'),(256,1,1,'58.247.31.242','Mozilla/5.0 (Windows NT 6.1; WOW64) AppleWebKit/537.36 (KHTML, like Gecko) Chrome/41.0.2272.118 Safari/537.36','2022-11-28 09:35:20',1,'58.247.31.242','2022-11-28 09:35:20'),(257,1,1,'58.247.31.242','Mozilla/5.0 (Windows NT 6.1; WOW64) AppleWebKit/537.36 (KHTML, like Gecko) Chrome/41.0.2272.118 Safari/537.36','2022-11-28 09:37:34',1,'58.247.31.242','2022-11-28 09:37:34'),(258,1,1,'58.247.31.242','Mozilla/5.0 (Windows NT 6.1; WOW64) AppleWebKit/537.36 (KHTML, like Gecko) Chrome/41.0.2272.118 Safari/537.36','2022-11-28 09:37:34',1,'58.247.31.242','2022-11-28 09:37:34'),(259,1,1,'58.247.31.242','Mozilla/5.0 (Windows NT 6.1; WOW64) AppleWebKit/537.36 (KHTML, like Gecko) Chrome/41.0.2272.118 Safari/537.36','2022-11-28 10:15:42',1,'58.247.31.242','2022-11-28 10:15:42'),(260,1,1,'58.247.31.242','Mozilla/5.0 (Windows NT 6.1; WOW64) AppleWebKit/537.36 (KHTML, like Gecko) Chrome/41.0.2272.118 Safari/537.36','2022-11-28 10:15:42',1,'58.247.31.242','2022-11-28 10:15:42'),(261,1251,1,'171.76.84.170','Mozilla/5.0 (Windows NT 10.0; Win64; x64) AppleWebKit/537.36 (KHTML, like Gecko) Chrome/107.0.0.0 Safari/537.36','2022-11-28 12:02:20',1,'171.76.84.170','2022-11-28 12:02:31'),(262,1251,1,'171.76.84.170','Mozilla/5.0 (Windows NT 10.0; Win64; x64) AppleWebKit/537.36 (KHTML, like Gecko) Chrome/107.0.0.0 Safari/537.36','2022-11-29 07:08:20',1,'171.76.84.170','2022-11-29 07:10:20'),(263,1251,1,'171.76.84.170','Mozilla/5.0 (Windows NT 10.0; Win64; x64) AppleWebKit/537.36 (KHTML, like Gecko) Chrome/107.0.0.0 Safari/537.36','2022-11-29 08:07:03',1,'171.76.84.170','2022-11-29 08:10:01'),(264,1,1,'203.192.195.111','Mozilla/5.0 (Windows NT 10.0; Win64; x64) AppleWebKit/537.36 (KHTML, like Gecko) Chrome/107.0.0.0 Safari/537.36','2022-11-29 08:14:15',1,'203.192.195.111','2022-11-29 09:25:40'),(265,1,1,'103.149.126.6','Mozilla/5.0 (X11; Linux x86_64) AppleWebKit/537.36 (KHTML, like Gecko) Chrome/106.0.0.0 Safari/537.36','2022-11-29 08:14:20',1,'103.149.126.6','2022-11-29 08:25:18'),(266,1,1,'103.149.126.6','Mozilla/5.0 (X11; Linux x86_64) AppleWebKit/537.36 (KHTML, like Gecko) Chrome/106.0.0.0 Safari/537.36','2022-11-29 11:33:15',1,'103.149.126.6','2022-11-29 11:34:31'),(267,1,1,'115.246.120.117','Mozilla/5.0 (Windows NT 10.0; Win64; x64) AppleWebKit/537.36 (KHTML, like Gecko) Chrome/107.0.0.0 Safari/537.36','2022-11-29 12:01:35',1,'115.246.120.117','2022-11-29 12:04:58'),(268,1251,1,'171.76.84.170','Mozilla/5.0 (Windows NT 10.0; Win64; x64) AppleWebKit/537.36 (KHTML, like Gecko) Chrome/107.0.0.0 Safari/537.36','2022-11-29 12:13:12',1,'171.76.84.170','2022-11-29 14:10:21'),(269,1,1,'103.149.126.6','Mozilla/5.0 (X11; Linux x86_64) AppleWebKit/537.36 (KHTML, like Gecko) Chrome/106.0.0.0 Safari/537.36','2022-11-29 12:24:20',1,'103.149.126.6','2022-11-29 13:13:09'),(270,1,1,'103.149.126.6','Mozilla/5.0 (X11; Linux x86_64) AppleWebKit/537.36 (KHTML, like Gecko) Chrome/106.0.0.0 Safari/537.36','2022-11-29 14:52:08',1,'103.149.126.6','2022-11-29 15:30:19'),(271,1251,1,'171.76.84.170','Mozilla/5.0 (Windows NT 10.0; Win64; x64) AppleWebKit/537.36 (KHTML, like Gecko) Chrome/107.0.0.0 Safari/537.36','2022-11-29 15:23:41',1,'171.76.84.170','2022-11-29 16:05:35'),(272,1,1,'103.149.126.6','Mozilla/5.0 (X11; Linux x86_64) AppleWebKit/537.36 (KHTML, like Gecko) Chrome/106.0.0.0 Safari/537.36','2022-11-29 15:30:46',1,'103.149.126.6','2022-11-29 15:31:03'),(273,1251,1,'171.76.84.170','Mozilla/5.0 (Windows NT 10.0; Win64; x64) AppleWebKit/537.36 (KHTML, like Gecko) Chrome/107.0.0.0 Safari/537.36','2022-11-29 16:06:15',1,'171.76.84.170','2022-11-29 16:26:56'),(274,1251,1,'171.76.84.170','Mozilla/5.0 (Windows NT 10.0; Win64; x64) AppleWebKit/537.36 (KHTML, like Gecko) Chrome/107.0.0.0 Safari/537.36','2022-11-30 03:48:27',0,'171.76.84.170','2022-11-30 03:48:27'),(275,1251,1,'171.76.84.170','Mozilla/5.0 (Windows NT 10.0; Win64; x64) AppleWebKit/537.36 (KHTML, like Gecko) Chrome/107.0.0.0 Safari/537.36','2022-11-30 03:48:32',1,'171.76.84.170','2022-11-30 04:05:53'),(276,1,1,'103.149.126.6','Mozilla/5.0 (X11; Linux x86_64) AppleWebKit/537.36 (KHTML, like Gecko) Chrome/106.0.0.0 Safari/537.36','2022-11-30 03:53:38',1,'103.149.126.6','2022-11-30 03:59:29'),(277,1,1,'115.246.120.117','Mozilla/5.0 (Windows NT 10.0; Win64; x64) AppleWebKit/537.36 (KHTML, like Gecko) Chrome/107.0.0.0 Safari/537.36','2022-11-30 04:19:46',1,'115.246.120.117','2022-11-30 06:42:00'),(278,1251,1,'171.76.84.170','Mozilla/5.0 (Windows NT 10.0; Win64; x64) AppleWebKit/537.36 (KHTML, like Gecko) Chrome/107.0.0.0 Safari/537.36','2022-11-30 04:42:48',1,'171.76.84.170','2022-11-30 04:59:43'),(279,1,1,'103.149.126.6','Mozilla/5.0 (X11; Linux x86_64) AppleWebKit/537.36 (KHTML, like Gecko) Chrome/106.0.0.0 Safari/537.36','2022-11-30 04:46:21',1,'103.149.126.6','2022-11-30 05:45:19'),(280,1251,1,'171.76.84.170','Mozilla/5.0 (Windows NT 10.0; Win64; x64) AppleWebKit/537.36 (KHTML, like Gecko) Chrome/107.0.0.0 Safari/537.36','2022-11-30 05:08:34',1,'171.76.84.170','2022-11-30 06:45:47'),(281,1,1,'103.149.126.6','Mozilla/5.0 (X11; Linux x86_64) AppleWebKit/537.36 (KHTML, like Gecko) Chrome/106.0.0.0 Safari/537.36','2022-11-30 06:42:09',1,'103.149.126.6','2022-11-30 06:46:19'),(282,1,1,'115.246.120.117','Mozilla/5.0 (Windows NT 10.0; Win64; x64) AppleWebKit/537.36 (KHTML, like Gecko) Chrome/107.0.0.0 Safari/537.36','2022-11-30 06:42:10',1,'115.246.120.117','2022-11-30 07:13:11'),(283,1251,1,'171.76.84.170','Mozilla/5.0 (Windows NT 10.0; Win64; x64) AppleWebKit/537.36 (KHTML, like Gecko) Chrome/107.0.0.0 Safari/537.36','2022-11-30 06:46:05',1,'171.76.84.170','2022-11-30 07:00:23'),(284,1,1,'103.149.126.6','Mozilla/5.0 (X11; Linux x86_64) AppleWebKit/537.36 (KHTML, like Gecko) Chrome/106.0.0.0 Safari/537.36','2022-11-30 06:46:52',1,'103.149.126.6','2022-11-30 07:06:31'),(285,1251,1,'171.76.84.170','Mozilla/5.0 (Windows NT 10.0; Win64; x64) AppleWebKit/537.36 (KHTML, like Gecko) Chrome/107.0.0.0 Safari/537.36','2022-11-30 06:47:42',1,'171.76.84.170','2022-11-30 07:25:01'),(286,1251,1,'125.19.12.236','Mozilla/5.0 (Windows NT 10.0; Win64; x64) AppleWebKit/537.36 (KHTML, like Gecko) Chrome/107.0.0.0 Safari/537.36','2022-11-30 07:15:28',1,'125.19.12.236','2022-11-30 07:35:51'),(287,1,1,'103.149.126.6','Mozilla/5.0 (X11; Linux x86_64) AppleWebKit/537.36 (KHTML, like Gecko) Chrome/106.0.0.0 Safari/537.36','2022-11-30 07:52:31',1,'103.149.126.6','2022-11-30 07:52:31'),(288,1,1,'115.246.120.117','Mozilla/5.0 (Windows NT 10.0; Win64; x64) AppleWebKit/537.36 (KHTML, like Gecko) Chrome/107.0.0.0 Safari/537.36','2022-11-30 08:11:38',1,'115.246.120.117','2022-11-30 08:49:28'),(289,1,1,'103.149.126.6','Mozilla/5.0 (X11; Linux x86_64) AppleWebKit/537.36 (KHTML, like Gecko) Chrome/106.0.0.0 Safari/537.36','2022-11-30 08:46:06',1,'103.149.126.6','2022-11-30 08:48:01'),(290,1251,1,'14.143.8.222','Mozilla/5.0 (Windows NT 10.0; Win64; x64) AppleWebKit/537.36 (KHTML, like Gecko) Chrome/107.0.0.0 Safari/537.36','2022-11-30 09:36:29',1,'14.143.8.222','2022-11-30 09:55:53'),(291,1,1,'103.149.126.6','Mozilla/5.0 (X11; Linux x86_64) AppleWebKit/537.36 (KHTML, like Gecko) Chrome/106.0.0.0 Safari/537.36','2022-11-30 10:21:39',1,'103.149.126.6','2022-11-30 11:43:32'),(292,1251,1,'14.143.8.222','Mozilla/5.0 (Windows NT 10.0; Win64; x64) AppleWebKit/537.36 (KHTML, like Gecko) Chrome/107.0.0.0 Safari/537.36','2022-11-30 11:21:28',1,'14.143.8.222','2022-11-30 12:01:45'),(293,1,1,'103.149.126.6','Mozilla/5.0 (X11; Linux x86_64) AppleWebKit/537.36 (KHTML, like Gecko) Chrome/106.0.0.0 Safari/537.36','2022-11-30 11:43:36',1,'103.149.126.6','2022-11-30 11:43:36'),(294,1,1,'103.149.126.6','Mozilla/5.0 (X11; Linux x86_64) AppleWebKit/537.36 (KHTML, like Gecko) Chrome/106.0.0.0 Safari/537.36','2022-11-30 12:10:31',1,'103.149.126.6','2022-11-30 12:39:39'),(295,1251,1,'171.76.84.170','Mozilla/5.0 (Windows NT 10.0; Win64; x64) AppleWebKit/537.36 (KHTML, like Gecko) Chrome/107.0.0.0 Safari/537.36','2022-11-30 12:23:14',1,'171.76.84.170','2022-11-30 12:45:27'),(296,1,1,'103.149.126.6','Mozilla/5.0 (X11; Linux x86_64) AppleWebKit/537.36 (KHTML, like Gecko) Chrome/106.0.0.0 Safari/537.36','2022-12-01 03:46:32',1,'103.149.126.6','2022-12-01 03:46:46'),(297,1251,1,'171.76.84.170','Mozilla/5.0 (Windows NT 10.0; Win64; x64) AppleWebKit/537.36 (KHTML, like Gecko) Chrome/107.0.0.0 Safari/537.36','2022-12-01 04:15:55',1,'171.76.84.170','2022-12-01 04:15:55'),(298,1251,1,'171.76.84.170','Mozilla/5.0 (Windows NT 10.0; Win64; x64) AppleWebKit/537.36 (KHTML, like Gecko) Chrome/107.0.0.0 Safari/537.36','2022-12-01 05:44:17',1,'171.76.84.170','2022-12-01 05:45:22'),(299,1,1,'103.149.126.6','Mozilla/5.0 (X11; Linux x86_64) AppleWebKit/537.36 (KHTML, like Gecko) Chrome/106.0.0.0 Safari/537.36','2022-12-01 05:55:55',1,'103.149.126.6','2022-12-01 05:55:55'),(300,1,1,'103.149.126.6','Mozilla/5.0 (X11; Linux x86_64) AppleWebKit/537.36 (KHTML, like Gecko) Chrome/106.0.0.0 Safari/537.36','2022-12-01 07:01:38',1,'103.149.126.6','2022-12-01 07:26:21'),(301,1,1,'115.246.120.117','Mozilla/5.0 (Windows NT 10.0; Win64; x64) AppleWebKit/537.36 (KHTML, like Gecko) Chrome/108.0.0.0 Safari/537.36','2022-12-01 07:08:14',1,'115.246.120.117','2022-12-01 07:08:36'),(302,1,1,'103.149.126.6','Mozilla/5.0 (X11; Linux x86_64) AppleWebKit/537.36 (KHTML, like Gecko) Chrome/106.0.0.0 Safari/537.36','2022-12-01 09:03:46',1,'103.149.126.6','2022-12-01 09:03:46'),(303,1,1,'103.149.126.6','Mozilla/5.0 (X11; Linux x86_64) AppleWebKit/537.36 (KHTML, like Gecko) Chrome/106.0.0.0 Safari/537.36','2022-12-01 09:03:47',1,'103.149.126.6','2022-12-01 09:03:47'),(304,1,1,'47.9.169.191','Mozilla/5.0 (Windows NT 10.0; Win64; x64) AppleWebKit/537.36 (KHTML, like Gecko) Chrome/107.0.0.0 Safari/537.36','2022-12-01 11:26:49',1,'47.9.169.191','2022-12-01 11:33:13'),(305,1,1,'115.246.120.117','Mozilla/5.0 (Windows NT 10.0; Win64; x64) AppleWebKit/537.36 (KHTML, like Gecko) Chrome/108.0.0.0 Safari/537.36','2022-12-01 11:56:18',1,'115.246.120.117','2022-12-01 12:14:19'),(306,1,1,'103.149.126.6','Mozilla/5.0 (X11; Linux x86_64) AppleWebKit/537.36 (KHTML, like Gecko) Chrome/106.0.0.0 Safari/537.36','2022-12-01 11:59:21',1,'103.149.126.6','2022-12-01 11:59:22'),(307,1,1,'47.9.87.122','Mozilla/5.0 (Windows NT 10.0; Win64; x64) AppleWebKit/537.36 (KHTML, like Gecko) Chrome/107.0.0.0 Safari/537.36','2022-12-02 07:02:45',1,'47.9.87.122','2022-12-02 07:04:57'),(308,1,1,'103.149.126.6','Mozilla/5.0 (X11; Linux x86_64) AppleWebKit/537.36 (KHTML, like Gecko) Chrome/106.0.0.0 Safari/537.36','2022-12-02 07:15:19',1,'103.149.126.6','2022-12-02 07:15:40'),(309,1,1,'47.9.87.122','Mozilla/5.0 (Windows NT 10.0; Win64; x64) AppleWebKit/537.36 (KHTML, like Gecko) Chrome/107.0.0.0 Safari/537.36','2022-12-02 07:42:01',1,'47.9.87.122','2022-12-02 07:42:01'),(310,1251,1,'171.76.84.170','Mozilla/5.0 (Windows NT 10.0; Win64; x64) AppleWebKit/537.36 (KHTML, like Gecko) Chrome/107.0.0.0 Safari/537.36','2022-12-02 07:42:39',1,'171.76.84.170','2022-12-02 09:07:26'),(311,1,1,'103.149.126.6','Mozilla/5.0 (X11; Linux x86_64) AppleWebKit/537.36 (KHTML, like Gecko) Chrome/106.0.0.0 Safari/537.36','2022-12-02 08:54:13',1,'103.149.126.6','2022-12-02 09:55:45'),(312,1251,1,'171.76.84.170','Mozilla/5.0 (Windows NT 10.0; Win64; x64) AppleWebKit/537.36 (KHTML, like Gecko) Chrome/107.0.0.0 Safari/537.36','2022-12-02 09:01:53',1,'171.76.84.170','2022-12-02 09:03:01'),(313,1251,1,'171.76.84.170','Mozilla/5.0 (Windows NT 10.0; Win64; x64) AppleWebKit/537.36 (KHTML, like Gecko) Chrome/107.0.0.0 Safari/537.36','2022-12-02 09:07:42',1,'171.76.84.170','2022-12-02 09:33:51'),(314,1,1,'103.149.126.6','Mozilla/5.0 (X11; Linux x86_64) AppleWebKit/537.36 (KHTML, like Gecko) Chrome/106.0.0.0 Safari/537.36','2022-12-02 09:55:49',1,'103.149.126.6','2022-12-02 09:56:25'),(315,1,1,'103.149.126.6','Mozilla/5.0 (X11; Linux x86_64) AppleWebKit/537.36 (KHTML, like Gecko) Chrome/106.0.0.0 Safari/537.36','2022-12-02 09:56:43',1,'103.149.126.6','2022-12-02 10:02:39'),(316,1251,1,'171.76.84.170','Mozilla/5.0 (Windows NT 10.0; Win64; x64) AppleWebKit/537.36 (KHTML, like Gecko) Chrome/107.0.0.0 Safari/537.36','2022-12-02 10:01:50',1,'171.76.84.170','2022-12-02 10:01:50'),(317,1251,1,'171.76.84.170','Mozilla/5.0 (Windows NT 10.0; Win64; x64) AppleWebKit/537.36 (KHTML, like Gecko) Chrome/107.0.0.0 Safari/537.36','2022-12-02 10:01:50',1,'171.76.84.170','2022-12-02 10:03:12'),(318,1251,1,'171.76.84.170','Mozilla/5.0 (Windows NT 10.0; Win64; x64) AppleWebKit/537.36 (KHTML, like Gecko) Chrome/107.0.0.0 Safari/537.36','2022-12-02 10:44:02',1,'171.76.84.170','2022-12-02 10:52:28'),(319,1,1,'115.246.120.117','Mozilla/5.0 (Windows NT 10.0; Win64; x64) AppleWebKit/537.36 (KHTML, like Gecko) Chrome/108.0.0.0 Safari/537.36','2022-12-02 11:04:26',1,'115.246.120.117','2022-12-02 11:31:13'),(320,1,1,'115.246.120.117','Mozilla/5.0 (Windows NT 10.0; Win64; x64) AppleWebKit/537.36 (KHTML, like Gecko) Chrome/108.0.0.0 Safari/537.36','2022-12-02 12:20:38',1,'115.246.120.117','2022-12-02 12:21:43'),(321,1,1,'103.149.126.6','Mozilla/5.0 (X11; Linux x86_64) AppleWebKit/537.36 (KHTML, like Gecko) Chrome/106.0.0.0 Safari/537.36','2022-12-05 03:54:36',1,'103.149.126.6','2022-12-05 04:55:36'),(322,1,1,'115.246.120.117','Mozilla/5.0 (Windows NT 10.0; Win64; x64) AppleWebKit/537.36 (KHTML, like Gecko) Chrome/108.0.0.0 Safari/537.36','2022-12-05 04:02:43',1,'115.246.120.117','2022-12-05 04:03:33'),(323,1251,1,'171.76.84.170','Mozilla/5.0 (Windows NT 10.0; Win64; x64) AppleWebKit/537.36 (KHTML, like Gecko) Chrome/107.0.0.0 Safari/537.36','2022-12-05 04:31:37',1,'171.76.84.170','2022-12-05 04:31:55'),(324,1,1,'103.149.126.6','Mozilla/5.0 (X11; Linux x86_64) AppleWebKit/537.36 (KHTML, like Gecko) Chrome/106.0.0.0 Safari/537.36','2022-12-05 04:55:42',1,'103.149.126.6','2022-12-05 04:55:47'),(325,1251,1,'171.76.84.170','Mozilla/5.0 (Windows NT 10.0; Win64; x64) AppleWebKit/537.36 (KHTML, like Gecko) Chrome/107.0.0.0 Safari/537.36','2022-12-05 06:47:13',1,'171.76.84.170','2022-12-05 06:48:26'),(326,1,1,'103.149.126.6','Mozilla/5.0 (X11; Linux x86_64) AppleWebKit/537.36 (KHTML, like Gecko) Chrome/106.0.0.0 Safari/537.36','2022-12-05 11:36:04',1,'103.149.126.6','2022-12-05 11:36:24'),(327,1,1,'103.149.126.6','Mozilla/5.0 (X11; Linux x86_64) AppleWebKit/537.36 (KHTML, like Gecko) Chrome/106.0.0.0 Safari/537.36','2022-12-05 12:21:02',1,'103.149.126.6','2022-12-05 12:21:02'),(328,1,1,'115.246.120.117','Mozilla/5.0 (Windows NT 10.0; Win64; x64) AppleWebKit/537.36 (KHTML, like Gecko) Chrome/108.0.0.0 Safari/537.36','2022-12-05 12:32:20',1,'115.246.120.117','2022-12-05 12:32:41'),(329,1251,1,'171.76.84.170','Mozilla/5.0 (Windows NT 10.0; Win64; x64) AppleWebKit/537.36 (KHTML, like Gecko) Chrome/107.0.0.0 Safari/537.36','2022-12-05 12:48:04',1,'171.76.84.170','2022-12-05 13:25:50'),(330,1251,1,'171.76.84.170','Mozilla/5.0 (Windows NT 10.0; Win64; x64) AppleWebKit/537.36 (KHTML, like Gecko) Chrome/107.0.0.0 Safari/537.36','2022-12-06 04:02:58',1,'171.76.84.170','2022-12-06 06:21:52'),(331,1,1,'183.82.155.77','Mozilla/5.0 (Windows NT 10.0; Win64; x64) AppleWebKit/537.36 (KHTML, like Gecko) Chrome/108.0.0.0 Safari/537.36','2022-12-06 04:04:12',1,'183.82.155.77','2022-12-06 04:04:24'),(332,1,1,'103.149.126.6','Mozilla/5.0 (X11; Linux x86_64) AppleWebKit/537.36 (KHTML, like Gecko) Chrome/106.0.0.0 Safari/537.36','2022-12-06 10:33:37',1,'103.149.126.6','2022-12-06 11:36:25'),(333,1251,1,'171.76.84.170','Mozilla/5.0 (Windows NT 10.0; Win64; x64) AppleWebKit/537.36 (KHTML, like Gecko) Chrome/107.0.0.0 Safari/537.36','2022-12-06 12:32:06',1,'171.76.84.170','2022-12-06 12:32:26'),(334,1,1,'103.149.126.6','Mozilla/5.0 (X11; Linux x86_64) AppleWebKit/537.36 (KHTML, like Gecko) Chrome/106.0.0.0 Safari/537.36','2022-12-06 12:35:14',1,'103.149.126.6','2022-12-06 12:35:23'),(335,1,1,'103.149.126.6','Mozilla/5.0 (X11; Linux x86_64) AppleWebKit/537.36 (KHTML, like Gecko) Chrome/106.0.0.0 Safari/537.36','2022-12-06 13:22:15',1,'103.149.126.6','2022-12-06 13:22:49'),(336,1251,1,'171.76.84.170','Mozilla/5.0 (Windows NT 10.0; Win64; x64) AppleWebKit/537.36 (KHTML, like Gecko) Chrome/107.0.0.0 Safari/537.36','2022-12-06 13:23:43',1,'171.76.84.170','2022-12-06 13:23:55'),(337,1251,1,'171.76.84.170','Mozilla/5.0 (Windows NT 10.0; Win64; x64) AppleWebKit/537.36 (KHTML, like Gecko) Chrome/107.0.0.0 Safari/537.36','2022-12-06 13:26:33',1,'171.76.84.170','2022-12-06 13:42:45'),(338,1251,1,'171.76.84.170','Mozilla/5.0 (Windows NT 10.0; Win64; x64) AppleWebKit/537.36 (KHTML, like Gecko) Chrome/107.0.0.0 Safari/537.36','2022-12-07 03:57:28',1,'171.76.84.170','2022-12-07 04:32:28'),(339,1,1,'115.246.120.117','Mozilla/5.0 (Windows NT 10.0; Win64; x64) AppleWebKit/537.36 (KHTML, like Gecko) Chrome/108.0.0.0 Safari/537.36','2022-12-07 04:07:13',1,'115.246.120.117','2022-12-07 04:07:26'),(340,1,1,'103.149.126.6','Mozilla/5.0 (X11; Linux x86_64) AppleWebKit/537.36 (KHTML, like Gecko) Chrome/106.0.0.0 Safari/537.36','2022-12-07 04:27:00',1,'103.149.126.6','2022-12-07 04:27:04'),(341,1,1,'115.246.120.117','Mozilla/5.0 (Windows NT 10.0; Win64; x64) AppleWebKit/537.36 (KHTML, like Gecko) Chrome/108.0.0.0 Safari/537.36','2022-12-07 04:42:06',1,'115.246.120.117','2022-12-07 04:42:21'),(342,1,1,'103.149.126.6','Mozilla/5.0 (X11; Linux x86_64) AppleWebKit/537.36 (KHTML, like Gecko) Chrome/106.0.0.0 Safari/537.36','2022-12-07 04:58:55',1,'103.149.126.6','2022-12-07 05:18:10'),(343,1,1,'103.149.126.6','Mozilla/5.0 (X11; Linux x86_64) AppleWebKit/537.36 (KHTML, like Gecko) Chrome/106.0.0.0 Safari/537.36','2022-12-07 05:19:10',1,'103.149.126.6','2022-12-07 06:16:46'),(344,1,1,'49.156.68.64','Mozilla/5.0 (Windows NT 10.0; Win64; x64) AppleWebKit/537.36 (KHTML, like Gecko) Chrome/108.0.0.0 Safari/537.36','2022-12-07 05:20:01',1,'49.156.68.64','2022-12-07 05:23:56'),(345,1,1,'103.149.126.6','Mozilla/5.0 (X11; Linux x86_64) AppleWebKit/537.36 (KHTML, like Gecko) Chrome/106.0.0.0 Safari/537.36','2022-12-07 06:16:51',1,'103.149.126.6','2022-12-07 06:16:51'),(346,1,1,'103.149.126.6','Mozilla/5.0 (X11; Linux x86_64) AppleWebKit/537.36 (KHTML, like Gecko) Chrome/106.0.0.0 Safari/537.36','2022-12-07 06:16:55',1,'103.149.126.6','2022-12-07 06:23:37'),(347,1,1,'49.156.68.64','Mozilla/5.0 (Windows NT 10.0; Win64; x64) AppleWebKit/537.36 (KHTML, like Gecko) Chrome/108.0.0.0 Safari/537.36','2022-12-07 06:23:26',1,'49.156.68.64','2022-12-07 06:25:01'),(348,1,1,'106.210.181.224','Mozilla/5.0 (X11; Linux x86_64) AppleWebKit/537.36 (KHTML, like Gecko) Chrome/106.0.0.0 Safari/537.36','2022-12-07 06:27:05',1,'106.210.181.224','2022-12-07 06:42:31'),(349,1,1,'106.210.181.224','Mozilla/5.0 (X11; Linux x86_64) AppleWebKit/537.36 (KHTML, like Gecko) Chrome/106.0.0.0 Safari/537.36','2022-12-07 06:42:37',1,'106.210.181.224','2022-12-07 07:22:35'),(350,1,1,'115.246.120.117','Mozilla/5.0 (Windows NT 10.0; Win64; x64) AppleWebKit/537.36 (KHTML, like Gecko) Chrome/108.0.0.0 Safari/537.36','2022-12-07 06:50:47',1,'115.246.120.117','2022-12-07 07:11:01'),(351,1251,1,'171.76.84.170','Mozilla/5.0 (Windows NT 10.0; Win64; x64) AppleWebKit/537.36 (KHTML, like Gecko) Chrome/107.0.0.0 Safari/537.36','2022-12-07 07:03:57',1,'171.76.84.170','2022-12-07 07:13:32'),(352,1,1,'49.156.68.64','Mozilla/5.0 (Windows NT 10.0; Win64; x64) AppleWebKit/537.36 (KHTML, like Gecko) Chrome/108.0.0.0 Safari/537.36','2022-12-07 07:21:12',1,'49.156.68.64','2022-12-07 07:21:27'),(353,1,1,'49.156.68.64','Mozilla/5.0 (Windows NT 10.0; Win64; x64) AppleWebKit/537.36 (KHTML, like Gecko) Chrome/108.0.0.0 Safari/537.36','2022-12-07 07:24:15',1,'49.156.68.64','2022-12-07 07:24:36'),(354,1251,1,'171.76.84.170','Mozilla/5.0 (Windows NT 10.0; Win64; x64) AppleWebKit/537.36 (KHTML, like Gecko) Chrome/107.0.0.0 Safari/537.36','2022-12-07 08:46:06',1,'171.76.84.170','2022-12-07 09:01:35'),(355,1,1,'103.149.126.6','Mozilla/5.0 (X11; Linux x86_64) AppleWebKit/537.36 (KHTML, like Gecko) Chrome/106.0.0.0 Safari/537.36','2022-12-07 08:53:51',1,'103.149.126.6','2022-12-07 08:53:51'),(356,1,1,'115.246.120.117','Mozilla/5.0 (Windows NT 10.0; Win64; x64) AppleWebKit/537.36 (KHTML, like Gecko) Chrome/108.0.0.0 Safari/537.36','2022-12-07 09:32:08',1,'115.246.120.117','2022-12-07 09:32:08'),(357,1,1,'103.149.126.6','Mozilla/5.0 (X11; Linux x86_64) AppleWebKit/537.36 (KHTML, like Gecko) Chrome/106.0.0.0 Safari/537.36','2022-12-07 09:44:09',1,'103.149.126.6','2022-12-07 10:15:00'),(358,1,1,'49.156.68.64','Mozilla/5.0 (Windows NT 10.0; Win64; x64) AppleWebKit/537.36 (KHTML, like Gecko) Chrome/108.0.0.0 Safari/537.36','2022-12-07 10:13:14',1,'49.156.68.64','2022-12-07 10:13:27'),(359,1,1,'103.149.126.6','Mozilla/5.0 (X11; Linux x86_64) AppleWebKit/537.36 (KHTML, like Gecko) Chrome/106.0.0.0 Safari/537.36','2022-12-07 11:05:11',1,'103.149.126.6','2022-12-07 11:33:41'),(360,1,1,'103.149.126.6','Mozilla/5.0 (X11; Linux x86_64) AppleWebKit/537.36 (KHTML, like Gecko) Chrome/106.0.0.0 Safari/537.36','2022-12-07 12:50:47',1,'103.149.126.6','2022-12-07 12:50:47'),(361,1251,1,'171.76.84.170','Mozilla/5.0 (Windows NT 10.0; Win64; x64) AppleWebKit/537.36 (KHTML, like Gecko) Chrome/107.0.0.0 Safari/537.36','2022-12-07 13:14:52',1,'171.76.84.170','2022-12-07 13:15:01'),(362,1251,1,'171.76.84.170','Mozilla/5.0 (Windows NT 10.0; Win64; x64) AppleWebKit/537.36 (KHTML, like Gecko) Chrome/107.0.0.0 Safari/537.36','2022-12-07 14:15:38',0,'171.76.84.170','2022-12-07 14:15:38'),(363,1251,1,'171.76.84.170','Mozilla/5.0 (Windows NT 10.0; Win64; x64) AppleWebKit/537.36 (KHTML, like Gecko) Chrome/107.0.0.0 Safari/537.36','2022-12-07 14:15:42',1,'171.76.84.170','2022-12-07 14:21:58'),(364,1251,1,'171.76.84.170','Mozilla/5.0 (Windows NT 10.0; Win64; x64) AppleWebKit/537.36 (KHTML, like Gecko) Chrome/107.0.0.0 Safari/537.36','2022-12-07 16:50:17',1,'171.76.84.170','2022-12-07 17:36:42'),(365,1,1,'183.82.152.10','Mozilla/5.0 (Windows NT 10.0; Win64; x64) AppleWebKit/537.36 (KHTML, like Gecko) Chrome/108.0.0.0 Safari/537.36','2022-12-08 03:10:03',1,'183.82.152.10','2022-12-08 03:10:03'),(366,1251,1,'171.76.84.170','Mozilla/5.0 (Windows NT 10.0; Win64; x64) AppleWebKit/537.36 (KHTML, like Gecko) Chrome/107.0.0.0 Safari/537.36','2022-12-08 04:07:43',1,'171.76.84.170','2022-12-08 04:30:35'),(367,1,1,'103.149.126.6','Mozilla/5.0 (X11; Linux x86_64) AppleWebKit/537.36 (KHTML, like Gecko) Chrome/106.0.0.0 Safari/537.36','2022-12-08 04:10:18',1,'103.149.126.6','2022-12-08 04:12:00'),(368,1,1,'103.149.126.6','Mozilla/5.0 (X11; Linux x86_64) AppleWebKit/537.36 (KHTML, like Gecko) Chrome/106.0.0.0 Safari/537.36','2022-12-08 04:53:09',1,'103.149.126.6','2022-12-08 05:06:01'),(369,1,1,'183.82.152.10','Mozilla/5.0 (Windows NT 10.0; Win64; x64) AppleWebKit/537.36 (KHTML, like Gecko) Chrome/108.0.0.0 Safari/537.36','2022-12-08 05:16:03',1,'183.82.152.10','2022-12-08 05:20:28'),(370,1251,1,'59.145.174.37','Mozilla/5.0 (Windows NT 10.0; Win64; x64) AppleWebKit/537.36 (KHTML, like Gecko) Chrome/107.0.0.0 Safari/537.36','2022-12-08 06:14:24',1,'59.145.174.37','2022-12-08 06:29:49'),(371,1251,1,'171.76.84.170','Mozilla/5.0 (Windows NT 10.0; Win64; x64) AppleWebKit/537.36 (KHTML, like Gecko) Chrome/107.0.0.0 Safari/537.36','2022-12-08 06:21:46',1,'171.76.84.170','2022-12-08 06:26:21'),(372,1,1,'157.37.190.19','Mozilla/5.0 (Windows NT 10.0; Win64; x64) AppleWebKit/537.36 (KHTML, like Gecko) Chrome/108.0.0.0 Safari/537.36','2022-12-08 06:28:17',1,'157.37.190.19','2022-12-08 06:30:12'),(373,1,1,'183.82.155.52','Mozilla/5.0 (Windows NT 10.0; Win64; x64) AppleWebKit/537.36 (KHTML, like Gecko) Chrome/108.0.0.0 Safari/537.36','2022-12-08 06:44:25',1,'183.82.155.52','2022-12-08 06:44:25'),(374,1,1,'183.82.155.52','Mozilla/5.0 (Windows NT 10.0; Win64; x64) AppleWebKit/537.36 (KHTML, like Gecko) Chrome/108.0.0.0 Safari/537.36','2022-12-08 06:44:30',1,'183.82.155.52','2022-12-08 07:04:18'),(375,1,1,'183.82.155.52','Mozilla/5.0 (Windows NT 10.0; Win64; x64) AppleWebKit/537.36 (KHTML, like Gecko) Chrome/108.0.0.0 Safari/537.36','2022-12-08 08:03:35',1,'183.82.155.52','2022-12-08 09:06:43'),(376,1,1,'103.149.126.6','Mozilla/5.0 (X11; Linux x86_64) AppleWebKit/537.36 (KHTML, like Gecko) Chrome/106.0.0.0 Safari/537.36','2022-12-08 09:32:02',1,'103.149.126.6','2022-12-08 09:32:10'),(377,1,1,'183.82.155.52','Mozilla/5.0 (Windows NT 10.0; Win64; x64) AppleWebKit/537.36 (KHTML, like Gecko) Chrome/108.0.0.0 Safari/537.36','2022-12-08 09:45:19',1,'183.82.155.52','2022-12-08 13:32:36'),(378,1,1,'49.156.85.83','Mozilla/5.0 (Windows NT 10.0; Win64; x64) AppleWebKit/537.36 (KHTML, like Gecko) Chrome/108.0.0.0 Safari/537.36','2022-12-08 10:08:03',1,'49.156.85.83','2022-12-08 10:16:47'),(379,1,1,'103.149.126.6','Mozilla/5.0 (X11; Linux x86_64) AppleWebKit/537.36 (KHTML, like Gecko) Chrome/106.0.0.0 Safari/537.36','2022-12-08 10:59:57',1,'103.149.126.6','2022-12-08 11:00:19'),(380,1251,1,'171.76.84.170','Mozilla/5.0 (Windows NT 10.0; Win64; x64) AppleWebKit/537.36 (KHTML, like Gecko) Chrome/107.0.0.0 Safari/537.36','2022-12-08 12:15:27',1,'171.76.84.170','2022-12-08 12:16:01'),(381,1,1,'183.82.153.203','Mozilla/5.0 (Windows NT 10.0; Win64; x64) AppleWebKit/537.36 (KHTML, like Gecko) Chrome/108.0.0.0 Safari/537.36','2022-12-08 13:33:56',1,'183.82.153.203','2022-12-08 13:52:29'),(382,1,1,'115.246.120.117','Mozilla/5.0 (Windows NT 10.0; Win64; x64) AppleWebKit/537.36 (KHTML, like Gecko) Chrome/108.0.0.0 Safari/537.36','2022-12-09 03:47:01',1,'115.246.120.117','2022-12-09 06:23:53'),(383,1,1,'103.149.126.6','Mozilla/5.0 (X11; Linux x86_64) AppleWebKit/537.36 (KHTML, like Gecko) Chrome/106.0.0.0 Safari/537.36','2022-12-09 05:58:49',1,'103.149.126.6','2022-12-09 05:58:53'),(384,1251,1,'171.76.84.170','Mozilla/5.0 (Windows NT 10.0; Win64; x64) AppleWebKit/537.36 (KHTML, like Gecko) Chrome/107.0.0.0 Safari/537.36','2022-12-09 07:19:23',1,'171.76.84.170','2022-12-09 07:54:56'),(385,1,1,'115.246.120.117','Mozilla/5.0 (Windows NT 10.0; Win64; x64) AppleWebKit/537.36 (KHTML, like Gecko) Chrome/108.0.0.0 Safari/537.36','2022-12-09 09:04:53',1,'115.246.120.117','2022-12-09 09:27:27'),(386,1251,1,'171.76.84.170','Mozilla/5.0 (Windows NT 10.0; Win64; x64) AppleWebKit/537.36 (KHTML, like Gecko) Chrome/108.0.0.0 Safari/537.36','2022-12-09 10:26:15',1,'171.76.84.170','2022-12-09 12:03:05'),(387,1,1,'115.246.120.117','Mozilla/5.0 (Windows NT 10.0; Win64; x64) AppleWebKit/537.36 (KHTML, like Gecko) Chrome/108.0.0.0 Safari/537.36','2022-12-09 10:38:35',1,'115.246.120.117','2022-12-09 10:38:42'),(388,1,1,'103.149.126.6','Mozilla/5.0 (X11; Linux x86_64) AppleWebKit/537.36 (KHTML, like Gecko) Chrome/106.0.0.0 Safari/537.36','2022-12-09 10:58:45',1,'103.149.126.6','2022-12-09 10:58:48'),(389,1,1,'115.246.120.117','Mozilla/5.0 (Windows NT 10.0; Win64; x64) AppleWebKit/537.36 (KHTML, like Gecko) Chrome/108.0.0.0 Safari/537.36','2022-12-09 11:46:06',1,'115.246.120.117','2022-12-09 11:46:45'),(390,1,1,'103.149.126.6','Mozilla/5.0 (X11; Linux x86_64) AppleWebKit/537.36 (KHTML, like Gecko) Chrome/106.0.0.0 Safari/537.36','2022-12-09 12:08:34',1,'103.149.126.6','2022-12-09 13:08:24'),(391,1251,1,'124.253.198.40','Mozilla/5.0 (Windows NT 10.0; Win64; x64) AppleWebKit/537.36 (KHTML, like Gecko) Chrome/108.0.0.0 Safari/537.36','2022-12-09 13:03:49',1,'124.253.198.40','2022-12-09 13:09:07'),(392,1,1,'124.253.198.40','Mozilla/5.0 (Windows NT 10.0; Win64; x64) AppleWebKit/537.36 (KHTML, like Gecko) Chrome/108.0.0.0 Safari/537.36','2022-12-09 13:09:24',1,'124.253.198.40','2022-12-09 13:09:34'),(393,1,1,'42.3.66.114','Mozilla/5.0 (Windows NT 10.0; Win64; x64) AppleWebKit/537.36 (KHTML, like Gecko) Chrome/108.0.0.0 Safari/537.36','2022-12-12 02:37:09',1,'42.3.66.114','2022-12-12 02:37:11'),(394,1,1,'103.149.126.6','Mozilla/5.0 (X11; Linux x86_64) AppleWebKit/537.36 (KHTML, like Gecko) Chrome/106.0.0.0 Safari/537.36','2022-12-12 03:55:22',1,'103.149.126.6','2022-12-12 03:55:34'),(395,1251,1,'171.76.84.170','Mozilla/5.0 (Windows NT 10.0; Win64; x64) AppleWebKit/537.36 (KHTML, like Gecko) Chrome/108.0.0.0 Safari/537.36','2022-12-12 04:09:37',1,'171.76.84.170','2022-12-12 04:35:52'),(396,1,1,'210.56.117.209','Mozilla/5.0 (Windows NT 10.0; Win64; x64) AppleWebKit/537.36 (KHTML, like Gecko) Chrome/108.0.0.0 Safari/537.36','2022-12-12 05:00:13',1,'210.56.117.209','2022-12-12 05:22:55'),(397,1251,1,'171.76.84.170','Mozilla/5.0 (Windows NT 10.0; Win64; x64) AppleWebKit/537.36 (KHTML, like Gecko) Chrome/108.0.0.0 Safari/537.36','2022-12-12 05:49:09',1,'171.76.84.170','2022-12-12 06:04:16'),(398,1251,1,'171.76.84.170','Mozilla/5.0 (Windows NT 10.0; Win64; x64) AppleWebKit/537.36 (KHTML, like Gecko) Chrome/108.0.0.0 Safari/537.36','2022-12-12 07:46:44',1,'171.76.84.170','2022-12-12 08:17:45'),(399,1,1,'1.14.69.203','Mozilla/5.0 (Windows NT 6.1; WOW64) AppleWebKit/537.36 (KHTML, like Gecko) Chrome/36.0.1985.67 Safari/537.36','2022-12-12 07:48:29',1,'1.14.69.203','2022-12-12 07:48:29'),(400,1,1,'42.3.66.114','Mozilla/5.0 (Windows NT 10.0; Win64; x64) AppleWebKit/537.36 (KHTML, like Gecko) Chrome/108.0.0.0 Safari/537.36','2022-12-12 07:48:59',1,'42.3.66.114','2022-12-12 07:49:01'),(401,1,1,'103.149.126.6','Mozilla/5.0 (X11; Linux x86_64) AppleWebKit/537.36 (KHTML, like Gecko) Chrome/106.0.0.0 Safari/537.36','2022-12-12 08:11:36',1,'103.149.126.6','2022-12-12 08:38:32'),(402,1,1,'103.149.126.6','Mozilla/5.0 (X11; Linux x86_64) AppleWebKit/537.36 (KHTML, like Gecko) Chrome/106.0.0.0 Safari/537.36','2022-12-12 09:10:29',1,'103.149.126.6','2022-12-12 09:10:29'),(403,1251,1,'14.143.8.222','Mozilla/5.0 (Windows NT 10.0; Win64; x64) AppleWebKit/537.36 (KHTML, like Gecko) Chrome/107.0.0.0 Safari/537.36','2022-12-12 10:45:51',1,'14.143.8.222','2022-12-12 10:55:01'),(404,1251,1,'171.76.84.170','Mozilla/5.0 (Windows NT 10.0; Win64; x64) AppleWebKit/537.36 (KHTML, like Gecko) Chrome/108.0.0.0 Safari/537.36','2022-12-12 11:22:11',1,'171.76.84.170','2022-12-12 11:23:01'),(405,1,1,'180.214.145.163','Mozilla/5.0 (Windows NT 10.0; Win64; x64) AppleWebKit/537.36 (KHTML, like Gecko) Chrome/108.0.0.0 Safari/537.36','2022-12-12 11:59:39',1,'180.214.145.163','2022-12-12 12:05:30'),(406,1,1,'103.149.126.6','Mozilla/5.0 (X11; Linux x86_64) AppleWebKit/537.36 (KHTML, like Gecko) Chrome/106.0.0.0 Safari/537.36','2022-12-12 12:06:09',1,'103.149.126.6','2022-12-12 12:06:09'),(407,1251,1,'103.104.181.159','Mozilla/5.0 (Windows NT 10.0; Win64; x64) AppleWebKit/537.36 (KHTML, like Gecko) Chrome/108.0.0.0 Safari/537.36','2022-12-12 14:20:33',1,'103.104.181.159','2022-12-12 14:37:26'),(408,1251,1,'103.104.181.159','Mozilla/5.0 (Windows NT 10.0; Win64; x64) AppleWebKit/537.36 (KHTML, like Gecko) Chrome/108.0.0.0 Safari/537.36','2022-12-12 15:48:33',1,'103.104.181.159','2022-12-12 16:14:47'),(409,1,1,'101.206.167.73','Mozilla/5.0 (Windows NT 5.1) AppleWebKit/537.36 (KHTML, like Gecko) Chrome/35.0.3319.102 Safari/537.36','2022-12-13 02:51:27',1,'101.206.167.73','2022-12-13 02:51:27'),(410,1,1,'101.206.167.73','Mozilla/5.0 (Windows NT 5.1) AppleWebKit/537.36 (KHTML, like Gecko) Chrome/34.0.1866.237 Safari/537.36','2022-12-13 02:51:45',1,'101.206.167.73','2022-12-13 02:51:45'),(411,1,1,'101.206.167.73','Mozilla/5.0 (Windows NT 10.0; Win64; x64) AppleWebKit/537.36 (KHTML, like Gecko) Chrome/108.0.0.0 Safari/537.36','2022-12-13 02:51:57',1,'101.206.167.73','2022-12-13 02:53:12'),(412,1,1,'1.14.69.203','Mozilla/5.0 (Macintosh; Intel Mac OS X 10_10_1) AppleWebKit/537.36 (KHTML, like Gecko) Chrome/41.0.2227.1 Safari/537.36','2022-12-13 03:44:54',1,'1.14.69.203','2022-12-13 03:44:54'),(413,1,1,'1.14.69.203','Mozilla/5.0 (Windows NT 6.1; WOW64) AppleWebKit/537.36 (KHTML, like Gecko) Chrome/36.0.1985.67 Safari/537.36','2022-12-13 04:00:47',1,'1.14.69.203','2022-12-13 04:00:47'),(414,1251,1,'171.76.84.170','Mozilla/5.0 (Windows NT 10.0; Win64; x64) AppleWebKit/537.36 (KHTML, like Gecko) Chrome/108.0.0.0 Safari/537.36','2022-12-13 04:14:54',1,'171.76.84.170','2022-12-13 04:37:21'),(415,1252,1,'171.76.84.170','Mozilla/5.0 (Windows NT 10.0; Win64; x64) AppleWebKit/537.36 (KHTML, like Gecko) Chrome/108.0.0.0 Safari/537.36','2022-12-13 04:37:39',1,'171.76.84.170','2022-12-13 04:51:23'),(416,1,1,'115.246.120.117','Mozilla/5.0 (Windows NT 10.0; Win64; x64) AppleWebKit/537.36 (KHTML, like Gecko) Chrome/108.0.0.0 Safari/537.36','2022-12-13 04:43:23',1,'115.246.120.117','2022-12-13 04:43:23'),(417,1,1,'1.14.69.203','Mozilla/5.0 (Windows NT 10.0; Win64; x64) AppleWebKit/537.36 (KHTML, like Gecko) Chrome/108.0.0.0 Safari/537.36','2022-12-13 05:40:54',1,'1.14.69.203','2022-12-13 06:17:17'),(418,1251,1,'103.104.181.159','Mozilla/5.0 (Windows NT 10.0; Win64; x64) AppleWebKit/537.36 (KHTML, like Gecko) Chrome/108.0.0.0 Safari/537.36','2022-12-13 05:47:14',1,'103.104.181.159','2022-12-13 05:47:26'),(419,1251,1,'125.19.12.235','Mozilla/5.0 (Windows NT 10.0; Win64; x64) AppleWebKit/537.36 (KHTML, like Gecko) Chrome/107.0.0.0 Safari/537.36','2022-12-13 07:40:03',1,'125.19.12.235','2022-12-13 08:04:52'),(420,1,1,'103.149.126.6','Mozilla/5.0 (X11; Linux x86_64) AppleWebKit/537.36 (KHTML, like Gecko) Chrome/106.0.0.0 Safari/537.36','2022-12-13 08:08:17',1,'103.149.126.6','2022-12-13 08:13:14'),(421,1251,1,'103.104.181.159','Mozilla/5.0 (Windows NT 10.0; Win64; x64) AppleWebKit/537.36 (KHTML, like Gecko) Chrome/108.0.0.0 Safari/537.36','2022-12-13 09:14:08',1,'103.104.181.159','2022-12-13 09:43:40'),(422,1,1,'103.149.126.6','Mozilla/5.0 (X11; Linux x86_64) AppleWebKit/537.36 (KHTML, like Gecko) Chrome/106.0.0.0 Safari/537.36','2022-12-13 09:27:29',1,'103.149.126.6','2022-12-13 09:27:30'),(423,1251,1,'103.104.181.159','Mozilla/5.0 (Windows NT 10.0; Win64; x64) AppleWebKit/537.36 (KHTML, like Gecko) Chrome/108.0.0.0 Safari/537.36','2022-12-13 10:44:46',1,'103.104.181.159','2022-12-13 13:09:16'),(424,1,1,'124.253.11.250','Mozilla/5.0 (Windows NT 10.0; Win64; x64) AppleWebKit/537.36 (KHTML, like Gecko) Chrome/108.0.0.0 Safari/537.36','2022-12-13 10:44:50',1,'124.253.11.250','2022-12-13 10:44:57'),(425,1251,1,'171.76.84.170','Mozilla/5.0 (Windows NT 10.0; Win64; x64) AppleWebKit/537.36 (KHTML, like Gecko) Chrome/108.0.0.0 Safari/537.36','2022-12-13 12:13:56',1,'171.76.84.170','2022-12-13 12:14:05'),(426,1252,1,'171.76.84.170','Mozilla/5.0 (Windows NT 10.0; Win64; x64) AppleWebKit/537.36 (KHTML, like Gecko) Chrome/108.0.0.0 Safari/537.36','2022-12-13 12:20:52',1,'171.76.84.170','2022-12-13 12:22:41'),(427,1251,1,'223.186.89.189','Mozilla/5.0 (Windows NT 10.0; Win64; x64) AppleWebKit/537.36 (KHTML, like Gecko) Chrome/108.0.0.0 Safari/537.36','2022-12-14 04:19:15',1,'223.186.89.189','2022-12-14 05:36:02'),(428,1,1,'183.82.152.188','Mozilla/5.0 (Windows NT 10.0; Win64; x64) AppleWebKit/537.36 (KHTML, like Gecko) Chrome/108.0.0.0 Safari/537.36','2022-12-14 05:11:51',1,'183.82.152.188','2022-12-14 05:12:31'),(429,1,1,'103.149.126.6','Mozilla/5.0 (X11; Linux x86_64) AppleWebKit/537.36 (KHTML, like Gecko) Chrome/106.0.0.0 Safari/537.36','2022-12-14 05:39:33',1,'103.149.126.6','2022-12-14 05:39:33'),(430,1,1,'183.82.152.188','Mozilla/5.0 (Windows NT 10.0; Win64; x64) AppleWebKit/537.36 (KHTML, like Gecko) Chrome/108.0.0.0 Safari/537.36','2022-12-14 05:51:57',1,'183.82.152.188','2022-12-14 05:52:13'),(431,1251,1,'103.104.181.14','Mozilla/5.0 (Windows NT 10.0; Win64; x64) AppleWebKit/537.36 (KHTML, like Gecko) Chrome/108.0.0.0 Safari/537.36','2022-12-14 06:29:46',1,'103.104.181.14','2022-12-14 06:34:04'),(432,1,1,'1.14.69.203','Mozilla/5.0 (Windows NT 4.0; WOW64) AppleWebKit/537.36 (KHTML, like Gecko) Chrome/37.0.2049.0 Safari/537.36','2022-12-14 08:24:41',1,'1.14.69.203','2022-12-14 08:24:41'),(433,1,1,'1.14.69.203','Mozilla/5.0 (Windows NT 6.4; WOW64) AppleWebKit/537.36 (KHTML, like Gecko) Chrome/41.0.2225.0 Safari/537.36','2022-12-14 08:26:16',1,'1.14.69.203','2022-12-14 08:26:16'),(434,1,1,'1.14.69.203','Mozilla/5.0 (Windows NT 5.1) AppleWebKit/537.36 (KHTML, like Gecko) Chrome/35.0.3319.102 Safari/537.36','2022-12-14 08:26:26',1,'1.14.69.203','2022-12-14 08:26:26'),(435,1,1,'1.14.69.203','Mozilla/5.0 (Windows NT 5.1) AppleWebKit/537.36 (KHTML, like Gecko) Chrome/34.0.1866.237 Safari/537.36','2022-12-14 08:26:34',1,'1.14.69.203','2022-12-14 08:26:34'),(436,1,1,'1.14.69.203','Mozilla/5.0 (Macintosh; Intel Mac OS X 10_9_3) AppleWebKit/537.36 (KHTML, like Gecko) Chrome/35.0.1916.47 Safari/537.36','2022-12-14 08:26:52',1,'1.14.69.203','2022-12-14 08:26:52'),(437,1251,1,'223.186.89.189','Mozilla/5.0 (Windows NT 10.0; Win64; x64) AppleWebKit/537.36 (KHTML, like Gecko) Chrome/108.0.0.0 Safari/537.36','2022-12-14 08:29:29',1,'223.186.89.189','2022-12-14 08:29:54'),(438,1251,1,'103.104.181.14','Mozilla/5.0 (Windows NT 10.0; Win64; x64) AppleWebKit/537.36 (KHTML, like Gecko) Chrome/108.0.0.0 Safari/537.36','2022-12-14 10:31:51',1,'103.104.181.14','2022-12-14 11:00:43'),(439,1251,1,'223.186.89.189','Mozilla/5.0 (Linux; Android 12; SM-G781B) AppleWebKit/537.36 (KHTML, like Gecko) Chrome/107.0.0.0 Mobile Safari/537.36','2022-12-14 11:03:18',1,'223.186.89.189','2022-12-14 11:03:35'),(440,1251,1,'223.186.89.189','Mozilla/5.0 (Windows NT 10.0; Win64; x64) AppleWebKit/537.36 (KHTML, like Gecko) Chrome/108.0.0.0 Safari/537.36','2022-12-14 12:07:10',1,'223.186.89.189','2022-12-14 12:08:28'),(441,1251,1,'223.186.89.189','Mozilla/5.0 (Windows NT 10.0; Win64; x64) AppleWebKit/537.36 (KHTML, like Gecko) Chrome/108.0.0.0 Safari/537.36','2022-12-14 12:20:27',1,'223.186.89.189','2022-12-14 12:20:50'),(442,1,1,'183.82.155.109','Mozilla/5.0 (Windows NT 10.0; Win64; x64) AppleWebKit/537.36 (KHTML, like Gecko) Chrome/108.0.0.0 Safari/537.36','2022-12-15 03:54:25',1,'183.82.155.109','2022-12-15 03:54:25'),(443,1251,1,'171.76.82.239','Mozilla/5.0 (Windows NT 10.0; Win64; x64) AppleWebKit/537.36 (KHTML, like Gecko) Chrome/108.0.0.0 Safari/537.36','2022-12-15 03:55:09',1,'171.76.82.239','2022-12-15 04:22:55'),(444,1251,1,'171.76.82.239','Mozilla/5.0 (Windows NT 10.0; Win64; x64) AppleWebKit/537.36 (KHTML, like Gecko) Chrome/108.0.0.0 Safari/537.36','2022-12-15 03:57:31',1,'171.76.82.239','2022-12-15 05:26:13'),(445,1,1,'210.56.116.33','Mozilla/5.0 (Windows NT 10.0; Win64; x64) AppleWebKit/537.36 (KHTML, like Gecko) Chrome/108.0.0.0 Safari/537.36','2022-12-15 04:24:57',1,'210.56.116.33','2022-12-15 04:25:03'),(446,1,1,'183.82.155.109','Mozilla/5.0 (Windows NT 10.0; Win64; x64) AppleWebKit/537.36 (KHTML, like Gecko) Chrome/108.0.0.0 Safari/537.36','2022-12-15 04:45:00',1,'183.82.155.109','2022-12-15 04:45:27'),(447,1,1,'103.149.126.6','Mozilla/5.0 (X11; Linux x86_64) AppleWebKit/537.36 (KHTML, like Gecko) Chrome/106.0.0.0 Safari/537.36','2022-12-15 06:09:37',1,'103.149.126.6','2022-12-15 07:33:35'),(448,1,1,'183.82.155.109','Mozilla/5.0 (Windows NT 10.0; Win64; x64) AppleWebKit/537.36 (KHTML, like Gecko) Chrome/108.0.0.0 Safari/537.36','2022-12-15 06:24:49',1,'183.82.155.109','2022-12-15 06:25:32'),(449,1,1,'210.56.116.219','Mozilla/5.0 (Windows NT 10.0; Win64; x64) AppleWebKit/537.36 (KHTML, like Gecko) Chrome/108.0.0.0 Safari/537.36','2022-12-15 07:18:01',1,'210.56.116.219','2022-12-15 07:33:40'),(450,1,1,'103.149.126.6','Mozilla/5.0 (X11; Linux x86_64) AppleWebKit/537.36 (KHTML, like Gecko) Chrome/106.0.0.0 Safari/537.36','2022-12-15 07:33:42',1,'103.149.126.6','2022-12-15 07:33:42'),(451,1,1,'183.82.155.109','Mozilla/5.0 (Windows NT 10.0; Win64; x64) AppleWebKit/537.36 (KHTML, like Gecko) Chrome/108.0.0.0 Safari/537.36','2022-12-15 07:40:11',1,'183.82.155.109','2022-12-15 07:40:11'),(452,1251,1,'171.76.82.239','Mozilla/5.0 (Windows NT 10.0; Win64; x64) AppleWebKit/537.36 (KHTML, like Gecko) Chrome/108.0.0.0 Safari/537.36','2022-12-15 08:30:33',1,'171.76.82.239','2022-12-15 08:34:25'),(453,1,1,'210.56.116.219','Mozilla/5.0 (Windows NT 10.0; Win64; x64) AppleWebKit/537.36 (KHTML, like Gecko) Chrome/108.0.0.0 Safari/537.36','2022-12-15 09:48:11',1,'210.56.116.219','2022-12-15 09:49:14'),(454,1,1,'103.149.126.6','Mozilla/5.0 (X11; Linux x86_64) AppleWebKit/537.36 (KHTML, like Gecko) Chrome/106.0.0.0 Safari/537.36','2022-12-15 09:50:36',1,'103.149.126.6','2022-12-15 09:50:36'),(455,1251,1,'171.76.82.239','Mozilla/5.0 (Windows NT 10.0; Win64; x64) AppleWebKit/537.36 (KHTML, like Gecko) Chrome/108.0.0.0 Safari/537.36','2022-12-15 10:30:06',1,'171.76.82.239','2022-12-15 10:33:57'),(456,1,1,'183.82.152.32','Mozilla/5.0 (Windows NT 10.0; Win64; x64) AppleWebKit/537.36 (KHTML, like Gecko) Chrome/108.0.0.0 Safari/537.36','2022-12-15 11:05:16',1,'183.82.152.32','2022-12-15 11:39:16'),(457,1,1,'106.220.227.38','Mozilla/5.0 (X11; Linux x86_64) AppleWebKit/537.36 (KHTML, like Gecko) Chrome/106.0.0.0 Safari/537.36','2022-12-15 11:51:36',1,'106.220.227.38','2022-12-15 12:04:51'),(458,1,1,'103.149.126.6','Mozilla/5.0 (X11; Linux x86_64) AppleWebKit/537.36 (KHTML, like Gecko) Chrome/106.0.0.0 Safari/537.36','2022-12-15 12:04:56',1,'103.149.126.6','2022-12-15 12:04:56'),(459,1,1,'210.56.116.219','Mozilla/5.0 (Windows NT 10.0; Win64; x64) AppleWebKit/537.36 (KHTML, like Gecko) Chrome/108.0.0.0 Safari/537.36','2022-12-15 12:28:32',1,'210.56.116.219','2022-12-15 12:47:03'),(460,1,1,'103.149.126.6','Mozilla/5.0 (X11; Linux x86_64) AppleWebKit/537.36 (KHTML, like Gecko) Chrome/106.0.0.0 Safari/537.36','2022-12-15 13:15:32',1,'103.149.126.6','2022-12-15 13:15:32'),(461,1,1,'115.246.120.117','Mozilla/5.0 (Windows NT 10.0; Win64; x64) AppleWebKit/537.36 (KHTML, like Gecko) Chrome/108.0.0.0 Safari/537.36','2022-12-16 05:30:15',1,'115.246.120.117','2022-12-16 05:41:16'),(462,1,1,'124.253.185.223','Mozilla/5.0 (Windows NT 10.0; Win64; x64) AppleWebKit/537.36 (KHTML, like Gecko) Chrome/108.0.0.0 Safari/537.36','2022-12-16 05:52:22',1,'124.253.185.223','2022-12-16 06:09:45'),(463,1,1,'103.149.126.6','Mozilla/5.0 (X11; Linux x86_64) AppleWebKit/537.36 (KHTML, like Gecko) Chrome/106.0.0.0 Safari/537.36','2022-12-16 05:57:45',1,'103.149.126.6','2022-12-16 05:57:46'),(464,1,1,'103.149.126.6','Mozilla/5.0 (X11; Linux x86_64) AppleWebKit/537.36 (KHTML, like Gecko) Chrome/106.0.0.0 Safari/537.36','2022-12-16 06:15:32',1,'103.149.126.6','2022-12-16 06:15:32'),(465,1,1,'103.149.126.6','Mozilla/5.0 (X11; Linux x86_64) AppleWebKit/537.36 (KHTML, like Gecko) Chrome/106.0.0.0 Safari/537.36','2022-12-16 06:15:33',1,'103.149.126.6','2022-12-16 06:15:33'),(466,1,1,'124.253.185.223','Mozilla/5.0 (Windows NT 10.0; Win64; x64) AppleWebKit/537.36 (KHTML, like Gecko) Chrome/108.0.0.0 Safari/537.36','2022-12-16 06:47:51',1,'124.253.185.223','2022-12-16 07:44:03'),(467,1251,1,'122.161.53.71','Mozilla/5.0 (Windows NT 10.0; Win64; x64) AppleWebKit/537.36 (KHTML, like Gecko) Chrome/108.0.0.0 Safari/537.36','2022-12-16 06:49:04',1,'122.161.53.71','2022-12-16 07:21:05'),(468,1,1,'103.149.126.6','Mozilla/5.0 (X11; Linux x86_64) AppleWebKit/537.36 (KHTML, like Gecko) Chrome/106.0.0.0 Safari/537.36','2022-12-16 08:35:58',1,'103.149.126.6','2022-12-16 08:37:35'),(469,1,1,'124.253.185.223','Mozilla/5.0 (Windows NT 10.0; Win64; x64) AppleWebKit/537.36 (KHTML, like Gecko) Chrome/108.0.0.0 Safari/537.36','2022-12-16 09:07:25',1,'124.253.185.223','2022-12-16 09:07:43'),(470,1,1,'115.246.120.117','Mozilla/5.0 (Windows NT 10.0; Win64; x64) AppleWebKit/537.36 (KHTML, like Gecko) Chrome/108.0.0.0 Safari/537.36','2022-12-16 09:12:58',1,'115.246.120.117','2022-12-16 10:30:36'),(471,1,1,'115.246.120.117','Mozilla/5.0 (Windows NT 10.0; Win64; x64) AppleWebKit/537.36 (KHTML, like Gecko) Chrome/108.0.0.0 Safari/537.36','2022-12-16 10:30:47',1,'115.246.120.117','2022-12-16 10:30:47'),(472,1,1,'124.253.185.223','Mozilla/5.0 (Windows NT 10.0; Win64; x64) AppleWebKit/537.36 (KHTML, like Gecko) Chrome/108.0.0.0 Safari/537.36','2022-12-16 12:32:45',1,'124.253.185.223','2022-12-16 12:33:13'),(473,1,1,'103.149.126.6','Mozilla/5.0 (X11; Linux x86_64) AppleWebKit/537.36 (KHTML, like Gecko) Chrome/106.0.0.0 Safari/537.36','2022-12-17 03:53:19',1,'103.149.126.6','2022-12-17 03:53:20'),(474,1,1,'183.82.153.46','Mozilla/5.0 (Windows NT 10.0; Win64; x64) AppleWebKit/537.36 (KHTML, like Gecko) Chrome/108.0.0.0 Safari/537.36','2022-12-19 05:11:11',1,'183.82.153.46','2022-12-19 05:11:14'),(475,1,1,'27.57.253.18','Mozilla/5.0 (X11; Linux x86_64) AppleWebKit/537.36 (KHTML, like Gecko) Chrome/106.0.0.0 Safari/537.36','2022-12-19 05:18:50',1,'27.57.253.18','2022-12-19 05:29:55'),(476,1,1,'27.57.253.18','Mozilla/5.0 (X11; Linux x86_64) AppleWebKit/537.36 (KHTML, like Gecko) Chrome/106.0.0.0 Safari/537.36','2022-12-19 05:30:08',1,'27.57.253.18','2022-12-19 05:43:16'),(477,1,1,'183.82.153.46','Mozilla/5.0 (Windows NT 10.0; Win64; x64) AppleWebKit/537.36 (KHTML, like Gecko) Chrome/108.0.0.0 Safari/537.36','2022-12-19 06:03:24',1,'183.82.153.46','2022-12-19 06:03:36'),(478,1,1,'223.130.28.88','Mozilla/5.0 (Windows NT 10.0; Win64; x64) AppleWebKit/537.36 (KHTML, like Gecko) Chrome/108.0.0.0 Safari/537.36','2022-12-19 06:03:27',1,'223.130.28.88','2022-12-19 06:03:27'),(479,1,1,'103.149.126.6','Mozilla/5.0 (X11; Linux x86_64) AppleWebKit/537.36 (KHTML, like Gecko) Chrome/106.0.0.0 Safari/537.36','2022-12-19 07:52:27',1,'103.149.126.6','2022-12-19 08:44:57'),(480,1,1,'103.149.126.6','Mozilla/5.0 (X11; Linux x86_64) AppleWebKit/537.36 (KHTML, like Gecko) Chrome/106.0.0.0 Safari/537.36','2022-12-19 11:35:02',1,'103.149.126.6','2022-12-19 11:39:55'),(481,1,1,'183.82.153.46','Mozilla/5.0 (Windows NT 10.0; Win64; x64) AppleWebKit/537.36 (KHTML, like Gecko) Chrome/108.0.0.0 Safari/537.36','2022-12-19 12:46:36',1,'183.82.153.46','2022-12-19 12:46:36'),(482,1,1,'115.246.120.117','Mozilla/5.0 (Windows NT 10.0; Win64; x64) AppleWebKit/537.36 (KHTML, like Gecko) Chrome/108.0.0.0 Safari/537.36','2022-12-20 04:17:33',1,'115.246.120.117','2022-12-20 04:51:58'),(483,1,1,'27.57.253.27','Mozilla/5.0 (X11; Linux x86_64) AppleWebKit/537.36 (KHTML, like Gecko) Chrome/106.0.0.0 Safari/537.36','2022-12-20 04:59:00',1,'27.57.253.27','2022-12-20 05:35:09'),(484,1,1,'103.149.126.6','Mozilla/5.0 (X11; Linux x86_64) AppleWebKit/537.36 (KHTML, like Gecko) Chrome/106.0.0.0 Safari/537.36','2022-12-20 05:59:45',1,'103.149.126.6','2022-12-20 06:23:46'),(485,1251,1,'14.143.8.220','Mozilla/5.0 (Windows NT 10.0; Win64; x64) AppleWebKit/537.36 (KHTML, like Gecko) Chrome/107.0.0.0 Safari/537.36','2022-12-20 06:02:48',1,'14.143.8.220','2022-12-20 06:32:19'),(486,1,1,'223.130.28.88','Mozilla/5.0 (Windows NT 10.0; Win64; x64) AppleWebKit/537.36 (KHTML, like Gecko) Chrome/108.0.0.0 Safari/537.36','2022-12-20 07:12:20',1,'223.130.28.88','2022-12-20 07:12:27'),(487,1251,1,'125.19.12.236','Mozilla/5.0 (Windows NT 10.0; Win64; x64) AppleWebKit/537.36 (KHTML, like Gecko) Chrome/107.0.0.0 Safari/537.36','2022-12-20 08:09:32',1,'125.19.12.236','2022-12-20 08:14:55'),(488,1,1,'223.130.28.88','Mozilla/5.0 (Windows NT 10.0; Win64; x64) AppleWebKit/537.36 (KHTML, like Gecko) Chrome/108.0.0.0 Safari/537.36','2022-12-20 09:02:51',1,'223.130.28.88','2022-12-20 09:03:00'),(489,1,1,'103.149.126.6','Mozilla/5.0 (X11; Linux x86_64) AppleWebKit/537.36 (KHTML, like Gecko) Chrome/106.0.0.0 Safari/537.36','2022-12-20 09:47:09',1,'103.149.126.6','2022-12-20 09:47:09'),(490,1,1,'103.149.126.6','Mozilla/5.0 (X11; Linux x86_64) AppleWebKit/537.36 (KHTML, like Gecko) Chrome/106.0.0.0 Safari/537.36','2022-12-20 09:47:09',1,'103.149.126.6','2022-12-20 09:47:10'),(491,1,1,'103.149.126.6','Mozilla/5.0 (X11; Linux x86_64) AppleWebKit/537.36 (KHTML, like Gecko) Chrome/106.0.0.0 Safari/537.36','2022-12-20 09:53:22',1,'103.149.126.6','2022-12-20 10:19:22'),(492,1,1,'115.246.120.117','Mozilla/5.0 (Windows NT 10.0; Win64; x64) AppleWebKit/537.36 (KHTML, like Gecko) Chrome/108.0.0.0 Safari/537.36','2022-12-20 10:32:45',1,'115.246.120.117','2022-12-20 10:33:26'),(493,1,1,'103.149.126.6','Mozilla/5.0 (X11; Linux x86_64) AppleWebKit/537.36 (KHTML, like Gecko) Chrome/106.0.0.0 Safari/537.36','2022-12-20 11:19:12',1,'103.149.126.6','2022-12-20 12:00:59'),(494,1,1,'103.149.126.6','Mozilla/5.0 (X11; Linux x86_64) AppleWebKit/537.36 (KHTML, like Gecko) Chrome/106.0.0.0 Safari/537.36','2022-12-20 12:01:02',1,'103.149.126.6','2022-12-20 12:01:02'),(495,1,1,'103.149.126.6','Mozilla/5.0 (X11; Linux x86_64) AppleWebKit/537.36 (KHTML, like Gecko) Chrome/106.0.0.0 Safari/537.36','2022-12-20 12:01:09',1,'103.149.126.6','2022-12-20 12:01:10'),(496,1,1,'103.149.126.6','Mozilla/5.0 (X11; Linux x86_64) AppleWebKit/537.36 (KHTML, like Gecko) Chrome/106.0.0.0 Safari/537.36','2022-12-20 12:01:16',1,'103.149.126.6','2022-12-20 12:06:41'),(497,1,1,'223.130.28.88','Mozilla/5.0 (Windows NT 10.0; Win64; x64) AppleWebKit/537.36 (KHTML, like Gecko) Chrome/108.0.0.0 Safari/537.36','2022-12-20 12:18:49',1,'223.130.28.88','2022-12-20 12:36:13'),(498,1,1,'43.248.241.19','Mozilla/5.0 (Windows NT 10.0; Win64; x64) AppleWebKit/537.36 (KHTML, like Gecko) Chrome/108.0.0.0 Safari/537.36','2022-12-20 16:43:52',1,'43.248.241.19','2022-12-20 16:44:05'),(499,1251,1,'122.161.50.119','Mozilla/5.0 (Windows NT 10.0; Win64; x64) AppleWebKit/537.36 (KHTML, like Gecko) Chrome/108.0.0.0 Safari/537.36','2022-12-21 04:01:55',1,'122.161.50.119','2023-01-09 18:31:37'),(500,1,1,'103.149.126.6','Mozilla/5.0 (X11; Linux x86_64) AppleWebKit/537.36 (KHTML, like Gecko) Chrome/106.0.0.0 Safari/537.36','2022-12-21 04:07:13',1,'103.149.126.6','2023-01-10 11:42:56'),(501,1,1,'103.149.126.6','Mozilla/5.0 (X11; Linux x86_64) AppleWebKit/537.36 (KHTML, like Gecko) Chrome/106.0.0.0 Safari/537.36','2022-12-21 04:07:24',1,'103.149.126.6','2022-12-21 04:07:24'),(502,1,1,'103.149.126.6','Mozilla/5.0 (X11; Linux x86_64) AppleWebKit/537.36 (KHTML, like Gecko) Chrome/106.0.0.0 Safari/537.36','2022-12-21 04:07:24',1,'103.149.126.6','2023-01-11 15:02:08'),(503,1,1,'223.130.28.88','Mozilla/5.0 (Windows NT 10.0; Win64; x64) AppleWebKit/537.36 (KHTML, like Gecko) Chrome/108.0.0.0 Safari/537.36','2022-12-21 04:37:23',1,'223.130.28.88','2022-12-21 04:37:30'),(504,1,1,'1.14.69.203','Mozilla/5.0 (Windows NT 10.0; Win64; x64) AppleWebKit/537.36 (KHTML, like Gecko) Chrome/108.0.0.0 Safari/537.36','2022-12-21 05:46:18',1,'1.14.69.203','2023-01-12 16:38:56'),(505,1,1,'103.149.126.6','Mozilla/5.0 (X11; Linux x86_64) AppleWebKit/537.36 (KHTML, like Gecko) Chrome/106.0.0.0 Safari/537.36','2022-12-21 05:51:33',1,'103.149.126.6','2022-12-21 07:52:18'),(506,1251,1,'122.161.50.119','Mozilla/5.0 (Windows NT 10.0; Win64; x64) AppleWebKit/537.36 (KHTML, like Gecko) Chrome/108.0.0.0 Safari/537.36','2022-12-21 06:05:14',1,'122.161.50.119','2022-12-21 06:14:34'),(507,1,1,'1.14.69.203','Mozilla/5.0 (Windows NT 6.3; Win64; x64) AppleWebKit/537.36 (KHTML, like Gecko) Chrome/37.0.2049.0 Safari/537.36','2022-12-21 06:14:26',1,'1.14.69.203','2022-12-21 06:14:26'),(508,1,1,'1.14.69.203','Mozilla/5.0 (Windows NT 5.1) AppleWebKit/537.36 (KHTML, like Gecko) Chrome/36.0.1985.67 Safari/537.36','2022-12-21 06:15:22',1,'1.14.69.203','2023-01-17 15:35:44'),(509,1,1,'1.14.69.203','Mozilla/5.0 (X11; Ubuntu; Linux x86_64) AppleWebKit/537.36 (KHTML, like Gecko) Chrome/55.0.2919.83 Safari/537.36','2022-12-21 06:15:55',1,'1.14.69.203','2022-12-21 06:15:55'),(510,1,1,'1.14.69.203','Mozilla/5.0 (Windows NT 10.0; Win64; x64) AppleWebKit/537.36 (KHTML, like Gecko) Chrome/70.0.3538.77 Safari/537.36','2022-12-21 06:16:16',1,'1.14.69.203','2023-01-18 17:33:53'),(511,1251,1,'122.161.50.119','Mozilla/5.0 (Windows NT 10.0; Win64; x64) AppleWebKit/537.36 (KHTML, like Gecko) Chrome/108.0.0.0 Safari/537.36','2022-12-21 06:16:35',1,'122.161.50.119','2022-12-21 06:37:14'),(512,1,1,'1.14.69.203','Mozilla/5.0 (Windows NT 5.1) AppleWebKit/537.36 (KHTML, like Gecko) Chrome/41.0.2224.3 Safari/537.36','2022-12-21 06:17:54',1,'1.14.69.203','2022-12-21 06:17:54'),(513,1,1,'1.14.69.203','Mozilla/5.0 (Windows NT 5.1) AppleWebKit/537.36 (KHTML, like Gecko) Chrome/35.0.2309.372 Safari/537.36','2022-12-21 06:18:02',1,'1.14.69.203','2022-12-21 06:18:02'),(514,1251,1,'122.161.50.119','Mozilla/5.0 (Windows NT 10.0; Win64; x64) AppleWebKit/537.36 (KHTML, like Gecko) Chrome/108.0.0.0 Safari/537.36','2022-12-21 06:39:26',1,'122.161.50.119','2022-12-21 06:40:51'),(515,1251,1,'122.161.50.119','Mozilla/5.0 (Windows NT 10.0; Win64; x64) AppleWebKit/537.36 (KHTML, like Gecko) Chrome/108.0.0.0 Safari/537.36','2022-12-21 06:42:16',1,'122.161.50.119','2022-12-21 07:28:13'),(516,1,1,'115.246.120.117','Mozilla/5.0 (Windows NT 10.0; Win64; x64) AppleWebKit/537.36 (KHTML, like Gecko) Chrome/108.0.0.0 Safari/537.36','2022-12-21 07:18:07',1,'115.246.120.117','2022-12-21 07:30:07'),(517,1,1,'103.149.126.6','Mozilla/5.0 (X11; Linux x86_64) AppleWebKit/537.36 (KHTML, like Gecko) Chrome/106.0.0.0 Safari/537.36','2022-12-21 07:52:45',1,'103.149.126.6','2022-12-21 07:58:51'),(518,1,1,'103.149.126.6','Mozilla/5.0 (X11; Linux x86_64) AppleWebKit/537.36 (KHTML, like Gecko) Chrome/106.0.0.0 Safari/537.36','2022-12-21 08:00:42',1,'103.149.126.6','2022-12-21 08:30:47'),(519,1,1,'115.246.120.117','Mozilla/5.0 (Windows NT 10.0; Win64; x64) AppleWebKit/537.36 (KHTML, like Gecko) Chrome/108.0.0.0 Safari/537.36','2022-12-21 08:09:40',1,'115.246.120.117','2022-12-21 08:14:14'),(520,1251,1,'122.161.50.119','Mozilla/5.0 (Windows NT 10.0; Win64; x64) AppleWebKit/537.36 (KHTML, like Gecko) Chrome/108.0.0.0 Safari/537.36','2022-12-21 08:23:41',1,'122.161.50.119','2022-12-21 08:26:31'),(521,1,1,'103.149.126.6','Mozilla/5.0 (X11; Linux x86_64) AppleWebKit/537.36 (KHTML, like Gecko) Chrome/106.0.0.0 Safari/537.36','2022-12-21 09:25:29',1,'103.149.126.6','2022-12-21 09:25:29'),(522,1,1,'103.149.126.6','Mozilla/5.0 (X11; Linux x86_64) AppleWebKit/537.36 (KHTML, like Gecko) Chrome/106.0.0.0 Safari/537.36','2022-12-21 09:25:29',1,'103.149.126.6','2022-12-21 09:43:19'),(523,1,1,'103.149.126.6','Mozilla/5.0 (X11; Linux x86_64) AppleWebKit/537.36 (KHTML, like Gecko) Chrome/106.0.0.0 Safari/537.36','2022-12-21 09:43:25',1,'103.149.126.6','2022-12-21 11:12:12'),(524,1251,1,'122.161.50.119','Mozilla/5.0 (Windows NT 10.0; Win64; x64) AppleWebKit/537.36 (KHTML, like Gecko) Chrome/108.0.0.0 Safari/537.36','2022-12-21 10:25:55',1,'122.161.50.119','2022-12-21 10:54:39'),(525,1,1,'115.246.120.117','Mozilla/5.0 (Windows NT 10.0; Win64; x64) AppleWebKit/537.36 (KHTML, like Gecko) Chrome/108.0.0.0 Safari/537.36','2022-12-21 10:39:42',1,'115.246.120.117','2022-12-21 10:39:42'),(526,1,1,'115.246.120.117','Mozilla/5.0 (Windows NT 10.0; Win64; x64) AppleWebKit/537.36 (KHTML, like Gecko) Chrome/108.0.0.0 Safari/537.36','2022-12-21 11:16:17',1,'115.246.120.117','2022-12-21 11:34:35'),(527,1,1,'115.246.120.117','Mozilla/5.0 (Windows NT 10.0; Win64; x64) AppleWebKit/537.36 (KHTML, like Gecko) Chrome/108.0.0.0 Safari/537.36','2022-12-21 12:19:22',1,'115.246.120.117','2022-12-21 12:30:08'),(528,1251,1,'122.161.50.119','Mozilla/5.0 (Windows NT 10.0; Win64; x64) AppleWebKit/537.36 (KHTML, like Gecko) Chrome/108.0.0.0 Safari/537.36','2022-12-22 03:51:36',1,'122.161.50.119','2022-12-22 04:09:31'),(529,1,1,'223.130.28.88','Mozilla/5.0 (Windows NT 10.0; Win64; x64) AppleWebKit/537.36 (KHTML, like Gecko) Chrome/108.0.0.0 Safari/537.36','2022-12-22 04:05:57',1,'223.130.28.88','2022-12-22 04:36:42'),(530,1,1,'103.149.126.6','Mozilla/5.0 (X11; Linux x86_64) AppleWebKit/537.36 (KHTML, like Gecko) Chrome/106.0.0.0 Safari/537.36','2022-12-22 04:06:28',1,'103.149.126.6','2022-12-22 04:39:30'),(531,1,1,'103.149.126.6','Mozilla/5.0 (X11; Linux x86_64) AppleWebKit/537.36 (KHTML, like Gecko) Chrome/106.0.0.0 Safari/537.36','2022-12-22 04:50:10',1,'103.149.126.6','2022-12-22 04:58:24'),(532,1,1,'183.82.155.134','Mozilla/5.0 (Windows NT 10.0; Win64; x64) AppleWebKit/537.36 (KHTML, like Gecko) Chrome/108.0.0.0 Safari/537.36','2022-12-22 04:55:40',1,'183.82.155.134','2022-12-22 05:15:08'),(533,1,1,'103.149.126.6','Mozilla/5.0 (X11; Linux x86_64) AppleWebKit/537.36 (KHTML, like Gecko) Chrome/106.0.0.0 Safari/537.36','2022-12-22 04:58:29',1,'103.149.126.6','2022-12-22 04:58:29'),(534,1,1,'103.149.126.6','Mozilla/5.0 (X11; Linux x86_64) AppleWebKit/537.36 (KHTML, like Gecko) Chrome/106.0.0.0 Safari/537.36','2022-12-22 04:58:29',1,'103.149.126.6','2022-12-22 04:58:30'),(535,1,1,'223.130.28.88','Mozilla/5.0 (Windows NT 10.0; Win64; x64) AppleWebKit/537.36 (KHTML, like Gecko) Chrome/108.0.0.0 Safari/537.36','2022-12-22 05:32:38',1,'223.130.28.88','2022-12-22 05:32:38'),(536,1,1,'103.149.126.6','Mozilla/5.0 (X11; Linux x86_64) AppleWebKit/537.36 (KHTML, like Gecko) Chrome/106.0.0.0 Safari/537.36','2022-12-22 05:43:15',1,'103.149.126.6','2022-12-22 05:43:23'),(537,1,1,'183.82.155.134','Mozilla/5.0 (Windows NT 10.0; Win64; x64) AppleWebKit/537.36 (KHTML, like Gecko) Chrome/108.0.0.0 Safari/537.36','2022-12-22 06:14:54',1,'183.82.155.134','2022-12-22 06:22:41'),(538,1,1,'103.149.126.6','Mozilla/5.0 (X11; Linux x86_64) AppleWebKit/537.36 (KHTML, like Gecko) Chrome/106.0.0.0 Safari/537.36','2022-12-22 06:29:17',1,'103.149.126.6','2022-12-22 06:29:17'),(539,1,1,'103.149.126.6','Mozilla/5.0 (X11; Linux x86_64) AppleWebKit/537.36 (KHTML, like Gecko) Chrome/106.0.0.0 Safari/537.36','2022-12-22 07:12:18',1,'103.149.126.6','2022-12-22 07:35:33'),(540,1,1,'103.149.126.6','Mozilla/5.0 (X11; Linux x86_64) AppleWebKit/537.36 (KHTML, like Gecko) Chrome/106.0.0.0 Safari/537.36','2022-12-22 07:35:45',1,'103.149.126.6','2022-12-22 08:02:07'),(541,1,1,'103.149.126.6','Mozilla/5.0 (X11; Linux x86_64) AppleWebKit/537.36 (KHTML, like Gecko) Chrome/106.0.0.0 Safari/537.36','2022-12-22 08:02:24',1,'103.149.126.6','2022-12-22 08:02:24'),(542,1,1,'103.149.126.6','Mozilla/5.0 (X11; Linux x86_64) AppleWebKit/537.36 (KHTML, like Gecko) Chrome/106.0.0.0 Safari/537.36','2022-12-22 08:02:24',1,'103.149.126.6','2022-12-22 08:02:24'),(543,1,1,'103.149.126.6','Mozilla/5.0 (X11; Linux x86_64) AppleWebKit/537.36 (KHTML, like Gecko) Chrome/106.0.0.0 Safari/537.36','2022-12-22 08:02:24',1,'103.149.126.6','2022-12-22 08:05:04'),(544,1,1,'103.149.126.6','Mozilla/5.0 (X11; Linux x86_64) AppleWebKit/537.36 (KHTML, like Gecko) Chrome/106.0.0.0 Safari/537.36','2022-12-22 08:05:10',1,'103.149.126.6','2022-12-22 08:07:59'),(545,1,1,'103.149.126.6','Mozilla/5.0 (X11; Linux x86_64) AppleWebKit/537.36 (KHTML, like Gecko) Chrome/106.0.0.0 Safari/537.36','2022-12-22 08:09:50',1,'103.149.126.6','2022-12-22 08:09:51'),(546,1,1,'103.149.126.6','Mozilla/5.0 (X11; Linux x86_64) AppleWebKit/537.36 (KHTML, like Gecko) Chrome/106.0.0.0 Safari/537.36','2022-12-22 08:11:47',1,'103.149.126.6','2022-12-22 08:11:47'),(547,1,1,'103.149.126.6','Mozilla/5.0 (X11; Linux x86_64) AppleWebKit/537.36 (KHTML, like Gecko) Chrome/106.0.0.0 Safari/537.36','2022-12-22 08:11:53',1,'103.149.126.6','2022-12-22 08:11:54'),(548,1,1,'103.149.126.6','Mozilla/5.0 (X11; Linux x86_64) AppleWebKit/537.36 (KHTML, like Gecko) Chrome/106.0.0.0 Safari/537.36','2022-12-22 08:12:09',1,'103.149.126.6','2022-12-22 08:15:16'),(549,1,1,'103.149.126.6','Mozilla/5.0 (X11; Linux x86_64) AppleWebKit/537.36 (KHTML, like Gecko) Chrome/106.0.0.0 Safari/537.36','2022-12-22 08:33:44',1,'103.149.126.6','2022-12-22 08:39:56'),(550,1,1,'103.149.126.6','Mozilla/5.0 (X11; Linux x86_64) AppleWebKit/537.36 (KHTML, like Gecko) Chrome/106.0.0.0 Safari/537.36','2022-12-22 08:40:02',1,'103.149.126.6','2022-12-22 09:19:09'),(551,1,1,'103.149.126.6','Mozilla/5.0 (X11; Linux x86_64) AppleWebKit/537.36 (KHTML, like Gecko) Chrome/106.0.0.0 Safari/537.36','2022-12-22 09:19:24',1,'103.149.126.6','2022-12-22 09:19:24'),(552,1,1,'103.149.126.6','Mozilla/5.0 (X11; Linux x86_64) AppleWebKit/537.36 (KHTML, like Gecko) Chrome/106.0.0.0 Safari/537.36','2022-12-22 09:19:51',1,'103.149.126.6','2022-12-22 09:19:51'),(553,1,1,'103.149.126.6','Mozilla/5.0 (X11; Linux x86_64) AppleWebKit/537.36 (KHTML, like Gecko) Chrome/106.0.0.0 Safari/537.36','2022-12-22 09:20:30',1,'103.149.126.6','2022-12-22 09:22:32'),(554,1,1,'103.149.126.6','Mozilla/5.0 (X11; Linux x86_64) AppleWebKit/537.36 (KHTML, like Gecko) Chrome/106.0.0.0 Safari/537.36','2022-12-22 09:22:40',1,'103.149.126.6','2022-12-22 09:37:13'),(555,1,1,'103.149.126.6','Mozilla/5.0 (X11; Linux x86_64) AppleWebKit/537.36 (KHTML, like Gecko) Chrome/106.0.0.0 Safari/537.36','2022-12-22 09:37:22',1,'103.149.126.6','2022-12-22 09:38:50'),(556,1,1,'103.149.126.6','Mozilla/5.0 (X11; Linux x86_64) AppleWebKit/537.36 (KHTML, like Gecko) Chrome/106.0.0.0 Safari/537.36','2022-12-22 10:21:44',1,'103.149.126.6','2022-12-22 10:25:13'),(557,1,1,'103.149.126.6','Mozilla/5.0 (X11; Linux x86_64) AppleWebKit/537.36 (KHTML, like Gecko) Chrome/106.0.0.0 Safari/537.36','2022-12-22 10:25:18',1,'103.149.126.6','2022-12-22 10:39:38'),(558,1,1,'183.82.152.242','Mozilla/5.0 (Windows NT 10.0; Win64; x64) AppleWebKit/537.36 (KHTML, like Gecko) Chrome/108.0.0.0 Safari/537.36','2022-12-22 12:22:58',1,'183.82.152.242','2022-12-22 13:25:13'),(559,1,1,'183.82.152.242','Mozilla/5.0 (Windows NT 10.0; Win64; x64) AppleWebKit/537.36 (KHTML, like Gecko) Chrome/108.0.0.0 Safari/537.36','2022-12-22 19:09:07',1,'183.82.152.242','2022-12-22 19:09:17'),(560,1,1,'103.149.126.6','Mozilla/5.0 (X11; Linux x86_64) AppleWebKit/537.36 (KHTML, like Gecko) Chrome/106.0.0.0 Safari/537.36','2022-12-23 03:57:01',1,'103.149.126.6','2022-12-23 03:57:01'),(561,1,1,'183.82.155.3','Mozilla/5.0 (Windows NT 10.0; Win64; x64) AppleWebKit/537.36 (KHTML, like Gecko) Chrome/108.0.0.0 Safari/537.36','2022-12-23 06:52:36',1,'183.82.155.3','2022-12-23 07:15:13'),(562,1,1,'183.82.155.3','Mozilla/5.0 (Windows NT 10.0; Win64; x64) AppleWebKit/537.36 (KHTML, like Gecko) Chrome/108.0.0.0 Safari/537.36','2022-12-23 09:09:33',1,'183.82.155.3','2022-12-23 09:09:41'),(563,1,1,'106.193.232.117','Mozilla/5.0 (X11; Linux x86_64) AppleWebKit/537.36 (KHTML, like Gecko) Chrome/106.0.0.0 Safari/537.36','2022-12-23 11:05:26',1,'106.193.232.117','2022-12-23 11:05:26'),(564,1,1,'23.237.199.154','Mozilla/5.0 (Windows NT 10.0; Win64; x64) AppleWebKit/537.36 (KHTML, like Gecko) Chrome/108.0.0.0 Safari/537.36','2022-12-24 06:52:18',1,'23.237.199.154','2022-12-24 07:00:58'),(565,1,1,'23.237.199.154','Mozilla/5.0 (Windows NT 10.0; Win64; x64) AppleWebKit/537.36 (KHTML, like Gecko) Chrome/108.0.0.0 Safari/537.36','2022-12-24 08:33:09',1,'23.237.199.154','2022-12-24 08:33:10'),(566,1,1,'183.82.153.177','Mozilla/5.0 (Windows NT 10.0; Win64; x64) AppleWebKit/537.36 (KHTML, like Gecko) Chrome/108.0.0.0 Safari/537.36','2022-12-24 12:01:11',1,'183.82.153.177','2022-12-24 12:04:31'),(567,1,1,'183.82.153.177','Mozilla/5.0 (Windows NT 10.0; Win64; x64) AppleWebKit/537.36 (KHTML, like Gecko) Chrome/108.0.0.0 Safari/537.36','2022-12-24 12:48:11',1,'183.82.153.177','2022-12-24 12:48:11'),(568,1,1,'183.82.153.177','Mozilla/5.0 (Windows NT 10.0; Win64; x64) AppleWebKit/537.36 (KHTML, like Gecko) Chrome/108.0.0.0 Safari/537.36','2022-12-24 14:52:01',1,'183.82.153.177','2022-12-24 14:52:14'),(569,1,1,'183.82.153.177','Mozilla/5.0 (Windows NT 10.0; Win64; x64) AppleWebKit/537.36 (KHTML, like Gecko) Chrome/108.0.0.0 Safari/537.36','2022-12-24 20:18:36',1,'183.82.153.177','2022-12-24 20:18:37'),(570,1,1,'183.82.153.177','Mozilla/5.0 (Windows NT 10.0; Win64; x64) AppleWebKit/537.36 (KHTML, like Gecko) Chrome/108.0.0.0 Safari/537.36','2022-12-24 21:59:13',1,'183.82.153.177','2022-12-24 21:59:52'),(571,1,1,'50.7.250.202','Mozilla/5.0 (Windows NT 10.0; Win64; x64) AppleWebKit/537.36 (KHTML, like Gecko) Chrome/108.0.0.0 Safari/537.36','2022-12-25 16:00:41',0,'50.7.250.202','2022-12-25 16:00:41'),(572,1,1,'50.7.250.202','Mozilla/5.0 (Windows NT 10.0; Win64; x64) AppleWebKit/537.36 (KHTML, like Gecko) Chrome/108.0.0.0 Safari/537.36','2022-12-25 16:00:44',1,'50.7.250.202','2022-12-25 16:01:06'),(573,1,1,'183.82.155.245','Mozilla/5.0 (Windows NT 10.0; Win64; x64) AppleWebKit/537.36 (KHTML, like Gecko) Chrome/108.0.0.0 Safari/537.36','2022-12-25 16:44:58',1,'183.82.155.245','2022-12-25 16:44:58'),(574,1,1,'183.82.155.245','Mozilla/5.0 (Windows NT 10.0; Win64; x64) AppleWebKit/537.36 (KHTML, like Gecko) Chrome/108.0.0.0 Safari/537.36','2022-12-25 18:02:19',1,'183.82.155.245','2022-12-25 18:03:49'),(575,1,1,'115.246.120.117','Mozilla/5.0 (Windows NT 10.0; Win64; x64) AppleWebKit/537.36 (KHTML, like Gecko) Chrome/108.0.0.0 Safari/537.36','2022-12-26 04:26:18',1,'115.246.120.117','2022-12-26 05:29:01'),(576,1,1,'115.246.120.117','Mozilla/5.0 (Windows NT 10.0; Win64; x64) AppleWebKit/537.36 (KHTML, like Gecko) Chrome/108.0.0.0 Safari/537.36','2022-12-26 06:22:33',1,'115.246.120.117','2022-12-26 06:23:28'),(577,1,1,'115.246.120.117','Mozilla/5.0 (Windows NT 10.0; Win64; x64) AppleWebKit/537.36 (KHTML, like Gecko) Chrome/108.0.0.0 Safari/537.36','2022-12-26 08:26:55',1,'115.246.120.117','2022-12-26 08:27:56'),(578,1,1,'115.246.120.117','Mozilla/5.0 (Windows NT 10.0; Win64; x64) AppleWebKit/537.36 (KHTML, like Gecko) Chrome/108.0.0.0 Safari/537.36','2022-12-26 12:22:14',1,'115.246.120.117','2022-12-26 12:22:14'),(579,1,1,'183.82.154.25','Mozilla/5.0 (Windows NT 10.0; Win64; x64) AppleWebKit/537.36 (KHTML, like Gecko) Chrome/108.0.0.0 Safari/537.36','2022-12-26 14:26:52',1,'183.82.154.25','2022-12-26 14:26:52'),(580,1,1,'183.82.154.25','Mozilla/5.0 (Windows NT 10.0; Win64; x64) AppleWebKit/537.36 (KHTML, like Gecko) Chrome/108.0.0.0 Safari/537.36','2022-12-26 14:27:33',1,'183.82.154.25','2022-12-26 14:58:44'),(581,1,1,'1.14.69.203','Mozilla/5.0 (Windows NT 6.1; WOW64) AppleWebKit/537.36 (KHTML, like Gecko) Chrome/41.0.2227.0 Safari/537.36','2022-12-27 03:05:15',1,'1.14.69.203','2022-12-27 03:05:15'),(582,1,1,'1.14.69.203','Mozilla/5.0 (Windows NT 6.1; WOW64) AppleWebKit/537.36 (KHTML, like Gecko) Chrome/36.0.1985.67 Safari/537.36','2022-12-27 03:05:28',1,'1.14.69.203','2022-12-27 03:05:28'),(583,1,1,'103.149.126.6','Mozilla/5.0 (X11; Linux x86_64) AppleWebKit/537.36 (KHTML, like Gecko) Chrome/106.0.0.0 Safari/537.36','2022-12-27 06:57:29',1,'103.149.126.6','2022-12-27 06:57:56'),(584,1,1,'103.149.126.6','Mozilla/5.0 (X11; Linux x86_64) AppleWebKit/537.36 (KHTML, like Gecko) Chrome/106.0.0.0 Safari/537.36','2022-12-27 08:10:04',1,'103.149.126.6','2022-12-27 08:21:59'),(585,1,1,'183.82.155.87','Mozilla/5.0 (Windows NT 10.0; Win64; x64) AppleWebKit/537.36 (KHTML, like Gecko) Chrome/108.0.0.0 Safari/537.36','2022-12-27 16:13:38',1,'183.82.155.87','2022-12-27 16:13:38'),(586,1,1,'183.82.155.87','Mozilla/5.0 (Windows NT 10.0; Win64; x64) AppleWebKit/537.36 (KHTML, like Gecko) Chrome/108.0.0.0 Safari/537.36','2022-12-27 18:43:01',1,'183.82.155.87','2022-12-27 18:46:44'),(587,1,1,'183.82.152.248','Mozilla/5.0 (Windows NT 10.0; Win64; x64) AppleWebKit/537.36 (KHTML, like Gecko) Chrome/108.0.0.0 Safari/537.36','2022-12-28 04:13:09',1,'183.82.152.248','2022-12-28 04:42:09'),(588,1,1,'106.215.15.189','Mozilla/5.0 (X11; Linux x86_64) AppleWebKit/537.36 (KHTML, like Gecko) Chrome/106.0.0.0 Safari/537.36','2022-12-28 05:00:18',1,'106.215.15.189','2022-12-28 05:02:26'),(589,1,1,'183.82.152.248','Mozilla/5.0 (Windows NT 10.0; Win64; x64) AppleWebKit/537.36 (KHTML, like Gecko) Chrome/108.0.0.0 Safari/537.36','2022-12-28 05:44:02',1,'183.82.152.248','2023-01-04 17:45:26'),(590,1,1,'183.82.152.248','Mozilla/5.0 (Windows NT 10.0; Win64; x64) AppleWebKit/537.36 (KHTML, like Gecko) Chrome/108.0.0.0 Safari/537.36','2022-12-28 07:47:31',1,'183.82.152.248','2022-12-28 07:47:38'),(591,1,1,'106.215.15.189','Mozilla/5.0 (X11; Linux x86_64) AppleWebKit/537.36 (KHTML, like Gecko) Chrome/106.0.0.0 Safari/537.36','2022-12-29 04:07:38',1,'106.215.15.189','2022-12-29 04:07:38'),(592,1,1,'115.246.120.117','Mozilla/5.0 (Windows NT 10.0; Win64; x64) AppleWebKit/537.36 (KHTML, like Gecko) Chrome/108.0.0.0 Safari/537.36','2022-12-29 04:17:33',1,'115.246.120.117','2022-12-29 05:52:23'),(593,1,1,'124.253.42.249','Mozilla/5.0 (Windows NT 10.0; Win64; x64) AppleWebKit/537.36 (KHTML, like Gecko) Chrome/108.0.0.0 Safari/537.36','2022-12-29 04:41:36',1,'124.253.42.249','2023-01-04 16:35:14'),(594,1,1,'106.215.15.189','Mozilla/5.0 (X11; Linux x86_64) AppleWebKit/537.36 (KHTML, like Gecko) Chrome/106.0.0.0 Safari/537.36','2022-12-29 05:35:47',1,'106.215.15.189','2022-12-29 05:52:43'),(595,1,1,'115.246.120.117','Mozilla/5.0 (Windows NT 10.0; Win64; x64) AppleWebKit/537.36 (KHTML, like Gecko) Chrome/108.0.0.0 Safari/537.36','2022-12-29 06:41:20',1,'115.246.120.117','2022-12-29 06:41:29'),(596,1,1,'115.246.120.117','Mozilla/5.0 (Windows NT 10.0; Win64; x64) AppleWebKit/537.36 (KHTML, like Gecko) Chrome/108.0.0.0 Safari/537.36','2022-12-29 08:11:43',1,'115.246.120.117','2022-12-29 08:19:54'),(597,1,1,'124.253.73.8','Mozilla/5.0 (Windows NT 10.0; Win64; x64) AppleWebKit/537.36 (KHTML, like Gecko) Chrome/108.0.0.0 Safari/537.36','2022-12-29 09:57:04',1,'124.253.73.8','2022-12-29 09:57:04'),(598,1,1,'106.215.15.189','Mozilla/5.0 (X11; Linux x86_64) AppleWebKit/537.36 (KHTML, like Gecko) Chrome/106.0.0.0 Safari/537.36','2022-12-29 10:01:03',1,'106.215.15.189','2022-12-29 10:53:47'),(599,1,1,'115.246.120.117','Mozilla/5.0 (Windows NT 10.0; Win64; x64) AppleWebKit/537.36 (KHTML, like Gecko) Chrome/108.0.0.0 Safari/537.36','2022-12-29 10:42:50',1,'115.246.120.117','2022-12-29 10:42:50'),(600,1,1,'106.215.15.189','Mozilla/5.0 (X11; Linux x86_64) AppleWebKit/537.36 (KHTML, like Gecko) Chrome/106.0.0.0 Safari/537.36','2022-12-29 11:01:30',1,'106.215.15.189','2022-12-29 11:11:22'),(601,1,1,'124.253.73.8','Mozilla/5.0 (Windows NT 10.0; Win64; x64) AppleWebKit/537.36 (KHTML, like Gecko) Chrome/108.0.0.0 Safari/537.36','2022-12-29 11:19:27',1,'124.253.73.8','2022-12-29 11:19:49'),(602,1,1,'124.253.73.8','Mozilla/5.0 (Windows NT 10.0; Win64; x64) AppleWebKit/537.36 (KHTML, like Gecko) Chrome/108.0.0.0 Safari/537.36','2022-12-29 11:32:02',1,'124.253.73.8','2022-12-29 11:32:02'),(603,1251,1,'124.253.73.8','Mozilla/5.0 (Windows NT 10.0; Win64; x64) AppleWebKit/537.36 (KHTML, like Gecko) Chrome/108.0.0.0 Safari/537.36','2022-12-29 11:32:13',1,'124.253.73.8','2022-12-29 11:32:20'),(604,1,1,'106.215.15.189','Mozilla/5.0 (X11; Linux x86_64) AppleWebKit/537.36 (KHTML, like Gecko) Chrome/106.0.0.0 Safari/537.36','2022-12-29 11:44:39',1,'106.215.15.189','2022-12-29 12:28:44'),(605,1251,1,'171.76.87.235','Mozilla/5.0 (Windows NT 10.0; Win64; x64) AppleWebKit/537.36 (KHTML, like Gecko) Chrome/108.0.0.0 Safari/537.36','2022-12-29 12:08:24',1,'171.76.87.235','2022-12-29 12:09:03'),(606,1251,1,'171.76.87.235','Mozilla/5.0 (Windows NT 10.0; Win64; x64) AppleWebKit/537.36 (KHTML, like Gecko) Chrome/108.0.0.0 Safari/537.36','2022-12-29 12:09:50',1,'171.76.87.235','2022-12-29 12:24:19'),(607,1,1,'106.220.237.188','Mozilla/5.0 (X11; Linux x86_64) AppleWebKit/537.36 (KHTML, like Gecko) Chrome/106.0.0.0 Safari/537.36','2022-12-29 13:06:41',1,'106.220.237.188','2022-12-29 13:06:41'),(608,1,1,'183.82.155.213','Mozilla/5.0 (Windows NT 10.0; Win64; x64) AppleWebKit/537.36 (KHTML, like Gecko) Chrome/108.0.0.0 Safari/537.36','2022-12-29 18:05:38',1,'183.82.155.213','2022-12-29 18:05:38'),(609,1,1,'183.82.155.213','Mozilla/5.0 (Windows NT 10.0; Win64; x64) AppleWebKit/537.36 (KHTML, like Gecko) Chrome/108.0.0.0 Safari/537.36','2022-12-29 22:07:24',1,'183.82.155.213','2022-12-29 22:28:10'),(610,1,1,'124.253.73.8','Mozilla/5.0 (Windows NT 10.0; Win64; x64) AppleWebKit/537.36 (KHTML, like Gecko) Chrome/108.0.0.0 Safari/537.36','2022-12-30 04:10:29',1,'124.253.73.8','2022-12-30 04:19:35'),(611,1,1,'103.149.126.6','Mozilla/5.0 (X11; Linux x86_64) AppleWebKit/537.36 (KHTML, like Gecko) Chrome/106.0.0.0 Safari/537.36','2022-12-30 04:11:47',1,'103.149.126.6','2022-12-30 04:11:59'),(612,1,1,'183.82.155.213','Mozilla/5.0 (Windows NT 10.0; Win64; x64) AppleWebKit/537.36 (KHTML, like Gecko) Chrome/108.0.0.0 Safari/537.36','2022-12-30 04:26:02',1,'183.82.155.213','2022-12-30 04:26:02'),(613,1,1,'183.82.153.32','Mozilla/5.0 (Windows NT 10.0; Win64; x64) AppleWebKit/537.36 (KHTML, like Gecko) Chrome/108.0.0.0 Safari/537.36','2022-12-30 08:51:40',1,'183.82.153.32','2022-12-30 08:51:40'),(614,1,1,'183.82.153.32','Mozilla/5.0 (Windows NT 10.0; Win64; x64) AppleWebKit/537.36 (KHTML, like Gecko) Chrome/108.0.0.0 Safari/537.36','2022-12-30 08:55:25',1,'183.82.153.32','2022-12-30 09:07:43'),(615,1,1,'103.149.126.6','Mozilla/5.0 (X11; Linux x86_64) AppleWebKit/537.36 (KHTML, like Gecko) Chrome/106.0.0.0 Safari/537.36','2022-12-30 10:05:20',1,'103.149.126.6','2022-12-30 10:05:20'),(616,1251,1,'171.76.87.235','Mozilla/5.0 (Windows NT 10.0; Win64; x64) AppleWebKit/537.36 (KHTML, like Gecko) Chrome/108.0.0.0 Safari/537.36','2022-12-30 11:54:32',1,'171.76.87.235','2022-12-30 11:55:36'),(617,1,1,'103.149.126.6','Mozilla/5.0 (X11; Linux x86_64) AppleWebKit/537.36 (KHTML, like Gecko) Chrome/106.0.0.0 Safari/537.36','2022-12-30 12:06:41',1,'103.149.126.6','2022-12-30 12:06:44'),(618,1251,1,'210.56.122.106','Mozilla/5.0 (Windows NT 10.0; Win64; x64) AppleWebKit/537.36 (KHTML, like Gecko) Chrome/108.0.0.0 Safari/537.36','2022-12-30 12:07:21',1,'210.56.122.106','2022-12-30 12:10:15'),(619,1,1,'103.149.126.6','Mozilla/5.0 (X11; Linux x86_64) AppleWebKit/537.36 (KHTML, like Gecko) Chrome/106.0.0.0 Safari/537.36','2022-12-30 13:13:36',1,'103.149.126.6','2022-12-30 13:13:36'),(620,1,1,'210.56.122.106','Mozilla/5.0 (Windows NT 10.0; Win64; x64) AppleWebKit/537.36 (KHTML, like Gecko) Chrome/108.0.0.0 Safari/537.36','2022-12-30 13:16:26',1,'210.56.122.106','2022-12-30 13:16:26'),(621,1251,1,'210.56.122.106','Mozilla/5.0 (Windows NT 10.0; Win64; x64) AppleWebKit/537.36 (KHTML, like Gecko) Chrome/108.0.0.0 Safari/537.36','2022-12-30 13:16:33',1,'210.56.122.106','2022-12-30 13:17:40'),(622,1251,1,'171.76.87.235','Mozilla/5.0 (Windows NT 10.0; Win64; x64) AppleWebKit/537.36 (KHTML, like Gecko) Chrome/108.0.0.0 Safari/537.36','2022-12-30 13:58:58',1,'171.76.87.235','2022-12-30 14:02:18'),(623,1,1,'183.82.153.32','Mozilla/5.0 (Windows NT 10.0; Win64; x64) AppleWebKit/537.36 (KHTML, like Gecko) Chrome/108.0.0.0 Safari/537.36','2022-12-30 16:51:19',1,'183.82.153.32','2022-12-30 17:39:36'),(624,1,1,'183.82.153.32','Mozilla/5.0 (Windows NT 10.0; Win64; x64) AppleWebKit/537.36 (KHTML, like Gecko) Chrome/108.0.0.0 Safari/537.36','2022-12-30 20:01:35',1,'183.82.153.32','2022-12-30 20:02:23'),(625,1,1,'183.82.152.35','Mozilla/5.0 (Windows NT 10.0; Win64; x64) AppleWebKit/537.36 (KHTML, like Gecko) Chrome/108.0.0.0 Safari/537.36','2022-12-30 23:47:59',1,'183.82.152.35','2022-12-30 23:48:02'),(626,1,1,'183.82.152.248','Mozilla/5.0 (Windows NT 10.0; Win64; x64) AppleWebKit/537.36 (KHTML, like Gecko) Chrome/108.0.0.0 Safari/537.36','2022-12-31 22:53:06',1,'183.82.152.248','2022-12-31 23:15:26'),(627,1,1,'183.82.152.248','Mozilla/5.0 (Windows NT 10.0; Win64; x64) AppleWebKit/537.36 (KHTML, like Gecko) Chrome/108.0.0.0 Safari/537.36','2023-01-01 17:16:41',1,'183.82.152.248','2023-01-01 17:17:11'),(628,1,1,'183.82.152.248','Mozilla/5.0 (Windows NT 10.0; Win64; x64) AppleWebKit/537.36 (KHTML, like Gecko) Chrome/108.0.0.0 Safari/537.36','2023-01-02 00:40:34',1,'183.82.152.248','2023-01-02 00:44:00'),(629,1,1,'183.82.152.248','Mozilla/5.0 (Windows NT 10.0; Win64; x64) AppleWebKit/537.36 (KHTML, like Gecko) Chrome/108.0.0.0 Safari/537.36','2023-01-02 04:15:29',1,'183.82.152.248','2023-01-02 04:38:23'),(630,1,1,'124.253.204.200','Mozilla/5.0 (Windows NT 10.0; Win64; x64) AppleWebKit/537.36 (KHTML, like Gecko) Chrome/108.0.0.0 Safari/537.36','2023-01-02 04:34:39',1,'124.253.204.200','2023-01-02 04:38:08'),(631,1,1,'183.82.152.248','Mozilla/5.0 (Windows NT 10.0; Win64; x64) AppleWebKit/537.36 (KHTML, like Gecko) Chrome/108.0.0.0 Safari/537.36','2023-01-02 05:54:10',1,'183.82.152.248','2023-01-02 05:54:15'),(632,1251,1,'125.19.12.235','Mozilla/5.0 (Windows NT 10.0; Win64; x64) AppleWebKit/537.36 (KHTML, like Gecko) Chrome/108.0.0.0 Safari/537.36','2023-01-02 09:37:32',1,'125.19.12.235','2023-01-02 09:49:00'),(633,1251,1,'125.19.12.235','Mozilla/5.0 (Windows NT 10.0; Win64; x64) AppleWebKit/537.36 (KHTML, like Gecko) Chrome/108.0.0.0 Safari/537.36','2023-01-02 10:44:18',1,'125.19.12.235','2023-01-02 10:48:26'),(634,1,1,'183.82.153.193','Mozilla/5.0 (Windows NT 10.0; Win64; x64) AppleWebKit/537.36 (KHTML, like Gecko) Chrome/108.0.0.0 Safari/537.36','2023-01-02 10:53:11',1,'183.82.153.193','2023-01-02 10:53:15'),(635,1251,1,'171.76.84.182','Mozilla/5.0 (Windows NT 10.0; Win64; x64) AppleWebKit/537.36 (KHTML, like Gecko) Chrome/108.0.0.0 Safari/537.36','2023-01-02 17:13:51',1,'171.76.84.182','2023-01-02 17:19:04'),(636,1,1,'115.246.120.117','Mozilla/5.0 (Windows NT 10.0; Win64; x64) AppleWebKit/537.36 (KHTML, like Gecko) Chrome/108.0.0.0 Safari/537.36','2023-01-03 03:50:23',1,'115.246.120.117','2023-01-03 04:32:06'),(637,1251,1,'116.50.59.203','Mozilla/5.0 (Windows NT 10.0; Win64; x64) AppleWebKit/537.36 (KHTML, like Gecko) Chrome/108.0.0.0 Safari/537.36','2023-01-03 06:25:52',1,'116.50.59.203','2023-01-03 06:26:17'),(638,1251,1,'171.76.84.182','Mozilla/5.0 (Windows NT 10.0; Win64; x64) AppleWebKit/537.36 (KHTML, like Gecko) Chrome/108.0.0.0 Safari/537.36','2023-01-03 06:27:29',1,'171.76.84.182','2023-01-03 06:27:37'),(639,1251,1,'171.76.84.182','Mozilla/5.0 (Windows NT 10.0; Win64; x64) AppleWebKit/537.36 (KHTML, like Gecko) Chrome/108.0.0.0 Safari/537.36','2023-01-03 10:13:33',1,'171.76.84.182','2023-01-03 10:18:09'),(640,1,1,'115.246.120.117','Mozilla/5.0 (Windows NT 10.0; Win64; x64) AppleWebKit/537.36 (KHTML, like Gecko) Chrome/108.0.0.0 Safari/537.36','2023-01-03 10:14:33',1,'115.246.120.117','2023-01-03 10:38:05'),(641,1,1,'180.214.135.76','Mozilla/5.0 (Windows NT 10.0; Win64; x64) AppleWebKit/537.36 (KHTML, like Gecko) Chrome/108.0.0.0 Safari/537.36','2023-01-03 10:19:16',1,'180.214.135.76','2023-01-03 10:19:25'),(642,1,1,'115.246.120.117','Mozilla/5.0 (Windows NT 10.0; Win64; x64) AppleWebKit/537.36 (KHTML, like Gecko) Chrome/108.0.0.0 Safari/537.36','2023-01-03 11:29:16',1,'115.246.120.117','2023-01-03 11:30:04'),(643,1,1,'103.149.126.6','Mozilla/5.0 (X11; Linux x86_64) AppleWebKit/537.36 (KHTML, like Gecko) Chrome/106.0.0.0 Safari/537.36','2023-01-03 11:37:40',1,'103.149.126.6','2023-01-03 11:39:59'),(644,1,1,'103.149.126.6','Mozilla/5.0 (X11; Linux x86_64) AppleWebKit/537.36 (KHTML, like Gecko) Chrome/106.0.0.0 Safari/537.36','2023-01-03 11:40:04',1,'103.149.126.6','2023-01-03 11:40:05'),(645,1,1,'103.149.126.6','Mozilla/5.0 (X11; Linux x86_64) AppleWebKit/537.36 (KHTML, like Gecko) Chrome/106.0.0.0 Safari/537.36','2023-01-03 11:40:10',1,'103.149.126.6','2023-01-03 11:40:10'),(646,1,1,'103.149.126.6','Mozilla/5.0 (X11; Linux x86_64) AppleWebKit/537.36 (KHTML, like Gecko) Chrome/106.0.0.0 Safari/537.36','2023-01-03 11:40:17',1,'103.149.126.6','2023-01-03 11:40:18'),(647,1251,1,'171.76.84.182','Mozilla/5.0 (Windows NT 10.0; Win64; x64) AppleWebKit/537.36 (KHTML, like Gecko) Chrome/108.0.0.0 Safari/537.36','2023-01-03 12:38:42',1,'171.76.84.182','2023-01-03 12:43:49'),(648,1251,1,'171.76.84.182','Mozilla/5.0 (Windows NT 10.0; Win64; x64) AppleWebKit/537.36 (KHTML, like Gecko) Chrome/108.0.0.0 Safari/537.36','2023-01-03 13:31:44',1,'171.76.84.182','2023-01-03 13:37:35'),(649,1,1,'103.149.126.6','Mozilla/5.0 (X11; Linux x86_64) AppleWebKit/537.36 (KHTML, like Gecko) Chrome/106.0.0.0 Safari/537.36','2023-01-04 04:53:41',1,'103.149.126.6','2023-01-04 06:02:37'),(650,1,1,'183.82.154.75','Mozilla/5.0 (Windows NT 10.0; Win64; x64) AppleWebKit/537.36 (KHTML, like Gecko) Chrome/108.0.0.0 Safari/537.36','2023-01-04 05:03:26',1,'183.82.154.75','2023-01-04 05:06:43'),(651,1,1,'49.156.116.193','Mozilla/5.0 (Windows NT 10.0; Win64; x64) AppleWebKit/537.36 (KHTML, like Gecko) Chrome/108.0.0.0 Safari/537.36','2023-01-04 05:04:19',1,'49.156.116.193','2023-01-04 05:06:52'),(652,1,1,'183.82.154.75','Mozilla/5.0 (Windows NT 10.0; Win64; x64) AppleWebKit/537.36 (KHTML, like Gecko) Chrome/108.0.0.0 Safari/537.36','2023-01-04 05:50:18',1,'183.82.154.75','2023-01-04 06:11:10'),(653,1,1,'106.215.15.189','Mozilla/5.0 (X11; Linux x86_64) AppleWebKit/537.36 (KHTML, like Gecko) Chrome/106.0.0.0 Safari/537.36','2023-01-04 06:02:42',1,'106.215.15.189','2023-01-04 06:02:50'),(654,1,1,'106.215.15.189','Mozilla/5.0 (X11; Linux x86_64) AppleWebKit/537.36 (KHTML, like Gecko) Chrome/106.0.0.0 Safari/537.36','2023-01-04 06:46:51',1,'106.215.15.189','2023-01-04 08:00:11'),(655,1251,1,'49.156.116.193','Mozilla/5.0 (Windows NT 10.0; Win64; x64) AppleWebKit/537.36 (KHTML, like Gecko) Chrome/108.0.0.0 Safari/537.36','2023-01-04 09:54:06',1,'49.156.116.193','2023-01-04 16:15:38'),(656,1,1,'106.216.249.19','Mozilla/5.0 (X11; Linux x86_64) AppleWebKit/537.36 (KHTML, like Gecko) Chrome/106.0.0.0 Safari/537.36','2023-01-04 10:06:48',1,'106.216.249.19','2023-01-04 10:14:00'),(657,1,1,'::1','Mozilla/5.0 (X11; Linux x86_64) AppleWebKit/537.36 (KHTML, like Gecko) Chrome/106.0.0.0 Safari/537.36','2023-01-04 16:16:01',1,'::1','2023-01-04 16:16:04'),(658,1,1,'::1','Mozilla/5.0 (X11; Linux x86_64) AppleWebKit/537.36 (KHTML, like Gecko) Chrome/106.0.0.0 Safari/537.36','2023-01-04 16:16:12',1,'::1','2023-01-04 16:18:49'),(659,1,1,'::1','Mozilla/5.0 (X11; Linux x86_64) AppleWebKit/537.36 (KHTML, like Gecko) Chrome/106.0.0.0 Safari/537.36','2023-01-04 16:33:07',1,'::1','2023-01-04 16:47:53'),(660,1,1,'106.216.249.19','Mozilla/5.0 (X11; Linux x86_64) AppleWebKit/537.36 (KHTML, like Gecko) Chrome/106.0.0.0 Safari/537.36','2023-01-04 16:35:25',1,'106.216.249.19','2023-01-04 16:35:27'),(661,1,1,'103.149.126.6','Mozilla/5.0 (X11; Linux x86_64) AppleWebKit/537.36 (KHTML, like Gecko) Chrome/106.0.0.0 Safari/537.36','2023-01-04 17:51:05',1,'103.149.126.6','2023-01-04 17:51:13'),(662,1,1,'::1','Mozilla/5.0 (X11; Linux x86_64) AppleWebKit/537.36 (KHTML, like Gecko) Chrome/106.0.0.0 Safari/537.36','2023-01-04 17:53:18',1,'::1','2023-01-04 17:53:21'),(663,1,1,'49.156.116.193','Mozilla/5.0 (Windows NT 10.0; Win64; x64) AppleWebKit/537.36 (KHTML, like Gecko) Chrome/108.0.0.0 Safari/537.36','2023-01-04 18:20:29',1,'49.156.116.193','2023-01-04 18:20:38'),(664,1,1,'183.82.154.188','Mozilla/5.0 (Windows NT 10.0; Win64; x64) AppleWebKit/537.36 (KHTML, like Gecko) Chrome/108.0.0.0 Safari/537.36','2023-01-04 23:29:07',1,'183.82.154.188','2023-01-05 01:37:07'),(665,1,1,'103.149.126.6','Mozilla/5.0 (X11; Linux x86_64) AppleWebKit/537.36 (KHTML, like Gecko) Chrome/106.0.0.0 Safari/537.36','2023-01-05 09:34:21',1,'103.149.126.6','2023-01-05 09:34:21'),(666,1251,1,'171.76.84.182','Mozilla/5.0 (Windows NT 10.0; Win64; x64) AppleWebKit/537.36 (KHTML, like Gecko) Chrome/108.0.0.0 Safari/537.36','2023-01-05 09:50:54',1,'171.76.84.182','2023-01-05 09:51:21'),(667,1,1,'124.253.225.143','Mozilla/5.0 (Windows NT 10.0; Win64; x64) AppleWebKit/537.36 (KHTML, like Gecko) Chrome/108.0.0.0 Safari/537.36','2023-01-05 09:51:18',1,'124.253.225.143','2023-01-05 10:17:14'),(668,1251,1,'171.76.84.182','Mozilla/5.0 (Windows NT 10.0; Win64; x64) AppleWebKit/537.36 (KHTML, like Gecko) Chrome/108.0.0.0 Safari/537.36','2023-01-05 09:51:57',1,'171.76.84.182','2023-01-05 10:13:29'),(669,1254,1,'171.76.84.182','Mozilla/5.0 (Windows NT 10.0; Win64; x64) AppleWebKit/537.36 (KHTML, like Gecko) Chrome/108.0.0.0 Safari/537.36','2023-01-05 10:13:44',1,'171.76.84.182','2023-01-05 10:23:43'),(670,1,1,'183.82.154.188','Mozilla/5.0 (Windows NT 10.0; Win64; x64) AppleWebKit/537.36 (KHTML, like Gecko) Chrome/108.0.0.0 Safari/537.36','2023-01-05 11:43:32',1,'183.82.154.188','2023-01-05 11:44:25'),(671,1251,1,'171.76.84.182','Mozilla/5.0 (Windows NT 10.0; Win64; x64) AppleWebKit/537.36 (KHTML, like Gecko) Chrome/108.0.0.0 Safari/537.36','2023-01-05 13:21:49',1,'171.76.84.182','2023-01-05 13:26:03'),(672,1,1,'124.253.225.143','Mozilla/5.0 (Windows NT 10.0; Win64; x64) AppleWebKit/537.36 (KHTML, like Gecko) Chrome/108.0.0.0 Safari/537.36','2023-01-05 15:41:26',1,'124.253.225.143','2023-01-05 15:42:37'),(673,1251,1,'171.76.84.182','Mozilla/5.0 (Windows NT 10.0; Win64; x64) AppleWebKit/537.36 (KHTML, like Gecko) Chrome/108.0.0.0 Safari/537.36','2023-01-05 16:14:02',1,'171.76.84.182','2023-01-05 16:33:53'),(674,1,1,'183.82.153.202','Mozilla/5.0 (Windows NT 10.0; Win64; x64) AppleWebKit/537.36 (KHTML, like Gecko) Chrome/108.0.0.0 Safari/537.36','2023-01-06 00:56:10',1,'183.82.153.202','2023-01-06 00:56:11'),(675,1,1,'183.82.153.202','Mozilla/5.0 (Windows NT 10.0; Win64; x64) AppleWebKit/537.36 (KHTML, like Gecko) Chrome/108.0.0.0 Safari/537.36','2023-01-06 01:22:10',1,'183.82.153.202','2023-01-06 01:22:15'),(676,1,1,'119.4.253.55','Mozilla/5.0 (Windows NT 5.1) AppleWebKit/537.36 (KHTML, like Gecko) Chrome/35.0.2117.157 Safari/537.36','2023-01-06 07:40:30',1,'119.4.253.55','2023-01-06 07:40:30'),(677,1,1,'103.149.126.6','Mozilla/5.0 (X11; Linux x86_64) AppleWebKit/537.36 (KHTML, like Gecko) Chrome/106.0.0.0 Safari/537.36','2023-01-06 09:18:44',1,'103.149.126.6','2023-01-06 09:18:44'),(678,1,1,'103.149.126.6','Mozilla/5.0 (X11; Linux x86_64) AppleWebKit/537.36 (KHTML, like Gecko) Chrome/106.0.0.0 Safari/537.36','2023-01-06 09:18:45',1,'103.149.126.6','2023-01-06 09:18:45'),(679,1,1,'103.149.126.6','Mozilla/5.0 (X11; Linux x86_64) AppleWebKit/537.36 (KHTML, like Gecko) Chrome/106.0.0.0 Safari/537.36','2023-01-06 09:18:46',1,'103.149.126.6','2023-01-06 09:25:35'),(680,1251,1,'171.76.84.182','Mozilla/5.0 (Windows NT 10.0; Win64; x64) AppleWebKit/537.36 (KHTML, like Gecko) Chrome/108.0.0.0 Safari/537.36','2023-01-06 09:57:49',1,'171.76.84.182','2023-01-06 10:00:17'),(681,1,1,'103.149.126.6','Mozilla/5.0 (X11; Linux x86_64) AppleWebKit/537.36 (KHTML, like Gecko) Chrome/106.0.0.0 Safari/537.36','2023-01-06 14:33:29',1,'103.149.126.6','2023-01-06 14:52:59'),(682,1251,1,'171.76.84.182','Mozilla/5.0 (Windows NT 10.0; Win64; x64) AppleWebKit/537.36 (KHTML, like Gecko) Chrome/108.0.0.0 Safari/537.36','2023-01-06 15:24:06',1,'171.76.84.182','2023-01-06 15:51:17'),(683,1251,1,'171.76.84.182','Mozilla/5.0 (Windows NT 10.0; Win64; x64) AppleWebKit/537.36 (KHTML, like Gecko) Chrome/108.0.0.0 Safari/537.36','2023-01-06 16:58:31',1,'171.76.84.182','2023-01-06 17:07:48'),(684,1251,1,'171.76.84.182','Mozilla/5.0 (Windows NT 10.0; Win64; x64) AppleWebKit/537.36 (KHTML, like Gecko) Chrome/108.0.0.0 Safari/537.36','2023-01-06 17:08:39',1,'171.76.84.182','2023-01-06 17:13:59'),(685,1,1,'103.149.126.6','Mozilla/5.0 (X11; Linux x86_64) AppleWebKit/537.36 (KHTML, like Gecko) Chrome/106.0.0.0 Safari/537.36','2023-01-06 18:31:03',1,'103.149.126.6','2023-01-06 18:31:16'),(686,1,1,'183.82.153.88','Mozilla/5.0 (Windows NT 10.0; Win64; x64) AppleWebKit/537.36 (KHTML, like Gecko) Chrome/108.0.0.0 Safari/537.36','2023-01-08 05:18:47',1,'183.82.153.88','2023-01-08 05:18:48'),(687,1,1,'115.246.120.117','Mozilla/5.0 (Windows NT 10.0; Win64; x64) AppleWebKit/537.36 (KHTML, like Gecko) Chrome/108.0.0.0 Safari/537.36','2023-01-09 09:30:14',1,'115.246.120.117','2023-01-09 09:33:40'),(688,1251,1,'171.76.85.228','Mozilla/5.0 (Windows NT 10.0; Win64; x64) AppleWebKit/537.36 (KHTML, like Gecko) Chrome/108.0.0.0 Safari/537.36','2023-01-09 09:37:32',1,'171.76.85.228','2023-01-09 09:41:38'),(689,1,1,'124.253.98.79','Mozilla/5.0 (Windows NT 10.0; Win64; x64) AppleWebKit/537.36 (KHTML, like Gecko) Chrome/108.0.0.0 Safari/537.36','2023-01-09 09:42:50',1,'124.253.98.79','2023-01-09 11:42:31'),(690,1,1,'103.149.126.6','Mozilla/5.0 (X11; Linux x86_64) AppleWebKit/537.36 (KHTML, like Gecko) Chrome/106.0.0.0 Safari/537.36','2023-01-09 09:45:22',1,'103.149.126.6','2023-01-09 11:41:37'),(691,1251,1,'171.76.85.228','Mozilla/5.0 (Windows NT 10.0; Win64; x64) AppleWebKit/537.36 (KHTML, like Gecko) Chrome/108.0.0.0 Safari/537.36','2023-01-09 10:20:05',1,'171.76.85.228','2023-01-09 12:20:10'),(692,1,1,'115.246.120.117','Mozilla/5.0 (Windows NT 10.0; Win64; x64) AppleWebKit/537.36 (KHTML, like Gecko) Chrome/108.0.0.0 Safari/537.36','2023-01-09 10:56:43',1,'115.246.120.117','2023-01-09 11:40:40'),(693,1,1,'::1','Mozilla/5.0 (X11; Linux x86_64) AppleWebKit/537.36 (KHTML, like Gecko) Chrome/106.0.0.0 Safari/537.36','2023-01-09 11:18:48',1,'::1','2023-01-09 12:01:13'),(694,1,1,'103.149.126.6','Mozilla/5.0 (X11; Linux x86_64) AppleWebKit/537.36 (KHTML, like Gecko) Chrome/106.0.0.0 Safari/537.36','2023-01-09 11:41:45',1,'103.149.126.6','2023-01-09 11:41:46'),(695,1251,1,'171.76.85.228','Mozilla/5.0 (Windows NT 10.0; Win64; x64) AppleWebKit/537.36 (KHTML, like Gecko) Chrome/108.0.0.0 Safari/537.36','2023-01-09 14:36:13',1,'171.76.85.228','2023-01-09 17:27:54'),(696,1,1,'124.253.98.79','Mozilla/5.0 (Windows NT 10.0; Win64; x64) AppleWebKit/537.36 (KHTML, like Gecko) Chrome/108.0.0.0 Safari/537.36','2023-01-09 15:09:40',1,'124.253.98.79','2023-01-09 15:09:41'),(697,1,1,'115.246.120.117','Mozilla/5.0 (Windows NT 10.0; Win64; x64) AppleWebKit/537.36 (KHTML, like Gecko) Chrome/108.0.0.0 Safari/537.36','2023-01-09 15:18:17',1,'115.246.120.117','2023-01-09 15:38:23'),(698,1,1,'115.246.120.117','Mozilla/5.0 (Windows NT 10.0; Win64; x64) AppleWebKit/537.36 (KHTML, like Gecko) Chrome/108.0.0.0 Safari/537.36','2023-01-09 16:47:23',1,'115.246.120.117','2023-01-09 16:47:42'),(699,1,1,'::1','Mozilla/5.0 (X11; Linux x86_64) AppleWebKit/537.36 (KHTML, like Gecko) Chrome/106.0.0.0 Safari/537.36','2023-01-09 18:09:31',1,'::1','2023-01-09 18:09:33'),(700,1,1,'106.213.80.175','Mozilla/5.0 (X11; Linux x86_64) AppleWebKit/537.36 (KHTML, like Gecko) Chrome/106.0.0.0 Safari/537.36','2023-01-10 09:22:52',1,'106.213.80.175','2023-01-10 09:35:43'),(701,1251,1,'171.76.85.228','Mozilla/5.0 (Windows NT 10.0; Win64; x64) AppleWebKit/537.36 (KHTML, like Gecko) Chrome/108.0.0.0 Safari/537.36','2023-01-10 09:35:31',1,'171.76.85.228','2023-01-10 09:39:24'),(702,1251,1,'124.253.64.237','Mozilla/5.0 (Windows NT 10.0; Win64; x64) AppleWebKit/537.36 (KHTML, like Gecko) Chrome/108.0.0.0 Safari/537.36','2023-01-10 09:47:26',1,'124.253.64.237','2023-01-10 10:43:04'),(703,1251,1,'171.76.85.228','Mozilla/5.0 (Windows NT 10.0; Win64; x64) AppleWebKit/537.36 (KHTML, like Gecko) Chrome/108.0.0.0 Safari/537.36','2023-01-10 10:42:26',1,'171.76.85.228','2023-01-10 11:44:04'),(704,1,1,'183.82.155.73','Mozilla/5.0 (Windows NT 10.0; Win64; x64) AppleWebKit/537.36 (KHTML, like Gecko) Chrome/108.0.0.0 Safari/537.36','2023-01-10 10:59:51',1,'183.82.155.73','2023-01-10 11:39:50'),(705,1251,1,'171.76.85.228','Mozilla/5.0 (Windows NT 10.0; Win64; x64) AppleWebKit/537.36 (KHTML, like Gecko) Chrome/108.0.0.0 Safari/537.36','2023-01-10 11:21:09',1,'171.76.85.228','2023-01-10 12:18:29'),(706,1,1,'::1','Mozilla/5.0 (X11; Linux x86_64) AppleWebKit/537.36 (KHTML, like Gecko) Chrome/106.0.0.0 Safari/537.36','2023-01-10 11:23:21',1,'::1','2023-01-10 11:23:22'),(707,1,1,'110.227.29.21','Mozilla/5.0 (X11; Linux x86_64) AppleWebKit/537.36 (KHTML, like Gecko) Chrome/106.0.0.0 Safari/537.36','2023-01-10 11:26:24',1,'110.227.29.21','2023-01-10 11:35:23'),(708,1,1,'124.253.64.237','Mozilla/5.0 (Windows NT 10.0; Win64; x64) AppleWebKit/537.36 (KHTML, like Gecko) Chrome/108.0.0.0 Safari/537.36','2023-01-10 11:31:20',1,'124.253.64.237','2023-01-10 12:24:42'),(709,1,1,'::1','Mozilla/5.0 (X11; Linux x86_64) AppleWebKit/537.36 (KHTML, like Gecko) Chrome/106.0.0.0 Safari/537.36','2023-01-10 11:35:04',1,'::1','2023-01-10 12:15:38'),(710,1,1,'110.227.29.21','Mozilla/5.0 (X11; Linux x86_64) AppleWebKit/537.36 (KHTML, like Gecko) Chrome/106.0.0.0 Safari/537.36','2023-01-10 11:35:30',1,'110.227.29.21','2023-01-10 12:17:44'),(711,1,1,'::1','Mozilla/5.0 (X11; Linux x86_64) AppleWebKit/537.36 (KHTML, like Gecko) Chrome/106.0.0.0 Safari/537.36','2023-01-10 12:17:42',1,'::1','2023-01-10 12:17:45'),(712,1,1,'106.213.80.175','Mozilla/5.0 (X11; Linux x86_64) AppleWebKit/537.36 (KHTML, like Gecko) Chrome/106.0.0.0 Safari/537.36','2023-01-10 12:17:50',1,'106.213.80.175','2023-01-10 12:30:44'),(713,1251,1,'171.76.85.228','Mozilla/5.0 (Windows NT 10.0; Win64; x64) AppleWebKit/537.36 (KHTML, like Gecko) Chrome/108.0.0.0 Safari/537.36','2023-01-10 12:23:19',1,'171.76.85.228','2023-01-10 12:23:30'),(714,1,1,'::1','Mozilla/5.0 (X11; Linux x86_64) AppleWebKit/537.36 (KHTML, like Gecko) Chrome/106.0.0.0 Safari/537.36','2023-01-10 12:30:41',1,'::1','2023-01-10 13:02:15'),(715,1251,1,'125.19.12.236','Mozilla/5.0 (Windows NT 10.0; Win64; x64) AppleWebKit/537.36 (KHTML, like Gecko) Chrome/108.0.0.0 Safari/537.36','2023-01-10 12:45:26',1,'125.19.12.236','2023-01-10 13:45:14'),(716,1251,1,'171.76.85.228','Mozilla/5.0 (Windows NT 10.0; Win64; x64) AppleWebKit/537.36 (KHTML, like Gecko) Chrome/108.0.0.0 Safari/537.36','2023-01-10 12:53:24',1,'171.76.85.228','2023-01-10 13:01:26'),(717,1,1,'124.253.64.237','Mozilla/5.0 (Windows NT 10.0; Win64; x64) AppleWebKit/537.36 (KHTML, like Gecko) Chrome/108.0.0.0 Safari/537.36','2023-01-10 13:12:20',1,'124.253.64.237','2023-01-10 13:14:22'),(718,1,1,'::1','Mozilla/5.0 (X11; Linux x86_64) AppleWebKit/537.36 (KHTML, like Gecko) Chrome/106.0.0.0 Safari/537.36','2023-01-10 13:13:33',1,'::1','2023-01-10 14:22:56'),(719,1,1,'183.82.155.73','Mozilla/5.0 (Windows NT 10.0; Win64; x64) AppleWebKit/537.36 (KHTML, like Gecko) Chrome/108.0.0.0 Safari/537.36','2023-01-10 13:52:35',1,'183.82.155.73','2023-01-10 13:52:35'),(720,1,1,'103.149.126.6','Mozilla/5.0 (X11; Linux x86_64) AppleWebKit/537.36 (KHTML, like Gecko) Chrome/106.0.0.0 Safari/537.36','2023-01-10 14:22:46',1,'103.149.126.6','2023-01-10 14:22:47'),(721,1,1,'::1','Mozilla/5.0 (X11; Linux x86_64) AppleWebKit/537.36 (KHTML, like Gecko) Chrome/106.0.0.0 Safari/537.36','2023-01-10 14:23:12',1,'::1','2023-01-10 14:23:15'),(722,1,1,'::1','Mozilla/5.0 (X11; Linux x86_64) AppleWebKit/537.36 (KHTML, like Gecko) Chrome/106.0.0.0 Safari/537.36','2023-01-10 14:23:34',1,'::1','2023-01-10 14:23:37'),(723,1,1,'103.149.126.6','Mozilla/5.0 (X11; Linux x86_64) AppleWebKit/537.36 (KHTML, like Gecko) Chrome/106.0.0.0 Safari/537.36','2023-01-10 14:28:14',1,'103.149.126.6','2023-01-10 14:28:14'),(724,1251,1,'171.76.85.228','Mozilla/5.0 (Windows NT 10.0; Win64; x64) AppleWebKit/537.36 (KHTML, like Gecko) Chrome/108.0.0.0 Safari/537.36','2023-01-10 14:42:28',1,'171.76.85.228','2023-01-10 14:44:45'),(725,1251,1,'125.19.12.236','Mozilla/5.0 (Windows NT 10.0; Win64; x64) AppleWebKit/537.36 (KHTML, like Gecko) Chrome/108.0.0.0 Safari/537.36','2023-01-10 14:52:11',1,'125.19.12.236','2023-01-10 15:13:46'),(726,1255,1,'14.143.8.222','Mozilla/5.0 (Windows NT 10.0; Win64; x64) AppleWebKit/537.36 (KHTML, like Gecko) Chrome/108.0.0.0 Safari/537.36','2023-01-10 15:14:11',1,'14.143.8.222','2023-01-10 15:22:06'),(727,1251,1,'14.143.8.222','Mozilla/5.0 (Windows NT 10.0; Win64; x64) AppleWebKit/537.36 (KHTML, like Gecko) Chrome/108.0.0.0 Safari/537.36','2023-01-10 15:22:18',1,'14.143.8.222','2023-01-10 17:04:32'),(728,1251,1,'171.76.85.228','Mozilla/5.0 (Windows NT 10.0; Win64; x64) AppleWebKit/537.36 (KHTML, like Gecko) Chrome/108.0.0.0 Safari/537.36','2023-01-10 15:39:32',1,'171.76.85.228','2023-01-10 15:41:46'),(729,1,1,'183.82.154.83','Mozilla/5.0 (Windows NT 10.0; Win64; x64) AppleWebKit/537.36 (KHTML, like Gecko) Chrome/108.0.0.0 Safari/537.36','2023-01-10 16:30:55',1,'183.82.154.83','2023-01-10 16:30:55'),(730,1251,1,'171.76.85.228','Mozilla/5.0 (Windows NT 10.0; Win64; x64) AppleWebKit/537.36 (KHTML, like Gecko) Chrome/108.0.0.0 Safari/537.36','2023-01-10 17:21:47',1,'171.76.85.228','2023-01-10 17:41:12'),(731,1,1,'103.186.237.254','Mozilla/5.0 (X11; Linux x86_64) AppleWebKit/537.36 (KHTML, like Gecko) Chrome/106.0.0.0 Safari/537.36','2023-01-10 17:31:03',1,'103.186.237.254','2023-01-10 17:31:04'),(732,1251,1,'124.253.120.140','Mozilla/5.0 (Windows NT 10.0; Win64; x64) AppleWebKit/537.36 (KHTML, like Gecko) Chrome/108.0.0.0 Safari/537.36','2023-01-10 18:11:27',1,'124.253.120.140','2023-01-10 18:13:31'),(733,1,1,'183.82.154.83','Mozilla/5.0 (Windows NT 10.0; Win64; x64) AppleWebKit/537.36 (KHTML, like Gecko) Chrome/108.0.0.0 Safari/537.36','2023-01-10 21:09:20',1,'183.82.154.83','2023-01-10 21:09:20'),(734,1,1,'183.82.154.83','Mozilla/5.0 (Windows NT 10.0; Win64; x64) AppleWebKit/537.36 (KHTML, like Gecko) Chrome/108.0.0.0 Safari/537.36','2023-01-10 22:13:14',1,'183.82.154.83','2023-01-10 22:18:31'),(735,1,1,'183.82.152.20','Mozilla/5.0 (Windows NT 10.0; Win64; x64) AppleWebKit/537.36 (KHTML, like Gecko) Chrome/108.0.0.0 Safari/537.36','2023-01-11 10:04:31',1,'183.82.152.20','2023-01-11 10:04:37'),(736,1,1,'103.149.126.6','Mozilla/5.0 (X11; Linux x86_64) AppleWebKit/537.36 (KHTML, like Gecko) Chrome/106.0.0.0 Safari/537.36','2023-01-11 10:53:14',1,'103.149.126.6','2023-01-11 11:14:24'),(737,1,1,'103.149.126.6','Mozilla/5.0 (X11; Linux x86_64) AppleWebKit/537.36 (KHTML, like Gecko) Chrome/106.0.0.0 Safari/537.36','2023-01-11 11:14:33',1,'103.149.126.6','2023-01-11 11:14:33'),(738,1251,1,'124.253.120.140','Mozilla/5.0 (Windows NT 10.0; Win64; x64) AppleWebKit/537.36 (KHTML, like Gecko) Chrome/108.0.0.0 Safari/537.36','2023-01-11 11:16:59',1,'124.253.120.140','2023-01-11 12:14:16'),(739,1,1,'103.149.126.6','Mozilla/5.0 (X11; Linux x86_64) AppleWebKit/537.36 (KHTML, like Gecko) Chrome/106.0.0.0 Safari/537.36','2023-01-11 12:01:16',1,'103.149.126.6','2023-01-11 12:03:10'),(740,1,1,'::1','Mozilla/5.0 (X11; Linux x86_64) AppleWebKit/537.36 (KHTML, like Gecko) Chrome/106.0.0.0 Safari/537.36','2023-01-11 12:02:38',1,'::1','2023-01-11 12:02:42'),(741,1,1,'::1','Mozilla/5.0 (X11; Linux x86_64) AppleWebKit/537.36 (KHTML, like Gecko) Chrome/106.0.0.0 Safari/537.36','2023-01-11 12:03:11',1,'::1','2023-01-11 12:03:12'),(742,1,1,'103.149.126.6','Mozilla/5.0 (X11; Linux x86_64) AppleWebKit/537.36 (KHTML, like Gecko) Chrome/106.0.0.0 Safari/537.36','2023-01-11 12:03:23',1,'103.149.126.6','2023-01-11 12:03:24'),(743,1,1,'::1','Mozilla/5.0 (X11; Linux x86_64) AppleWebKit/537.36 (KHTML, like Gecko) Chrome/106.0.0.0 Safari/537.36','2023-01-11 12:03:37',1,'::1','2023-01-11 12:03:38'),(744,1,1,'124.253.120.140','Mozilla/5.0 (Windows NT 10.0; Win64; x64) AppleWebKit/537.36 (KHTML, like Gecko) Chrome/108.0.0.0 Safari/537.36','2023-01-11 13:17:51',1,'124.253.120.140','2023-01-11 13:18:09'),(745,1,1,'106.193.238.251','Mozilla/5.0 (X11; Linux x86_64) AppleWebKit/537.36 (KHTML, like Gecko) Chrome/106.0.0.0 Safari/537.36','2023-01-11 13:55:52',1,'106.193.238.251','2023-01-11 13:55:53'),(746,1,1,'106.193.238.251','Mozilla/5.0 (X11; Linux x86_64) AppleWebKit/537.36 (KHTML, like Gecko) Chrome/106.0.0.0 Safari/537.36','2023-01-11 13:56:02',1,'106.193.238.251','2023-01-11 14:11:39'),(747,1251,1,'171.76.85.228','Mozilla/5.0 (Windows NT 10.0; Win64; x64) AppleWebKit/537.36 (KHTML, like Gecko) Chrome/108.0.0.0 Safari/537.36','2023-01-11 14:08:42',1,'171.76.85.228','2023-01-11 14:18:28'),(748,1,1,'::1','Mozilla/5.0 (X11; Linux x86_64) AppleWebKit/537.36 (KHTML, like Gecko) Chrome/106.0.0.0 Safari/537.36','2023-01-11 14:51:02',1,'::1','2023-01-11 14:51:28'),(749,1,1,'124.253.120.140','Mozilla/5.0 (Windows NT 10.0; Win64; x64) AppleWebKit/537.36 (KHTML, like Gecko) Chrome/108.0.0.0 Safari/537.36','2023-01-11 15:03:08',1,'124.253.120.140','2023-01-11 15:05:49'),(750,1,1,'183.82.152.20','Mozilla/5.0 (Windows NT 10.0; Win64; x64) AppleWebKit/537.36 (KHTML, like Gecko) Chrome/108.0.0.0 Safari/537.36','2023-01-11 15:57:22',1,'183.82.152.20','2023-01-11 15:57:58'),(751,1,1,'::1','Mozilla/5.0 (X11; Linux x86_64) AppleWebKit/537.36 (KHTML, like Gecko) Chrome/106.0.0.0 Safari/537.36','2023-01-11 16:10:11',1,'::1','2023-01-11 16:55:56'),(752,1251,1,'171.76.85.228','Mozilla/5.0 (Windows NT 10.0; Win64; x64) AppleWebKit/537.36 (KHTML, like Gecko) Chrome/108.0.0.0 Safari/537.36','2023-01-11 16:13:01',1,'171.76.85.228','2023-01-11 16:16:58'),(753,1,1,'::1','Mozilla/5.0 (X11; Linux x86_64) AppleWebKit/537.36 (KHTML, like Gecko) Chrome/106.0.0.0 Safari/537.36','2023-01-11 16:56:20',1,'::1','2023-01-11 16:56:22'),(754,1,1,'106.193.239.17','Mozilla/5.0 (X11; Linux x86_64) AppleWebKit/537.36 (KHTML, like Gecko) Chrome/106.0.0.0 Safari/537.36','2023-01-11 16:58:32',1,'106.193.239.17','2023-01-11 16:58:32'),(755,1,1,'106.193.239.17','Mozilla/5.0 (X11; Linux x86_64) AppleWebKit/537.36 (KHTML, like Gecko) Chrome/106.0.0.0 Safari/537.36','2023-01-11 16:58:32',1,'106.193.239.17','2023-01-11 16:58:32'),(756,1,1,'106.193.239.17','Mozilla/5.0 (X11; Linux x86_64) AppleWebKit/537.36 (KHTML, like Gecko) Chrome/106.0.0.0 Safari/537.36','2023-01-11 16:58:33',1,'106.193.239.17','2023-01-11 16:58:34'),(757,1,1,'124.253.227.67','Mozilla/5.0 (Windows NT 10.0; Win64; x64) AppleWebKit/537.36 (KHTML, like Gecko) Chrome/108.0.0.0 Safari/537.36','2023-01-11 17:05:05',1,'124.253.227.67','2023-01-11 17:06:09'),(758,1,1,'183.82.152.20','Mozilla/5.0 (Windows NT 10.0; Win64; x64) AppleWebKit/537.36 (KHTML, like Gecko) Chrome/108.0.0.0 Safari/537.36','2023-01-11 18:03:04',1,'183.82.152.20','2023-01-11 18:03:04'),(759,1251,1,'171.76.85.228','Mozilla/5.0 (Windows NT 10.0; Win64; x64) AppleWebKit/537.36 (KHTML, like Gecko) Chrome/108.0.0.0 Safari/537.36','2023-01-11 18:56:19',1,'171.76.85.228','2023-01-11 18:56:20'),(760,1251,1,'171.76.85.244','Mozilla/5.0 (Windows NT 10.0; Win64; x64) AppleWebKit/537.36 (KHTML, like Gecko) Chrome/108.0.0.0 Safari/537.36','2023-01-12 09:48:01',1,'171.76.85.244','2023-01-12 09:50:03'),(761,1251,1,'171.76.85.244','Mozilla/5.0 (Windows NT 10.0; Win64; x64) AppleWebKit/537.36 (KHTML, like Gecko) Chrome/108.0.0.0 Safari/537.36','2023-01-12 10:54:46',1,'171.76.85.244','2023-01-12 10:57:18'),(762,1251,1,'171.76.85.244','Mozilla/5.0 (Windows NT 10.0; Win64; x64) AppleWebKit/537.36 (KHTML, like Gecko) Chrome/108.0.0.0 Safari/537.36','2023-01-12 13:10:13',1,'171.76.85.244','2023-01-12 13:12:48'),(763,1,1,'103.186.237.254','Mozilla/5.0 (X11; Linux x86_64) AppleWebKit/537.36 (KHTML, like Gecko) Chrome/106.0.0.0 Safari/537.36','2023-01-12 13:15:04',1,'103.186.237.254','2023-01-12 14:20:31'),(764,1,1,'::1','Mozilla/5.0 (X11; Linux x86_64) AppleWebKit/537.36 (KHTML, like Gecko) Chrome/106.0.0.0 Safari/537.36','2023-01-12 14:21:27',1,'::1','2023-01-12 14:21:27'),(765,1,1,'::1','Mozilla/5.0 (X11; Linux x86_64) AppleWebKit/537.36 (KHTML, like Gecko) Chrome/106.0.0.0 Safari/537.36','2023-01-12 14:21:32',1,'::1','2023-01-12 14:22:12'),(766,1251,1,'124.253.227.67','Mozilla/5.0 (Windows NT 10.0; Win64; x64) AppleWebKit/537.36 (KHTML, like Gecko) Chrome/108.0.0.0 Safari/537.36','2023-01-12 14:53:44',1,'124.253.227.67','2023-01-12 15:08:33'),(767,1,1,'::1','Mozilla/5.0 (X11; Linux x86_64) AppleWebKit/537.36 (KHTML, like Gecko) Chrome/106.0.0.0 Safari/537.36','2023-01-12 15:04:05',1,'::1','2023-01-12 15:04:07'),(768,1,1,'103.186.237.254','Mozilla/5.0 (X11; Linux x86_64) AppleWebKit/537.36 (KHTML, like Gecko) Chrome/106.0.0.0 Safari/537.36','2023-01-12 15:11:39',1,'103.186.237.254','2023-01-12 15:14:54'),(769,1,1,'103.186.237.254','Mozilla/5.0 (X11; Linux x86_64) AppleWebKit/537.36 (KHTML, like Gecko) Chrome/106.0.0.0 Safari/537.36','2023-01-12 15:45:00',1,'103.186.237.254','2023-01-12 15:45:01'),(770,1251,1,'171.76.85.244','Mozilla/5.0 (Windows NT 10.0; Win64; x64) AppleWebKit/537.36 (KHTML, like Gecko) Chrome/108.0.0.0 Safari/537.36','2023-01-12 15:55:52',1,'171.76.85.244','2023-01-12 16:14:27'),(771,1251,1,'171.76.85.244','Mozilla/5.0 (Windows NT 10.0; Win64; x64) AppleWebKit/537.36 (KHTML, like Gecko) Chrome/108.0.0.0 Safari/537.36','2023-01-12 16:14:59',0,'171.76.85.244','2023-01-12 16:14:59'),(772,1251,1,'171.76.85.244','Mozilla/5.0 (Windows NT 10.0; Win64; x64) AppleWebKit/537.36 (KHTML, like Gecko) Chrome/108.0.0.0 Safari/537.36','2023-01-12 16:15:05',1,'171.76.85.244','2023-01-12 16:15:28'),(773,1251,1,'171.76.85.244','Mozilla/5.0 (Windows NT 10.0; Win64; x64) AppleWebKit/537.36 (KHTML, like Gecko) Chrome/108.0.0.0 Safari/537.36','2023-01-12 16:15:46',1,'171.76.85.244','2023-01-12 16:15:46'),(774,1,1,'103.186.237.254','Mozilla/5.0 (X11; Linux x86_64) AppleWebKit/537.36 (KHTML, like Gecko) Chrome/106.0.0.0 Safari/537.36','2023-01-12 16:21:01',1,'103.186.237.254','2023-01-12 16:43:44'),(775,1,1,'::1','Mozilla/5.0 (X11; Linux x86_64) AppleWebKit/537.36 (KHTML, like Gecko) Chrome/106.0.0.0 Safari/537.36','2023-01-12 16:43:55',1,'::1','2023-01-12 16:43:57'),(776,1,1,'103.186.237.254','Mozilla/5.0 (X11; Linux x86_64) AppleWebKit/537.36 (KHTML, like Gecko) Chrome/106.0.0.0 Safari/537.36','2023-01-12 16:44:41',1,'103.186.237.254','2023-01-12 16:44:42'),(777,1,1,'103.186.237.254','Mozilla/5.0 (X11; Linux x86_64) AppleWebKit/537.36 (KHTML, like Gecko) Chrome/106.0.0.0 Safari/537.36','2023-01-13 10:05:34',1,'103.186.237.254','2023-01-13 10:05:34'),(778,1,1,'::1','Mozilla/5.0 (X11; Linux x86_64) AppleWebKit/537.36 (KHTML, like Gecko) Chrome/106.0.0.0 Safari/537.36','2023-01-13 10:06:54',1,'::1','2023-01-13 10:06:57'),(779,1,1,'103.149.126.6','Mozilla/5.0 (X11; Linux x86_64) AppleWebKit/537.36 (KHTML, like Gecko) Chrome/106.0.0.0 Safari/537.36','2023-01-13 13:06:24',1,'103.149.126.6','2023-01-13 13:15:06'),(780,1,1,'::1','Mozilla/5.0 (X11; Linux x86_64) AppleWebKit/537.36 (KHTML, like Gecko) Chrome/106.0.0.0 Safari/537.36','2023-01-13 13:07:16',1,'::1','2023-01-13 13:14:33'),(781,1,1,'::1','Mozilla/5.0 (X11; Linux x86_64) AppleWebKit/537.36 (KHTML, like Gecko) Chrome/106.0.0.0 Safari/537.36','2023-01-13 17:31:53',1,'::1','2023-01-13 17:31:56'),(782,1251,1,'171.76.85.244','Mozilla/5.0 (Windows NT 10.0; Win64; x64) AppleWebKit/537.36 (KHTML, like Gecko) Chrome/108.0.0.0 Safari/537.36','2023-01-16 10:03:21',1,'171.76.85.244','2023-01-16 10:07:41'),(783,1,1,'::1','Mozilla/5.0 (Windows NT 10.0; Win64; x64) AppleWebKit/537.36 (KHTML, like Gecko) Chrome/108.0.0.0 Safari/537.36','2023-01-16 10:24:35',1,'::1','2023-01-16 17:17:15'),(784,1,1,'124.253.75.134','Mozilla/5.0 (Windows NT 10.0; Win64; x64) AppleWebKit/537.36 (KHTML, like Gecko) Chrome/108.0.0.0 Safari/537.36','2023-01-16 10:58:34',1,'124.253.75.134','2023-01-16 11:33:29'),(785,1251,1,'116.50.59.203','Mozilla/5.0 (Windows NT 10.0; Win64; x64) AppleWebKit/537.36 (KHTML, like Gecko) Chrome/108.0.0.0 Safari/537.36','2023-01-16 14:58:11',1,'116.50.59.203','2023-01-16 14:59:05'),(786,1251,1,'171.76.85.244','Mozilla/5.0 (Windows NT 10.0; Win64; x64) AppleWebKit/537.36 (KHTML, like Gecko) Chrome/108.0.0.0 Safari/537.36','2023-01-16 16:48:28',1,'171.76.85.244','2023-01-16 16:50:24'),(787,1,1,'103.149.126.6','Mozilla/5.0 (X11; Linux x86_64) AppleWebKit/537.36 (KHTML, like Gecko) Chrome/106.0.0.0 Safari/537.36','2023-01-16 18:16:05',1,'103.149.126.6','2023-01-16 18:16:14'),(788,1,1,'::1','Mozilla/5.0 (Windows NT 10.0; Win64; x64) AppleWebKit/537.36 (KHTML, like Gecko) Chrome/108.0.0.0 Safari/537.36','2023-01-16 18:17:48',1,'::1','2023-01-16 18:18:26'),(789,1,1,'103.186.237.254','Mozilla/5.0 (X11; Linux x86_64) AppleWebKit/537.36 (KHTML, like Gecko) Chrome/106.0.0.0 Safari/537.36','2023-01-16 21:34:27',1,'103.186.237.254','2023-01-16 21:35:14'),(790,1251,1,'171.76.85.244','Mozilla/5.0 (Windows NT 10.0; Win64; x64) AppleWebKit/537.36 (KHTML, like Gecko) Chrome/108.0.0.0 Safari/537.36','2023-01-17 10:12:06',1,'171.76.85.244','2023-01-17 11:34:54'),(791,1,1,'::1','Mozilla/5.0 (X11; Linux x86_64) AppleWebKit/537.36 (KHTML, like Gecko) Chrome/106.0.0.0 Safari/537.36','2023-01-17 11:53:49',1,'::1','2023-01-17 11:56:37'),(792,1,1,'::1','Mozilla/5.0 (Windows NT 10.0; Win64; x64) AppleWebKit/537.36 (KHTML, like Gecko) Chrome/108.0.0.0 Safari/537.36','2023-01-17 14:42:03',1,'::1','2023-01-17 16:18:55'),(793,1,1,'::1','Mozilla/5.0 (X11; Linux x86_64) AppleWebKit/537.36 (KHTML, like Gecko) Chrome/106.0.0.0 Safari/537.36','2023-01-17 14:46:55',1,'::1','2023-01-17 14:46:55'),(794,1,1,'::1','Mozilla/5.0 (X11; Linux x86_64) AppleWebKit/537.36 (KHTML, like Gecko) Chrome/106.0.0.0 Safari/537.36','2023-01-17 14:46:59',1,'::1','2023-01-17 14:46:59'),(795,1,1,'::1','Mozilla/5.0 (X11; Linux x86_64) AppleWebKit/537.36 (KHTML, like Gecko) Chrome/106.0.0.0 Safari/537.36','2023-01-17 14:47:02',1,'::1','2023-01-17 14:47:02'),(796,1,1,'::1','Mozilla/5.0 (X11; Linux x86_64) AppleWebKit/537.36 (KHTML, like Gecko) Chrome/106.0.0.0 Safari/537.36','2023-01-17 14:47:03',1,'::1','2023-01-17 14:47:18'),(797,1,1,'103.186.237.254','Mozilla/5.0 (X11; Linux x86_64) AppleWebKit/537.36 (KHTML, like Gecko) Chrome/106.0.0.0 Safari/537.36','2023-01-17 14:52:09',1,'103.186.237.254','2023-01-17 14:52:22'),(798,1251,1,'124.253.212.122','Mozilla/5.0 (Windows NT 10.0; Win64; x64) AppleWebKit/537.36 (KHTML, like Gecko) Chrome/108.0.0.0 Safari/537.36','2023-01-17 15:16:19',1,'124.253.212.122','2023-01-17 15:30:45'),(799,1,1,'::1','Mozilla/5.0 (X11; Linux x86_64) AppleWebKit/537.36 (KHTML, like Gecko) Chrome/106.0.0.0 Safari/537.36','2023-01-17 15:24:40',1,'::1','2023-01-17 15:24:42'),(800,1251,1,'171.76.85.244','Mozilla/5.0 (Windows NT 10.0; Win64; x64) AppleWebKit/537.36 (KHTML, like Gecko) Chrome/108.0.0.0 Safari/537.36','2023-01-17 15:31:09',1,'171.76.85.244','2023-01-17 15:32:56'),(801,1,1,'103.186.237.254','Mozilla/5.0 (X11; Linux x86_64) AppleWebKit/537.36 (KHTML, like Gecko) Chrome/106.0.0.0 Safari/537.36','2023-01-17 15:45:03',1,'103.186.237.254','2023-01-17 15:46:46'),(802,1,1,'::1','Mozilla/5.0 (X11; Linux x86_64) AppleWebKit/537.36 (KHTML, like Gecko) Chrome/106.0.0.0 Safari/537.36','2023-01-17 16:14:26',1,'::1','2023-01-17 16:14:28'),(803,1251,1,'124.253.100.255','Mozilla/5.0 (Windows NT 10.0; Win64; x64) AppleWebKit/537.36 (KHTML, like Gecko) Chrome/108.0.0.0 Safari/537.36','2023-01-17 16:15:48',1,'124.253.100.255','2023-01-17 16:16:09'),(804,1251,1,'124.253.100.255','Mozilla/5.0 (Windows NT 10.0; Win64; x64) AppleWebKit/537.36 (KHTML, like Gecko) Chrome/108.0.0.0 Safari/537.36','2023-01-17 16:16:23',1,'124.253.100.255','2023-01-17 16:18:30'),(805,1,1,'::1','Mozilla/5.0 (Windows NT 10.0; Win64; x64) AppleWebKit/537.36 (KHTML, like Gecko) Chrome/108.0.0.0 Safari/537.36','2023-01-17 16:19:01',1,'::1','2023-01-17 16:19:35'),(806,1251,1,'171.76.85.244','Mozilla/5.0 (Windows NT 10.0; Win64; x64) AppleWebKit/537.36 (KHTML, like Gecko) Chrome/108.0.0.0 Safari/537.36','2023-01-17 16:19:15',1,'171.76.85.244','2023-01-17 16:20:57'),(807,1,1,'124.253.100.255','Mozilla/5.0 (Windows NT 10.0; Win64; x64) AppleWebKit/537.36 (KHTML, like Gecko) Chrome/108.0.0.0 Safari/537.36','2023-01-17 16:19:54',1,'124.253.100.255','2023-01-17 16:25:00'),(808,1251,1,'171.76.85.244','Mozilla/5.0 (Windows NT 10.0; Win64; x64) AppleWebKit/537.36 (KHTML, like Gecko) Chrome/108.0.0.0 Safari/537.36','2023-01-17 16:21:21',1,'171.76.85.244','2023-01-17 16:22:12'),(809,1,1,'124.253.100.255','Mozilla/5.0 (Windows NT 10.0; Win64; x64) AppleWebKit/537.36 (KHTML, like Gecko) Chrome/108.0.0.0 Safari/537.36','2023-01-17 16:25:15',1,'124.253.100.255','2023-01-17 16:33:08'),(810,1251,1,'171.76.85.244','Mozilla/5.0 (Windows NT 10.0; Win64; x64) AppleWebKit/537.36 (KHTML, like Gecko) Chrome/108.0.0.0 Safari/537.36','2023-01-17 16:29:51',1,'171.76.85.244','2023-01-17 16:30:13'),(811,1251,1,'171.76.85.244','Mozilla/5.0 (Windows NT 10.0; Win64; x64) AppleWebKit/537.36 (KHTML, like Gecko) Chrome/108.0.0.0 Safari/537.36','2023-01-17 16:35:54',1,'171.76.85.244','2023-01-17 16:36:33'),(812,1251,1,'171.76.85.244','Mozilla/5.0 (Windows NT 10.0; Win64; x64) AppleWebKit/537.36 (KHTML, like Gecko) Chrome/108.0.0.0 Safari/537.36','2023-01-17 16:37:12',1,'171.76.85.244','2023-01-17 16:38:01'),(813,1251,1,'171.76.85.244','Mozilla/5.0 (Windows NT 10.0; Win64; x64) AppleWebKit/537.36 (KHTML, like Gecko) Chrome/108.0.0.0 Safari/537.36','2023-01-17 16:39:04',1,'171.76.85.244','2023-01-17 16:39:20'),(814,1251,1,'171.76.85.244','Mozilla/5.0 (Windows NT 10.0; Win64; x64) AppleWebKit/537.36 (KHTML, like Gecko) Chrome/108.0.0.0 Safari/537.36','2023-01-17 16:43:31',1,'171.76.85.244','2023-01-17 17:09:16'),(815,1,1,'124.253.100.255','Mozilla/5.0 (Windows NT 10.0; Win64; x64) AppleWebKit/537.36 (KHTML, like Gecko) Chrome/108.0.0.0 Safari/537.36','2023-01-17 17:25:53',1,'124.253.100.255','2023-01-17 17:26:51'),(816,1,1,'::1','Mozilla/5.0 (Windows NT 10.0; Win64; x64) AppleWebKit/537.36 (KHTML, like Gecko) Chrome/108.0.0.0 Safari/537.36','2023-01-17 17:31:39',1,'::1','2023-01-17 17:32:07'),(817,1,1,'::1','Mozilla/5.0 (Windows NT 10.0; Win64; x64) AppleWebKit/537.36 (KHTML, like Gecko) Chrome/108.0.0.0 Safari/537.36','2023-01-17 17:38:55',1,'::1','2023-01-17 17:39:32'),(818,1,1,'124.253.100.255','Mozilla/5.0 (Windows NT 10.0; Win64; x64) AppleWebKit/537.36 (KHTML, like Gecko) Chrome/108.0.0.0 Safari/537.36','2023-01-17 17:41:05',1,'124.253.100.255','2023-01-17 18:52:35'),(819,1,1,'103.186.237.254','Mozilla/5.0 (X11; Linux x86_64) AppleWebKit/537.36 (KHTML, like Gecko) Chrome/106.0.0.0 Safari/537.36','2023-01-17 17:55:09',1,'103.186.237.254','2023-01-17 17:55:10'),(820,1,1,'103.186.237.254','Mozilla/5.0 (X11; Linux x86_64) AppleWebKit/537.36 (KHTML, like Gecko) Chrome/106.0.0.0 Safari/537.36','2023-01-17 18:06:25',1,'103.186.237.254','2023-01-17 18:20:55'),(821,1,1,'::1','Mozilla/5.0 (X11; Linux x86_64) AppleWebKit/537.36 (KHTML, like Gecko) Chrome/106.0.0.0 Safari/537.36','2023-01-17 18:36:09',1,'::1','2023-01-17 18:56:19'),(822,1,1,'103.186.237.254','Mozilla/5.0 (X11; Linux x86_64) AppleWebKit/537.36 (KHTML, like Gecko) Chrome/106.0.0.0 Safari/537.36','2023-01-17 18:50:10',1,'103.186.237.254','2023-01-17 18:52:32'),(823,1,1,'103.186.237.254','Mozilla/5.0 (X11; Linux x86_64) AppleWebKit/537.36 (KHTML, like Gecko) Chrome/106.0.0.0 Safari/537.36','2023-01-17 18:53:01',1,'103.186.237.254','2023-01-17 18:53:33'),(824,1,1,'124.253.100.255','Mozilla/5.0 (Windows NT 10.0; Win64; x64) AppleWebKit/537.36 (KHTML, like Gecko) Chrome/108.0.0.0 Safari/537.36','2023-01-17 18:53:15',1,'124.253.100.255','2023-01-17 19:05:46'),(825,1,1,'::1','Mozilla/5.0 (X11; Linux x86_64) AppleWebKit/537.36 (KHTML, like Gecko) Chrome/106.0.0.0 Safari/537.36','2023-01-17 18:56:32',1,'::1','2023-01-17 19:04:00'),(826,1,1,'124.253.100.255','Mozilla/5.0 (Windows NT 10.0; Win64; x64) AppleWebKit/537.36 (KHTML, like Gecko) Chrome/108.0.0.0 Safari/537.36','2023-01-17 19:05:56',1,'124.253.100.255','2023-01-17 19:06:43'),(827,1,1,'::1','Mozilla/5.0 (X11; Linux x86_64) AppleWebKit/537.36 (KHTML, like Gecko) Chrome/106.0.0.0 Safari/537.36','2023-01-18 09:10:25',1,'::1','2023-01-18 09:10:28'),(828,1,1,'103.186.237.254','Mozilla/5.0 (X11; Linux x86_64) AppleWebKit/537.36 (KHTML, like Gecko) Chrome/106.0.0.0 Safari/537.36','2023-01-18 09:11:32',1,'103.186.237.254','2023-01-18 09:11:33'),(829,1,1,'103.186.237.254','Mozilla/5.0 (X11; Linux x86_64) AppleWebKit/537.36 (KHTML, like Gecko) Chrome/106.0.0.0 Safari/537.36','2023-01-18 09:15:24',1,'103.186.237.254','2023-01-18 09:15:25'),(830,1,1,'::1','Mozilla/5.0 (Windows NT 10.0; Win64; x64) AppleWebKit/537.36 (KHTML, like Gecko) Chrome/109.0.0.0 Safari/537.36','2023-01-18 09:37:21',1,'::1','2023-01-18 10:13:24'),(831,1,1,'::1','Mozilla/5.0 (X11; Linux x86_64) AppleWebKit/537.36 (KHTML, like Gecko) Chrome/106.0.0.0 Safari/537.36','2023-01-18 10:16:52',1,'::1','2023-01-18 10:22:23'),(832,1,1,'124.253.100.255','Mozilla/5.0 (Windows NT 10.0; Win64; x64) AppleWebKit/537.36 (KHTML, like Gecko) Chrome/109.0.0.0 Safari/537.36','2023-01-18 10:47:59',1,'124.253.100.255','2023-01-18 10:58:22'),(833,1,1,'::1','Mozilla/5.0 (X11; Linux x86_64) AppleWebKit/537.36 (KHTML, like Gecko) Chrome/106.0.0.0 Safari/537.36','2023-01-18 11:14:22',1,'::1','2023-01-18 11:43:14'),(834,1,1,'103.186.237.254','Mozilla/5.0 (X11; Linux x86_64) AppleWebKit/537.36 (KHTML, like Gecko) Chrome/106.0.0.0 Safari/537.36','2023-01-18 11:32:37',1,'103.186.237.254','2023-01-18 11:32:38'),(835,1,1,'115.246.120.117','Mozilla/5.0 (Windows NT 10.0; Win64; x64) AppleWebKit/537.36 (KHTML, like Gecko) Chrome/109.0.0.0 Safari/537.36','2023-01-18 11:43:07',1,'115.246.120.117','2023-01-18 11:43:08'),(836,1,1,'103.186.237.254','Mozilla/5.0 (X11; Linux x86_64) AppleWebKit/537.36 (KHTML, like Gecko) Chrome/106.0.0.0 Safari/537.36','2023-01-18 11:57:41',1,'103.186.237.254','2023-01-18 11:57:42'),(837,1,1,'124.253.100.255','Mozilla/5.0 (Windows NT 10.0; Win64; x64) AppleWebKit/537.36 (KHTML, like Gecko) Chrome/109.0.0.0 Safari/537.36','2023-01-18 12:11:00',1,'124.253.100.255','2023-01-18 12:11:07'),(838,1,1,'115.246.120.117','Mozilla/5.0 (Windows NT 10.0; Win64; x64) AppleWebKit/537.36 (KHTML, like Gecko) Chrome/109.0.0.0 Safari/537.36','2023-01-18 16:18:23',1,'115.246.120.117','2023-01-18 16:18:50'),(839,1,1,'124.253.78.127','Mozilla/5.0 (Windows NT 10.0; Win64; x64) AppleWebKit/537.36 (KHTML, like Gecko) Chrome/109.0.0.0 Safari/537.36','2023-01-18 16:46:47',1,'124.253.78.127','2023-01-18 16:46:56'),(840,1,1,'115.246.120.117','Mozilla/5.0 (Windows NT 10.0; Win64; x64) AppleWebKit/537.36 (KHTML, like Gecko) Chrome/109.0.0.0 Safari/537.36','2023-01-18 19:13:40',1,'115.246.120.117','2023-01-18 19:13:50'),(841,1,1,'::1','Mozilla/5.0 (X11; Linux x86_64) AppleWebKit/537.36 (KHTML, like Gecko) Chrome/106.0.0.0 Safari/537.36','2023-01-18 20:39:23',1,'::1','2023-01-18 20:39:27'),(842,1,1,'::1','Mozilla/5.0 (X11; Linux x86_64) AppleWebKit/537.36 (KHTML, like Gecko) Chrome/106.0.0.0 Safari/537.36','2023-01-18 20:40:19',1,'::1','2023-01-18 20:40:19'),(843,1,1,'::1','Mozilla/5.0 (X11; Linux x86_64) AppleWebKit/537.36 (KHTML, like Gecko) Chrome/106.0.0.0 Safari/537.36','2023-01-18 20:40:21',1,'::1','2023-01-18 20:40:22'),(844,1,1,'103.186.237.254','Mozilla/5.0 (X11; Linux x86_64) AppleWebKit/537.36 (KHTML, like Gecko) Chrome/106.0.0.0 Safari/537.36','2023-01-18 20:43:40',1,'103.186.237.254','2023-01-18 20:43:41'),(845,1,1,'::1','Mozilla/5.0 (Windows NT 10.0; Win64; x64) AppleWebKit/537.36 (KHTML, like Gecko) Chrome/109.0.0.0 Safari/537.36','2023-01-19 09:46:13',1,'::1','2023-01-19 14:29:59'),(846,1,1,'183.82.153.110','Mozilla/5.0 (Windows NT 10.0; Win64; x64) AppleWebKit/537.36 (KHTML, like Gecko) Chrome/109.0.0.0 Safari/537.36','2023-01-19 12:33:38',1,'183.82.153.110','2023-01-19 12:33:57'),(847,1,1,'103.149.126.6','Mozilla/5.0 (X11; Linux x86_64) AppleWebKit/537.36 (KHTML, like Gecko) Chrome/106.0.0.0 Safari/537.36','2023-01-19 13:42:38',1,'103.149.126.6','2023-01-19 13:42:39'),(848,1251,1,'171.76.85.244','Mozilla/5.0 (Windows NT 10.0; Win64; x64) AppleWebKit/537.36 (KHTML, like Gecko) Chrome/108.0.0.0 Safari/537.36','2023-01-19 16:20:38',1,'171.76.85.244','2023-01-19 16:30:46'),(849,1251,1,'171.76.85.244','Mozilla/5.0 (Windows NT 10.0; Win64; x64) AppleWebKit/537.36 (KHTML, like Gecko) Chrome/108.0.0.0 Safari/537.36','2023-01-19 16:30:57',1,'171.76.85.244','2023-01-19 16:36:13'),(850,1,1,'124.253.194.19','Mozilla/5.0 (Windows NT 10.0; Win64; x64) AppleWebKit/537.36 (KHTML, like Gecko) Chrome/109.0.0.0 Safari/537.36','2023-01-19 16:54:53',1,'124.253.194.19','2023-01-19 16:55:11'),(851,1,1,'183.82.153.110','Mozilla/5.0 (Windows NT 10.0; Win64; x64) AppleWebKit/537.36 (KHTML, like Gecko) Chrome/109.0.0.0 Safari/537.36','2023-01-19 17:04:22',1,'183.82.153.110','2023-01-19 17:42:48'),(852,1251,1,'124.253.200.118','Mozilla/5.0 (Windows NT 10.0; Win64; x64) AppleWebKit/537.36 (KHTML, like Gecko) Chrome/109.0.0.0 Safari/537.36','2023-01-19 17:47:29',1,'124.253.200.118','2023-01-19 17:49:52'),(853,1,1,'183.82.153.110','Mozilla/5.0 (Windows NT 10.0; Win64; x64) AppleWebKit/537.36 (KHTML, like Gecko) Chrome/109.0.0.0 Safari/537.36','2023-01-20 05:51:56',1,'183.82.153.110','2023-01-20 05:52:01'),(854,1,1,'::1','Mozilla/5.0 (X11; Linux x86_64) AppleWebKit/537.36 (KHTML, like Gecko) Chrome/106.0.0.0 Safari/537.36','2023-01-20 11:28:54',1,'::1','2023-01-20 11:28:55'),(855,1,1,'::1','Mozilla/5.0 (X11; Linux x86_64) AppleWebKit/537.36 (KHTML, like Gecko) Chrome/106.0.0.0 Safari/537.36','2023-01-20 12:32:29',1,'::1','2023-01-20 12:33:36'),(856,1,1,'::1','Mozilla/5.0 (X11; Linux x86_64) AppleWebKit/537.36 (KHTML, like Gecko) Chrome/106.0.0.0 Safari/537.36','2023-01-20 17:06:07',1,'::1','2023-01-20 17:06:08'),(857,1251,1,'171.76.85.244','Mozilla/5.0 (Windows NT 10.0; Win64; x64) AppleWebKit/537.36 (KHTML, like Gecko) Chrome/108.0.0.0 Safari/537.36','2023-01-23 10:11:57',1,'171.76.85.244','2023-01-23 10:12:21'),(858,1251,1,'171.76.85.244','Mozilla/5.0 (Windows NT 10.0; Win64; x64) AppleWebKit/537.36 (KHTML, like Gecko) Chrome/108.0.0.0 Safari/537.36','2023-01-23 10:12:31',1,'171.76.85.244','2023-01-23 10:15:12'),(859,1251,1,'14.143.8.220','Mozilla/5.0 (Windows NT 10.0; Win64; x64) AppleWebKit/537.36 (KHTML, like Gecko) Chrome/109.0.0.0 Safari/537.36','2023-01-23 11:00:08',1,'14.143.8.220','2023-01-23 11:07:55'),(860,1251,1,'125.19.12.235','Mozilla/5.0 (Windows NT 10.0; Win64; x64) AppleWebKit/537.36 (KHTML, like Gecko) Chrome/109.0.0.0 Safari/537.36','2023-01-23 15:36:29',1,'125.19.12.235','2023-01-23 15:36:30'),(861,1251,1,'171.76.85.244','Mozilla/5.0 (Windows NT 10.0; Win64; x64) AppleWebKit/537.36 (KHTML, like Gecko) Chrome/108.0.0.0 Safari/537.36','2023-01-24 09:33:52',1,'171.76.85.244','2023-01-24 09:46:56'),(862,1,1,'180.214.135.17','Mozilla/5.0 (Windows NT 10.0; Win64; x64) AppleWebKit/537.36 (KHTML, like Gecko) Chrome/109.0.0.0 Safari/537.36','2023-01-24 11:15:20',1,'180.214.135.17','2023-01-24 12:34:50'),(863,1,1,'183.82.153.120','Mozilla/5.0 (Windows NT 10.0; Win64; x64) AppleWebKit/537.36 (KHTML, like Gecko) Chrome/109.0.0.0 Safari/537.36','2023-01-24 12:37:53',1,'183.82.153.120','2023-01-24 12:39:55'),(864,1,1,'103.186.237.254','Mozilla/5.0 (X11; Linux x86_64) AppleWebKit/537.36 (KHTML, like Gecko) Chrome/106.0.0.0 Safari/537.36','2023-01-24 13:04:19',1,'103.186.237.254','2023-01-24 13:04:20'),(865,1,1,'103.186.237.254','Mozilla/5.0 (X11; Linux x86_64) AppleWebKit/537.36 (KHTML, like Gecko) Chrome/106.0.0.0 Safari/537.36','2023-01-24 13:50:25',1,'103.186.237.254','2023-01-24 14:00:35'),(866,1,1,'124.253.224.167','Mozilla/5.0 (Windows NT 10.0; Win64; x64) AppleWebKit/537.36 (KHTML, like Gecko) Chrome/109.0.0.0 Safari/537.36','2023-01-24 19:01:31',1,'124.253.224.167','2023-01-24 19:01:38'),(867,1,1,'124.253.224.167','Mozilla/5.0 (Windows NT 10.0; Win64; x64) AppleWebKit/537.36 (KHTML, like Gecko) Chrome/109.0.0.0 Safari/537.36','2023-01-25 11:06:02',1,'124.253.224.167','2023-01-25 11:06:08'),(868,1,1,'124.253.224.167','Mozilla/5.0 (Windows NT 10.0; Win64; x64) AppleWebKit/537.36 (KHTML, like Gecko) Chrome/109.0.0.0 Safari/537.36','2023-01-25 12:03:05',1,'124.253.224.167','2023-01-25 12:17:27'),(869,1,1,'183.82.152.54','Mozilla/5.0 (Windows NT 10.0; Win64; x64) AppleWebKit/537.36 (KHTML, like Gecko) Chrome/109.0.0.0 Safari/537.36','2023-01-25 14:39:01',1,'183.82.152.54','2023-01-25 14:41:48'),(870,1,1,'124.253.224.167','Mozilla/5.0 (Windows NT 10.0; Win64; x64) AppleWebKit/537.36 (KHTML, like Gecko) Chrome/109.0.0.0 Safari/537.36','2023-01-25 14:50:46',1,'124.253.224.167','2023-01-25 14:51:14'),(871,1251,1,'124.253.120.47','Mozilla/5.0 (Windows NT 10.0; Win64; x64) AppleWebKit/537.36 (KHTML, like Gecko) Chrome/109.0.0.0 Safari/537.36','2023-01-25 16:48:34',1,'124.253.120.47','2023-01-25 16:48:35'),(872,1,1,'183.82.154.224','Mozilla/5.0 (Windows NT 10.0; Win64; x64) AppleWebKit/537.36 (KHTML, like Gecko) Chrome/109.0.0.0 Safari/537.36','2023-01-27 10:10:41',1,'183.82.154.224','2023-01-27 10:11:17'),(873,1,1,'183.82.154.224','Mozilla/5.0 (Windows NT 10.0; Win64; x64) AppleWebKit/537.36 (KHTML, like Gecko) Chrome/109.0.0.0 Safari/537.36','2023-01-27 10:44:50',1,'183.82.154.224','2023-01-27 11:00:31'),(874,1251,1,'124.253.201.194','Mozilla/5.0 (Windows NT 10.0; Win64; x64) AppleWebKit/537.36 (KHTML, like Gecko) Chrome/109.0.0.0 Safari/537.36','2023-01-27 11:23:09',1,'124.253.201.194','2023-01-27 11:59:23'),(875,1,1,'183.82.154.224','Mozilla/5.0 (Windows NT 10.0; Win64; x64) AppleWebKit/537.36 (KHTML, like Gecko) Chrome/109.0.0.0 Safari/537.36','2023-01-27 11:53:52',1,'183.82.154.224','2023-01-27 11:53:53'),(876,1251,1,'124.253.201.194','Mozilla/5.0 (Windows NT 10.0; Win64; x64) AppleWebKit/537.36 (KHTML, like Gecko) Chrome/109.0.0.0 Safari/537.36','2023-01-27 13:20:13',1,'124.253.201.194','2023-01-27 13:20:14'),(877,1,1,'183.82.154.224','Mozilla/5.0 (Windows NT 10.0; Win64; x64) AppleWebKit/537.36 (KHTML, like Gecko) Chrome/109.0.0.0 Safari/537.36','2023-01-27 14:53:19',1,'183.82.154.224','2023-01-27 14:59:25'),(878,1,1,'124.253.30.83','Mozilla/5.0 (Windows NT 10.0; Win64; x64) AppleWebKit/537.36 (KHTML, like Gecko) Chrome/109.0.0.0 Safari/537.36','2023-01-27 15:45:45',1,'124.253.30.83','2023-01-27 15:45:46'),(879,1,1,'183.82.154.224','Mozilla/5.0 (Windows NT 10.0; Win64; x64) AppleWebKit/537.36 (KHTML, like Gecko) Chrome/109.0.0.0 Safari/537.36','2023-01-27 16:29:06',1,'183.82.154.224','2023-01-27 16:34:49'),(880,1,1,'124.253.30.83','Mozilla/5.0 (Windows NT 10.0; Win64; x64) AppleWebKit/537.36 (KHTML, like Gecko) Chrome/109.0.0.0 Safari/537.36','2023-01-27 16:42:49',1,'124.253.30.83','2023-01-27 16:52:52'),(881,1251,1,'124.253.52.6','Mozilla/5.0 (Windows NT 10.0; Win64; x64) AppleWebKit/537.36 (KHTML, like Gecko) Chrome/109.0.0.0 Safari/537.36','2023-01-30 10:05:12',1,'124.253.52.6','2023-01-30 10:40:38'),(882,1251,1,'124.253.52.6','Mozilla/5.0 (Windows NT 10.0; Win64; x64) AppleWebKit/537.36 (KHTML, like Gecko) Chrome/109.0.0.0 Safari/537.36','2023-01-30 11:09:52',1,'124.253.52.6','2023-01-30 11:15:18'),(883,1251,1,'203.134.198.131','Mozilla/5.0 (Windows NT 10.0; Win64; x64) AppleWebKit/537.36 (KHTML, like Gecko) Chrome/109.0.0.0 Safari/537.36','2023-01-30 12:57:10',0,'203.134.198.131','2023-01-30 12:57:10'),(884,1251,1,'203.134.198.131','Mozilla/5.0 (Windows NT 10.0; Win64; x64) AppleWebKit/537.36 (KHTML, like Gecko) Chrome/109.0.0.0 Safari/537.36','2023-01-30 12:57:22',1,'203.134.198.131','2023-01-30 13:29:24'),(885,1,1,'115.246.120.117','Mozilla/5.0 (Windows NT 10.0; Win64; x64) AppleWebKit/537.36 (KHTML, like Gecko) Chrome/109.0.0.0 Safari/537.36','2023-01-30 13:24:57',1,'115.246.120.117','2023-01-30 13:53:24'),(886,1251,1,'203.134.198.131','Mozilla/5.0 (Windows NT 10.0; Win64; x64) AppleWebKit/537.36 (KHTML, like Gecko) Chrome/109.0.0.0 Safari/537.36','2023-01-30 16:00:59',1,'203.134.198.131','2023-01-30 16:17:26'),(887,1,1,'115.246.120.117','Mozilla/5.0 (Windows NT 10.0; Win64; x64) AppleWebKit/537.36 (KHTML, like Gecko) Chrome/109.0.0.0 Safari/537.36','2023-01-30 16:45:18',1,'115.246.120.117','2023-01-30 16:48:15'),(888,1251,1,'203.134.198.131','Mozilla/5.0 (Windows NT 10.0; Win64; x64) AppleWebKit/537.36 (KHTML, like Gecko) Chrome/109.0.0.0 Safari/537.36','2023-01-31 11:22:43',1,'203.134.198.131','2023-01-31 11:22:52'),(889,1251,1,'14.143.8.220','Mozilla/5.0 (Windows NT 10.0; Win64; x64) AppleWebKit/537.36 (KHTML, like Gecko) Chrome/109.0.0.0 Safari/537.36','2023-01-31 15:32:03',1,'14.143.8.220','2023-01-31 15:33:42'),(890,1,1,'183.82.153.125','Mozilla/5.0 (Windows NT 10.0; Win64; x64) AppleWebKit/537.36 (KHTML, like Gecko) Chrome/109.0.0.0 Safari/537.36','2023-01-31 18:38:39',1,'183.82.153.125','2023-01-31 18:38:42'),(891,1,1,'115.246.120.117','Mozilla/5.0 (Windows NT 10.0; Win64; x64) AppleWebKit/537.36 (KHTML, like Gecko) Chrome/109.0.0.0 Safari/537.36','2023-02-01 11:17:09',1,'115.246.120.117','2023-02-01 11:17:14'),(892,1251,1,'124.253.117.25','Mozilla/5.0 (Windows NT 10.0; Win64; x64) AppleWebKit/537.36 (KHTML, like Gecko) Chrome/109.0.0.0 Safari/537.36','2023-02-01 15:33:09',1,'124.253.117.25','2023-02-01 15:33:21'),(893,1251,1,'124.253.117.25','Mozilla/5.0 (Windows NT 10.0; Win64; x64) AppleWebKit/537.36 (KHTML, like Gecko) Chrome/109.0.0.0 Safari/537.36','2023-02-01 17:59:16',1,'124.253.117.25','2023-02-01 17:59:17'),(894,1251,1,'124.253.117.25','Mozilla/5.0 (Windows NT 10.0; Win64; x64) AppleWebKit/537.36 (KHTML, like Gecko) Chrome/109.0.0.0 Safari/537.36','2023-02-02 10:39:52',1,'124.253.117.25','2023-02-02 10:41:20'),(895,1251,1,'124.253.98.56','Mozilla/5.0 (Windows NT 10.0; Win64; x64) AppleWebKit/537.36 (KHTML, like Gecko) Chrome/109.0.0.0 Safari/537.36','2023-02-02 14:21:17',1,'124.253.98.56','2023-02-02 14:21:17'),(896,1,1,'103.149.126.6','Mozilla/5.0 (Windows NT 10.0; Win64; x64) AppleWebKit/537.36 (KHTML, like Gecko) Chrome/109.0.0.0 Safari/537.36','2023-02-02 15:33:09',1,'103.149.126.6','2023-02-02 15:33:09'),(897,1,1,'115.246.120.117','Mozilla/5.0 (Windows NT 10.0; Win64; x64) AppleWebKit/537.36 (KHTML, like Gecko) Chrome/109.0.0.0 Safari/537.36','2023-02-02 15:55:59',1,'115.246.120.117','2023-02-02 16:34:03'),(898,1251,1,'124.253.98.56','Mozilla/5.0 (Windows NT 10.0; Win64; x64) AppleWebKit/537.36 (KHTML, like Gecko) Chrome/109.0.0.0 Safari/537.36','2023-02-02 15:56:02',1,'124.253.98.56','2023-02-02 15:56:08'),(899,1251,1,'171.76.85.244','Mozilla/5.0 (Windows NT 10.0; Win64; x64) AppleWebKit/537.36 (KHTML, like Gecko) Chrome/108.0.0.0 Safari/537.36','2023-02-03 09:09:11',1,'171.76.85.244','2023-02-03 09:36:06'),(900,1,1,'::1','Mozilla/5.0 (Windows NT 10.0; Win64; x64) AppleWebKit/537.36 (KHTML, like Gecko) Chrome/109.0.0.0 Safari/537.36','2023-02-03 09:38:28',1,'::1','2023-02-03 10:20:00'),(901,1251,1,'27.255.165.114','Mozilla/5.0 (Windows NT 10.0; Win64; x64) AppleWebKit/537.36 (KHTML, like Gecko) Chrome/109.0.0.0 Safari/537.36','2023-02-03 09:48:40',1,'27.255.165.114','2023-02-03 09:49:42'),(902,1,1,'157.33.237.198','Mozilla/5.0 (Windows NT 10.0; Win64; x64) AppleWebKit/537.36 (KHTML, like Gecko) Chrome/109.0.0.0 Safari/537.36','2023-02-03 10:09:07',1,'157.33.237.198','2023-02-03 10:09:08'),(903,1251,1,'171.76.85.244','Mozilla/5.0 (Windows NT 10.0; Win64; x64) AppleWebKit/537.36 (KHTML, like Gecko) Chrome/108.0.0.0 Safari/537.36','2023-02-03 10:14:41',1,'171.76.85.244','2023-02-03 10:15:03'),(904,1251,1,'171.76.85.244','Mozilla/5.0 (Windows NT 10.0; Win64; x64) AppleWebKit/537.36 (KHTML, like Gecko) Chrome/108.0.0.0 Safari/537.36','2023-02-06 10:58:17',1,'171.76.85.244','2023-02-06 11:04:35'),(905,1,1,'27.255.173.153','Mozilla/5.0 (Windows NT 10.0; Win64; x64) AppleWebKit/537.36 (KHTML, like Gecko) Chrome/109.0.0.0 Safari/537.36','2023-02-06 11:43:53',1,'27.255.173.153','2023-02-06 12:33:31'),(906,1251,1,'171.76.85.244','Mozilla/5.0 (Windows NT 10.0; Win64; x64) AppleWebKit/537.36 (KHTML, like Gecko) Chrome/108.0.0.0 Safari/537.36','2023-02-06 12:46:04',1,'171.76.85.244','2023-02-06 12:46:05'),(907,1251,1,'14.143.8.222','Mozilla/5.0 (Windows NT 10.0; Win64; x64) AppleWebKit/537.36 (KHTML, like Gecko) Chrome/109.0.0.0 Safari/537.36','2023-02-06 12:56:01',1,'14.143.8.222','2023-02-06 12:56:02'),(908,1251,1,'171.76.85.244','Mozilla/5.0 (Windows NT 10.0; Win64; x64) AppleWebKit/537.36 (KHTML, like Gecko) Chrome/108.0.0.0 Safari/537.36','2023-02-07 09:41:22',1,'171.76.85.244','2023-02-07 10:18:35'),(909,1,1,'27.255.177.71','Mozilla/5.0 (Windows NT 10.0; Win64; x64) AppleWebKit/537.36 (KHTML, like Gecko) Chrome/109.0.0.0 Safari/537.36','2023-02-07 10:12:44',1,'27.255.177.71','2023-02-07 10:12:53'),(910,1,1,'27.255.177.71','Mozilla/5.0 (Windows NT 10.0; Win64; x64) AppleWebKit/537.36 (KHTML, like Gecko) Chrome/109.0.0.0 Safari/537.36','2023-02-07 10:52:30',1,'27.255.177.71','2023-02-07 10:57:14'),(911,1,1,'115.246.120.117','Mozilla/5.0 (Windows NT 10.0; Win64; x64) AppleWebKit/537.36 (KHTML, like Gecko) Chrome/109.0.0.0 Safari/537.36','2023-02-07 10:56:01',1,'115.246.120.117','2023-02-07 13:10:11'),(912,1,1,'103.186.237.254','Mozilla/5.0 (Windows NT 10.0; Win64; x64) AppleWebKit/537.36 (KHTML, like Gecko) Chrome/109.0.0.0 Safari/537.36','2023-02-07 11:44:02',1,'103.186.237.254','2023-02-07 11:44:24'),(913,1,1,'115.246.120.117','Mozilla/5.0 (Windows NT 10.0; Win64; x64) AppleWebKit/537.36 (KHTML, like Gecko) Chrome/109.0.0.0 Safari/537.36','2023-02-07 14:09:17',1,'115.246.120.117','2023-02-07 14:16:10'),(914,1,1,'115.246.120.117','Mozilla/5.0 (Windows NT 10.0; Win64; x64) AppleWebKit/537.36 (KHTML, like Gecko) Chrome/109.0.0.0 Safari/537.36','2023-02-07 14:18:27',1,'115.246.120.117','2023-02-07 14:55:02'),(915,1,1,'115.246.120.117','Mozilla/5.0 (Windows NT 10.0; Win64; x64) AppleWebKit/537.36 (KHTML, like Gecko) Chrome/109.0.0.0 Safari/537.36','2023-02-07 16:23:27',1,'115.246.120.117','2023-02-07 16:23:55'),(916,1,1,'115.246.120.117','Mozilla/5.0 (Windows NT 10.0; Win64; x64) AppleWebKit/537.36 (KHTML, like Gecko) Chrome/109.0.0.0 Safari/537.36','2023-02-07 17:22:09',1,'115.246.120.117','2023-02-07 17:27:55'),(917,1,1,'115.246.120.117','Mozilla/5.0 (Windows NT 10.0; Win64; x64) AppleWebKit/537.36 (KHTML, like Gecko) Chrome/109.0.0.0 Safari/537.36','2023-02-08 11:30:44',1,'115.246.120.117','2023-02-08 12:30:57'),(918,1,1,'115.246.120.117','Mozilla/5.0 (Windows NT 10.0; Win64; x64) AppleWebKit/537.36 (KHTML, like Gecko) Chrome/109.0.0.0 Safari/537.36','2023-02-08 13:12:48',1,'115.246.120.117','2023-02-08 13:13:03'),(919,1,1,'115.246.120.117','Mozilla/5.0 (Windows NT 10.0; Win64; x64) AppleWebKit/537.36 (KHTML, like Gecko) Chrome/109.0.0.0 Safari/537.36','2023-02-08 14:14:21',1,'115.246.120.117','2023-02-08 14:14:22'),(920,1,1,'115.246.120.117','Mozilla/5.0 (Windows NT 10.0; Win64; x64) AppleWebKit/537.36 (KHTML, like Gecko) Chrome/109.0.0.0 Safari/537.36','2023-02-08 16:15:37',1,'115.246.120.117','2023-02-08 17:17:22'),(921,1,1,'103.186.237.254','Mozilla/5.0 (Windows NT 10.0; Win64; x64) AppleWebKit/537.36 (KHTML, like Gecko) Chrome/109.0.0.0 Safari/537.36','2023-02-09 15:04:26',1,'103.186.237.254','2023-02-09 15:04:26'),(922,1,1,'183.82.153.116','Mozilla/5.0 (Windows NT 10.0; Win64; x64) AppleWebKit/537.36 (KHTML, like Gecko) Chrome/109.0.0.0 Safari/537.36','2023-02-09 22:07:20',1,'183.82.153.116','2023-02-09 22:07:20'),(923,1,1,'183.82.153.116','Mozilla/5.0 (Windows NT 10.0; Win64; x64) AppleWebKit/537.36 (KHTML, like Gecko) Chrome/109.0.0.0 Safari/537.36','2023-02-09 22:07:21',1,'183.82.153.116','2023-02-09 22:21:28'),(924,1,1,'183.82.153.116','Mozilla/5.0 (Windows NT 10.0; Win64; x64) AppleWebKit/537.36 (KHTML, like Gecko) Chrome/109.0.0.0 Safari/537.36','2023-02-09 23:18:44',1,'183.82.153.116','2023-02-09 23:59:42'),(925,1,1,'183.82.153.22','Mozilla/5.0 (Windows NT 10.0; Win64; x64) AppleWebKit/537.36 (KHTML, like Gecko) Chrome/109.0.0.0 Safari/537.36','2023-02-10 09:58:57',1,'183.82.153.22','2023-02-10 10:15:31'),(926,1,1,'124.253.87.93','Mozilla/5.0 (Windows NT 10.0; Win64; x64) AppleWebKit/537.36 (KHTML, like Gecko) Chrome/109.0.0.0 Safari/537.36','2023-02-10 10:15:27',1,'124.253.87.93','2023-02-10 10:26:29'),(927,1,1,'183.82.153.22','Mozilla/5.0 (Windows NT 10.0; Win64; x64) AppleWebKit/537.36 (KHTML, like Gecko) Chrome/109.0.0.0 Safari/537.36','2023-02-10 11:39:10',1,'183.82.153.22','2023-02-10 12:38:01'),(928,1,1,'42.105.97.193','Mozilla/5.0 (Windows NT 10.0; Win64; x64) AppleWebKit/537.36 (KHTML, like Gecko) Chrome/109.0.0.0 Safari/537.36','2023-02-10 12:57:26',1,'42.105.97.193','2023-02-10 12:57:27'),(929,1,1,'183.82.153.22','Mozilla/5.0 (Windows NT 10.0; Win64; x64) AppleWebKit/537.36 (KHTML, like Gecko) Chrome/109.0.0.0 Safari/537.36','2023-02-10 14:23:09',1,'183.82.153.22','2023-02-10 14:57:42'),(930,1,1,'183.82.153.22','Mozilla/5.0 (Windows NT 10.0; Win64; x64) AppleWebKit/537.36 (KHTML, like Gecko) Chrome/109.0.0.0 Safari/537.36','2023-02-10 15:52:32',1,'183.82.153.22','2023-02-10 16:15:35'),(931,1,1,'183.82.153.22','Mozilla/5.0 (Windows NT 10.0; Win64; x64) AppleWebKit/537.36 (KHTML, like Gecko) Chrome/109.0.0.0 Safari/537.36','2023-02-10 16:15:50',1,'183.82.153.22','2023-02-10 16:25:50'),(932,1,1,'183.82.153.22','Mozilla/5.0 (Windows NT 10.0; Win64; x64) AppleWebKit/537.36 (KHTML, like Gecko) Chrome/109.0.0.0 Safari/537.36','2023-02-10 16:16:17',1,'183.82.153.22','2023-02-10 16:16:24'),(933,1,1,'124.253.87.93','Mozilla/5.0 (Windows NT 10.0; Win64; x64) AppleWebKit/537.36 (KHTML, like Gecko) Chrome/109.0.0.0 Safari/537.36','2023-02-10 16:17:51',1,'124.253.87.93','2023-02-10 16:18:25'),(934,1,1,'183.82.152.10','Mozilla/5.0 (Windows NT 10.0; Win64; x64) AppleWebKit/537.36 (KHTML, like Gecko) Chrome/109.0.0.0 Safari/537.36','2023-02-11 16:07:04',1,'183.82.152.10','2023-02-11 16:07:05'),(935,1,1,'183.82.152.141','Mozilla/5.0 (Windows NT 10.0; Win64; x64) AppleWebKit/537.36 (KHTML, like Gecko) Chrome/109.0.0.0 Safari/537.36','2023-02-12 11:31:38',1,'183.82.152.141','2023-02-12 12:37:04'),(936,1,1,'183.82.152.141','Mozilla/5.0 (Windows NT 10.0; Win64; x64) AppleWebKit/537.36 (KHTML, like Gecko) Chrome/109.0.0.0 Safari/537.36','2023-02-12 16:29:29',1,'183.82.152.141','2023-02-12 17:33:33'),(937,1,1,'183.82.152.141','Mozilla/5.0 (Windows NT 10.0; Win64; x64) AppleWebKit/537.36 (KHTML, like Gecko) Chrome/109.0.0.0 Safari/537.36','2023-02-12 18:35:53',1,'183.82.152.141','2023-02-12 18:35:54'),(938,1,1,'183.82.152.141','Mozilla/5.0 (Windows NT 10.0; Win64; x64) AppleWebKit/537.36 (KHTML, like Gecko) Chrome/109.0.0.0 Safari/537.36','2023-02-12 20:00:15',1,'183.82.152.141','2023-02-12 20:19:16'),(939,1,1,'183.82.152.141','Mozilla/5.0 (Windows NT 10.0; Win64; x64) AppleWebKit/537.36 (KHTML, like Gecko) Chrome/109.0.0.0 Safari/537.36','2023-02-12 20:25:32',1,'183.82.152.141','2023-02-12 20:26:10'),(940,1,1,'183.82.152.141','Mozilla/5.0 (Windows NT 10.0; Win64; x64) AppleWebKit/537.36 (KHTML, like Gecko) Chrome/109.0.0.0 Safari/537.36','2023-02-12 20:26:17',1,'183.82.152.141','2023-02-12 20:27:01'),(941,1,1,'183.82.152.141','Mozilla/5.0 (Windows NT 10.0; Win64; x64) AppleWebKit/537.36 (KHTML, like Gecko) Chrome/109.0.0.0 Safari/537.36','2023-02-12 20:27:08',1,'183.82.152.141','2023-02-12 20:27:23'),(942,1,1,'183.82.154.140','Mozilla/5.0 (Windows NT 10.0; Win64; x64) AppleWebKit/537.36 (KHTML, like Gecko) Chrome/109.0.0.0 Safari/537.36','2023-02-12 23:33:15',1,'183.82.154.140','2023-02-12 23:33:15'),(943,1,1,'27.255.173.245','Mozilla/5.0 (Windows NT 10.0; Win64; x64) AppleWebKit/537.36 (KHTML, like Gecko) Chrome/110.0.0.0 Safari/537.36','2023-02-13 09:47:40',1,'27.255.173.245','2023-02-13 09:48:40'),(944,1,1,'27.255.173.245','Mozilla/5.0 (Windows NT 10.0; Win64; x64) AppleWebKit/537.36 (KHTML, like Gecko) Chrome/110.0.0.0 Safari/537.36','2023-02-13 10:40:46',1,'27.255.173.245','2023-02-13 10:41:48'),(945,1,1,'27.255.173.245','Mozilla/5.0 (Windows NT 10.0; Win64; x64) AppleWebKit/537.36 (KHTML, like Gecko) Chrome/110.0.0.0 Safari/537.36','2023-02-13 12:56:59',1,'27.255.173.245','2023-02-13 13:34:46'),(946,1,1,'27.255.173.245','Mozilla/5.0 (Windows NT 10.0; Win64; x64) AppleWebKit/537.36 (KHTML, like Gecko) Chrome/110.0.0.0 Safari/537.36','2023-02-13 14:52:01',1,'27.255.173.245','2023-02-13 14:54:23'),(947,1,1,'27.255.173.245','Mozilla/5.0 (Windows NT 10.0; Win64; x64) AppleWebKit/537.36 (KHTML, like Gecko) Chrome/110.0.0.0 Safari/537.36','2023-02-13 15:41:30',1,'27.255.173.245','2023-02-13 16:05:02'),(948,1,1,'27.255.173.245','Mozilla/5.0 (Windows NT 10.0; Win64; x64) AppleWebKit/537.36 (KHTML, like Gecko) Chrome/110.0.0.0 Safari/537.36','2023-02-13 18:20:59',1,'27.255.173.245','2023-02-13 18:21:33'),(949,1,1,'27.255.173.245','Mozilla/5.0 (Windows NT 10.0; Win64; x64) AppleWebKit/537.36 (KHTML, like Gecko) Chrome/110.0.0.0 Safari/537.36','2023-02-13 18:21:59',1,'27.255.173.245','2023-02-13 18:22:10'),(950,1,1,'::1','Mozilla/5.0 (Windows NT 10.0; Win64; x64) AppleWebKit/537.36 (KHTML, like Gecko) Chrome/110.0.0.0 Safari/537.36','2023-02-13 18:22:59',1,'::1','2023-02-13 18:23:29'),(951,1,1,'::1','Mozilla/5.0 (Windows NT 10.0; Win64; x64) AppleWebKit/537.36 (KHTML, like Gecko) Chrome/110.0.0.0 Safari/537.36','2023-02-13 18:23:39',1,'::1','2023-02-13 18:28:31'),(952,1,1,'::1','Mozilla/5.0 (Windows NT 10.0; Win64; x64) AppleWebKit/537.36 (KHTML, like Gecko) Chrome/110.0.0.0 Safari/537.36','2023-02-13 18:27:04',1,'::1','2023-02-13 18:29:32'),(953,1,1,'183.82.155.185','Mozilla/5.0 (Windows NT 10.0; Win64; x64) AppleWebKit/537.36 (KHTML, like Gecko) Chrome/109.0.0.0 Safari/537.36','2023-02-13 21:30:12',1,'183.82.155.185','2023-02-13 23:08:30'),(954,1,1,'115.246.120.117','Mozilla/5.0 (Windows NT 10.0; Win64; x64) AppleWebKit/537.36 (KHTML, like Gecko) Chrome/109.0.0.0 Safari/537.36','2023-02-14 09:37:13',1,'115.246.120.117','2023-02-14 09:57:12'),(955,1,1,'124.253.250.31','Mozilla/5.0 (Windows NT 10.0; Win64; x64) AppleWebKit/537.36 (KHTML, like Gecko) Chrome/110.0.0.0 Safari/537.36','2023-02-14 09:50:45',1,'124.253.250.31','2023-02-14 09:54:30'),(956,1,1,'124.253.250.31','Mozilla/5.0 (Windows NT 10.0; Win64; x64) AppleWebKit/537.36 (KHTML, like Gecko) Chrome/110.0.0.0 Safari/537.36','2023-02-14 11:08:10',1,'124.253.250.31','2023-02-14 11:08:11'),(957,1,1,'115.246.120.117','Mozilla/5.0 (Windows NT 10.0; Win64; x64) AppleWebKit/537.36 (KHTML, like Gecko) Chrome/109.0.0.0 Safari/537.36','2023-02-14 13:09:43',1,'115.246.120.117','2023-02-14 13:09:44'),(958,1,1,'115.246.120.117','Mozilla/5.0 (Windows NT 10.0; Win64; x64) AppleWebKit/537.36 (KHTML, like Gecko) Chrome/109.0.0.0 Safari/537.36','2023-02-14 14:29:05',1,'115.246.120.117','2023-02-14 14:47:17'),(959,1,1,'124.253.250.31','Mozilla/5.0 (Windows NT 10.0; Win64; x64) AppleWebKit/537.36 (KHTML, like Gecko) Chrome/110.0.0.0 Safari/537.36','2023-02-14 15:34:19',1,'124.253.250.31','2023-02-14 15:50:35'),(960,1,1,'115.246.120.117','Mozilla/5.0 (Windows NT 10.0; Win64; x64) AppleWebKit/537.36 (KHTML, like Gecko) Chrome/109.0.0.0 Safari/537.36','2023-02-14 16:35:03',1,'115.246.120.117','2023-02-14 16:35:03'),(961,1,1,'183.82.155.199','Mozilla/5.0 (Windows NT 10.0; Win64; x64) AppleWebKit/537.36 (KHTML, like Gecko) Chrome/109.0.0.0 Safari/537.36','2023-02-14 22:28:32',1,'183.82.155.199','2023-02-14 22:50:39'),(962,1,1,'183.82.155.199','Mozilla/5.0 (Windows NT 10.0; Win64; x64) AppleWebKit/537.36 (KHTML, like Gecko) Chrome/109.0.0.0 Safari/537.36','2023-02-15 00:25:43',1,'183.82.155.199','2023-02-15 00:26:15'),(963,1,1,'42.105.10.7','Mozilla/5.0 (Windows NT 10.0; Win64; x64) AppleWebKit/537.36 (KHTML, like Gecko) Chrome/110.0.0.0 Safari/537.36','2023-02-15 15:26:39',1,'42.105.10.7','2023-02-15 15:27:14'),(964,1,1,'115.246.120.117','Mozilla/5.0 (Windows NT 10.0; Win64; x64) AppleWebKit/537.36 (KHTML, like Gecko) Chrome/110.0.0.0 Safari/537.36','2023-02-15 15:27:14',1,'115.246.120.117','2023-02-15 15:31:01'),(965,1,1,'42.105.10.7','Mozilla/5.0 (Windows NT 10.0; Win64; x64) AppleWebKit/537.36 (KHTML, like Gecko) Chrome/110.0.0.0 Safari/537.36','2023-02-15 15:27:22',1,'42.105.10.7','2023-02-15 15:27:36'),(966,1,1,'42.105.10.7','Mozilla/5.0 (Windows NT 10.0; Win64; x64) AppleWebKit/537.36 (KHTML, like Gecko) Chrome/110.0.0.0 Safari/537.36','2023-02-15 15:27:53',1,'42.105.10.7','2023-02-15 15:28:05'),(967,1,1,'183.82.153.10','Mozilla/5.0 (Windows NT 10.0; Win64; x64) AppleWebKit/537.36 (KHTML, like Gecko) Chrome/110.0.0.0 Safari/537.36','2023-02-15 23:33:03',1,'183.82.153.10','2023-02-16 00:03:30'),(968,1,1,'183.82.153.59','Mozilla/5.0 (Windows NT 10.0; Win64; x64) AppleWebKit/537.36 (KHTML, like Gecko) Chrome/110.0.0.0 Safari/537.36','2023-02-16 09:15:41',1,'183.82.153.59','2023-02-16 09:39:45'),(969,1,1,'183.82.154.202','Mozilla/5.0 (Windows NT 10.0; Win64; x64) AppleWebKit/537.36 (KHTML, like Gecko) Chrome/110.0.0.0 Safari/537.36','2023-02-16 12:42:25',1,'183.82.154.202','2023-02-16 12:42:32'),(970,1,1,'183.82.154.202','Mozilla/5.0 (Windows NT 10.0; Win64; x64) AppleWebKit/537.36 (KHTML, like Gecko) Chrome/110.0.0.0 Safari/537.36','2023-02-16 14:51:30',1,'183.82.154.202','2023-02-16 14:52:05'),(971,1,1,'103.149.126.6','Mozilla/5.0 (Windows NT 10.0; Win64; x64) AppleWebKit/537.36 (KHTML, like Gecko) Chrome/109.0.0.0 Safari/537.36','2023-02-16 15:34:31',1,'103.149.126.6','2023-02-16 15:34:43'),(972,1,1,'180.214.128.43','Mozilla/5.0 (Windows NT 10.0; Win64; x64) AppleWebKit/537.36 (KHTML, like Gecko) Chrome/110.0.0.0 Safari/537.36','2023-02-16 16:23:41',1,'180.214.128.43','2023-02-16 16:23:48'),(973,1,1,'183.82.154.202','Mozilla/5.0 (Windows NT 10.0; Win64; x64) AppleWebKit/537.36 (KHTML, like Gecko) Chrome/110.0.0.0 Safari/537.36','2023-02-16 17:37:53',1,'183.82.154.202','2023-02-16 17:37:58'),(974,1,1,'183.82.153.6','Mozilla/5.0 (Windows NT 10.0; Win64; x64) AppleWebKit/537.36 (KHTML, like Gecko) Chrome/110.0.0.0 Safari/537.36','2023-02-16 21:53:20',1,'183.82.153.6','2023-02-16 21:53:29'),(975,1,1,'183.82.153.6','Mozilla/5.0 (Windows NT 10.0; Win64; x64) AppleWebKit/537.36 (KHTML, like Gecko) Chrome/110.0.0.0 Safari/537.36','2023-02-16 22:49:28',1,'183.82.153.6','2023-02-16 23:15:58'),(976,1,1,'183.82.153.188','Mozilla/5.0 (Windows NT 10.0; Win64; x64) AppleWebKit/537.36 (KHTML, like Gecko) Chrome/110.0.0.0 Safari/537.36','2023-02-17 09:06:36',1,'183.82.153.188','2023-02-17 09:06:51'),(977,1251,1,'171.76.84.233','Mozilla/5.0 (Windows NT 10.0; Win64; x64) AppleWebKit/537.36 (KHTML, like Gecko) Chrome/108.0.0.0 Safari/537.36','2023-02-17 09:36:42',1,'171.76.84.233','2023-02-17 09:44:10'),(978,1,1,'180.214.128.43','Mozilla/5.0 (Windows NT 10.0; Win64; x64) AppleWebKit/537.36 (KHTML, like Gecko) Chrome/110.0.0.0 Safari/537.36','2023-02-17 09:39:17',1,'180.214.128.43','2023-02-17 09:40:43'),(979,1,1,'183.82.153.188','Mozilla/5.0 (Windows NT 10.0; Win64; x64) AppleWebKit/537.36 (KHTML, like Gecko) Chrome/110.0.0.0 Safari/537.36','2023-02-17 09:48:25',1,'183.82.153.188','2023-02-17 10:06:58'),(980,1,1,'180.214.128.43','Mozilla/5.0 (Windows NT 10.0; Win64; x64) AppleWebKit/537.36 (KHTML, like Gecko) Chrome/110.0.0.0 Safari/537.36','2023-02-17 10:17:35',1,'180.214.128.43','2023-02-17 10:28:07'),(981,1,1,'::1','Mozilla/5.0 (Windows NT 10.0; Win64; x64) AppleWebKit/537.36 (KHTML, like Gecko) Chrome/110.0.0.0 Safari/537.36','2023-02-17 11:35:37',1,'::1','2023-02-17 11:46:39'),(982,1,1,'183.82.153.188','Mozilla/5.0 (Windows NT 10.0; Win64; x64) AppleWebKit/537.36 (KHTML, like Gecko) Chrome/110.0.0.0 Safari/537.36','2023-02-17 12:42:35',1,'183.82.153.188','2023-02-17 12:43:55'),(983,1,1,'183.82.153.188','Mozilla/5.0 (Windows NT 10.0; Win64; x64) AppleWebKit/537.36 (KHTML, like Gecko) Chrome/110.0.0.0 Safari/537.36','2023-02-17 12:46:31',1,'183.82.153.188','2023-02-17 12:46:43'),(984,1,1,'27.7.156.0','Mozilla/5.0 (X11; Linux x86_64) AppleWebKit/537.36 (KHTML, like Gecko) Chrome/99.0.4844.51 Safari/537.36','2023-02-17 12:50:21',1,'27.7.156.0','2023-02-17 13:00:24'),(985,1,1,'180.214.131.157','Mozilla/5.0 (Windows NT 10.0; Win64; x64) AppleWebKit/537.36 (KHTML, like Gecko) Chrome/110.0.0.0 Safari/537.36','2023-02-17 15:05:51',1,'180.214.131.157','2023-02-17 15:06:02'),(986,1,1,'183.82.153.188','Mozilla/5.0 (Windows NT 10.0; Win64; x64) AppleWebKit/537.36 (KHTML, like Gecko) Chrome/110.0.0.0 Safari/537.36','2023-02-17 15:38:33',1,'183.82.153.188','2023-02-17 15:59:30'),(987,1,1,'180.214.131.157','Mozilla/5.0 (Windows NT 10.0; Win64; x64) AppleWebKit/537.36 (KHTML, like Gecko) Chrome/110.0.0.0 Safari/537.36','2023-02-17 16:55:07',1,'180.214.131.157','2023-02-17 16:55:46'),(988,1251,1,'171.76.84.233','Mozilla/5.0 (Windows NT 10.0; Win64; x64) AppleWebKit/537.36 (KHTML, like Gecko) Chrome/108.0.0.0 Safari/537.36','2023-02-17 17:43:26',1,'171.76.84.233','2023-02-17 17:44:57'),(989,1,1,'27.7.156.0','Mozilla/5.0 (X11; Linux x86_64) AppleWebKit/537.36 (KHTML, like Gecko) Chrome/99.0.4844.51 Safari/537.36','2023-02-17 21:45:34',1,'27.7.156.0','2023-02-17 21:45:41'),(990,1,1,'183.82.153.188','Mozilla/5.0 (Windows NT 10.0; Win64; x64) AppleWebKit/537.36 (KHTML, like Gecko) Chrome/110.0.0.0 Safari/537.36','2023-02-18 12:49:55',1,'183.82.153.188','2023-02-18 13:32:44'),(991,1,1,'115.99.166.19','Mozilla/5.0 (X11; Linux x86_64) AppleWebKit/537.36 (KHTML, like Gecko) Chrome/99.0.4844.51 Safari/537.36','2023-02-18 13:42:28',1,'115.99.166.19','2023-02-18 13:44:43'),(992,1,1,'183.82.153.188','Mozilla/5.0 (Windows NT 10.0; Win64; x64) AppleWebKit/537.36 (KHTML, like Gecko) Chrome/110.0.0.0 Safari/537.36','2023-02-18 14:10:12',1,'183.82.153.188','2023-02-18 14:10:14'),(993,1,1,'183.82.153.188','Mozilla/5.0 (Windows NT 10.0; Win64; x64) AppleWebKit/537.36 (KHTML, like Gecko) Chrome/110.0.0.0 Safari/537.36','2023-02-18 16:29:34',1,'183.82.153.188','2023-02-18 16:29:34'),(994,1,1,'183.82.153.188','Mozilla/5.0 (Windows NT 10.0; Win64; x64) AppleWebKit/537.36 (KHTML, like Gecko) Chrome/110.0.0.0 Safari/537.36','2023-02-18 19:39:47',1,'183.82.153.188','2023-02-18 19:39:47'),(995,1,1,'183.82.153.188','Mozilla/5.0 (Windows NT 10.0; Win64; x64) AppleWebKit/537.36 (KHTML, like Gecko) Chrome/110.0.0.0 Safari/537.36','2023-02-18 20:32:19',1,'183.82.153.188','2023-02-18 20:32:28'),(996,1,1,'27.4.95.215','Mozilla/5.0 (X11; Linux x86_64) AppleWebKit/537.36 (KHTML, like Gecko) Chrome/99.0.4844.51 Safari/537.36','2023-02-19 11:33:41',1,'27.4.95.215','2023-02-19 11:33:41'),(997,1,1,'183.82.155.160','Mozilla/5.0 (Windows NT 10.0; Win64; x64) AppleWebKit/537.36 (KHTML, like Gecko) Chrome/110.0.0.0 Safari/537.36','2023-02-19 13:21:29',1,'183.82.155.160','2023-02-19 13:21:38'),(998,1,1,'183.82.155.160','Mozilla/5.0 (Windows NT 10.0; Win64; x64) AppleWebKit/537.36 (KHTML, like Gecko) Chrome/110.0.0.0 Safari/537.36','2023-02-19 19:34:31',1,'183.82.155.160','2023-02-19 20:37:46'),(999,1,1,'183.82.155.160','Mozilla/5.0 (Windows NT 10.0; Win64; x64) AppleWebKit/537.36 (KHTML, like Gecko) Chrome/110.0.0.0 Safari/537.36','2023-02-20 00:00:28',1,'183.82.155.160','2023-02-20 00:01:22'),(1000,1,1,'183.82.155.160','Mozilla/5.0 (Windows NT 10.0; Win64; x64) AppleWebKit/537.36 (KHTML, like Gecko) Chrome/110.0.0.0 Safari/537.36','2023-02-20 00:51:04',1,'183.82.155.160','2023-02-20 00:51:04'),(1001,1,1,'115.246.120.117','Mozilla/5.0 (Windows NT 10.0; Win64; x64) AppleWebKit/537.36 (KHTML, like Gecko) Chrome/110.0.0.0 Safari/537.36','2023-02-20 09:48:43',1,'115.246.120.117','2023-02-20 11:44:36'),(1002,1,1,'124.253.30.130','Mozilla/5.0 (Windows NT 10.0; Win64; x64) AppleWebKit/537.36 (KHTML, like Gecko) Chrome/110.0.0.0 Safari/537.36','2023-02-20 10:17:43',1,'124.253.30.130','2023-02-20 11:10:54'),(1003,1,1,'115.246.120.117','Mozilla/5.0 (Windows NT 10.0; Win64; x64) AppleWebKit/537.36 (KHTML, like Gecko) Chrome/110.0.0.0 Safari/537.36','2023-02-20 12:33:56',1,'115.246.120.117','2023-02-20 12:33:57'),(1004,1,1,'115.246.120.117','Mozilla/5.0 (Windows NT 10.0; Win64; x64) AppleWebKit/537.36 (KHTML, like Gecko) Chrome/110.0.0.0 Safari/537.36','2023-02-20 14:23:50',1,'115.246.120.117','2023-02-20 15:24:34'),(1005,1,1,'124.253.85.39','Mozilla/5.0 (Windows NT 10.0; Win64; x64) AppleWebKit/537.36 (KHTML, like Gecko) Chrome/110.0.0.0 Safari/537.36','2023-02-20 16:08:54',1,'124.253.85.39','2023-02-20 16:38:55'),(1006,1,1,'115.246.120.117','Mozilla/5.0 (Windows NT 10.0; Win64; x64) AppleWebKit/537.36 (KHTML, like Gecko) Chrome/110.0.0.0 Safari/537.36','2023-02-20 17:28:15',1,'115.246.120.117','2023-02-20 17:28:16'),(1007,1,1,'183.82.155.160','Mozilla/5.0 (Windows NT 10.0; Win64; x64) AppleWebKit/537.36 (KHTML, like Gecko) Chrome/110.0.0.0 Safari/537.36','2023-02-20 21:28:19',1,'183.82.155.160','2023-02-20 21:41:23'),(1008,1,1,'124.253.85.39','Mozilla/5.0 (Windows NT 10.0; Win64; x64) AppleWebKit/537.36 (KHTML, like Gecko) Chrome/110.0.0.0 Safari/537.36','2023-02-20 22:55:38',1,'124.253.85.39','2023-02-20 23:09:52'),(1009,1,1,'60.243.239.92','Mozilla/5.0 (X11; Linux x86_64) AppleWebKit/537.36 (KHTML, like Gecko) Chrome/99.0.4844.51 Safari/537.36','2023-02-20 23:27:54',1,'60.243.239.92','2023-02-20 23:27:55'),(1010,1,1,'183.82.155.160','Mozilla/5.0 (Windows NT 10.0; Win64; x64) AppleWebKit/537.36 (KHTML, like Gecko) Chrome/110.0.0.0 Safari/537.36','2023-02-20 23:28:51',1,'183.82.155.160','2023-02-20 23:33:53'),(1011,1,1,'183.82.155.160','Mozilla/5.0 (Windows NT 10.0; Win64; x64) AppleWebKit/537.36 (KHTML, like Gecko) Chrome/110.0.0.0 Safari/537.36','2023-02-21 00:15:54',1,'183.82.155.160','2023-02-21 00:22:04'),(1012,1,1,'60.243.239.92','Mozilla/5.0 (X11; Linux x86_64) AppleWebKit/537.36 (KHTML, like Gecko) Chrome/110.0.0.0 Safari/537.36','2023-02-21 07:58:47',1,'60.243.239.92','2023-02-21 07:59:30'),(1013,1,1,'183.82.153.25','Mozilla/5.0 (Windows NT 10.0; Win64; x64) AppleWebKit/537.36 (KHTML, like Gecko) Chrome/110.0.0.0 Safari/537.36','2023-02-21 09:08:42',1,'183.82.153.25','2023-02-21 09:56:18'),(1014,1,1,'124.253.85.39','Mozilla/5.0 (Windows NT 10.0; Win64; x64) AppleWebKit/537.36 (KHTML, like Gecko) Chrome/110.0.0.0 Safari/537.36','2023-02-21 10:19:40',1,'124.253.85.39','2023-02-21 10:19:45'),(1015,1,1,'183.82.153.25','Mozilla/5.0 (Windows NT 10.0; Win64; x64) AppleWebKit/537.36 (KHTML, like Gecko) Chrome/110.0.0.0 Safari/537.36','2023-02-21 10:47:48',1,'183.82.153.25','2023-02-21 11:04:52'),(1016,1,1,'183.82.153.25','Mozilla/5.0 (Windows NT 10.0; Win64; x64) AppleWebKit/537.36 (KHTML, like Gecko) Chrome/110.0.0.0 Safari/537.36','2023-02-21 12:31:06',1,'183.82.153.25','2023-02-21 12:31:06'),(1017,1,1,'124.253.85.39','Mozilla/5.0 (Windows NT 10.0; Win64; x64) AppleWebKit/537.36 (KHTML, like Gecko) Chrome/110.0.0.0 Safari/537.36','2023-02-21 12:36:31',1,'124.253.85.39','2023-02-21 13:56:53'),(1018,1,1,'183.82.153.25','Mozilla/5.0 (Windows NT 10.0; Win64; x64) AppleWebKit/537.36 (KHTML, like Gecko) Chrome/110.0.0.0 Safari/537.36','2023-02-21 12:49:13',1,'183.82.153.25','2023-02-21 12:49:13'),(1019,1,1,'183.82.153.25','Mozilla/5.0 (Windows NT 10.0; Win64; x64) AppleWebKit/537.36 (KHTML, like Gecko) Chrome/110.0.0.0 Safari/537.36','2023-02-21 12:49:14',1,'183.82.153.25','2023-02-21 12:52:06'),(1020,1,1,'183.82.153.25','Mozilla/5.0 (Windows NT 10.0; Win64; x64) AppleWebKit/537.36 (KHTML, like Gecko) Chrome/110.0.0.0 Safari/537.36','2023-02-21 13:39:51',1,'183.82.153.25','2023-02-21 14:02:25'),(1021,1,1,'124.253.191.116','Mozilla/5.0 (Windows NT 10.0; Win64; x64) AppleWebKit/537.36 (KHTML, like Gecko) Chrome/110.0.0.0 Safari/537.36','2023-02-21 16:06:46',1,'124.253.191.116','2023-02-21 16:07:54'),(1022,1,1,'124.253.191.116','Mozilla/5.0 (Windows NT 10.0; Win64; x64) AppleWebKit/537.36 (KHTML, like Gecko) Chrome/110.0.0.0 Safari/537.36','2023-02-21 17:30:28',1,'124.253.191.116','2023-02-21 18:09:11'),(1023,1,1,'183.82.153.25','Mozilla/5.0 (Windows NT 10.0; Win64; x64) AppleWebKit/537.36 (KHTML, like Gecko) Chrome/110.0.0.0 Safari/537.36','2023-02-21 18:12:25',1,'183.82.153.25','2023-02-21 20:07:41'),(1024,1,1,'183.82.153.25','Mozilla/5.0 (Windows NT 10.0; Win64; x64) AppleWebKit/537.36 (KHTML, like Gecko) Chrome/110.0.0.0 Safari/537.36','2023-02-21 21:07:08',1,'183.82.153.25','2023-02-21 21:07:15'),(1025,1,1,'116.72.144.93','Mozilla/5.0 (X11; Linux x86_64) AppleWebKit/537.36 (KHTML, like Gecko) Chrome/110.0.0.0 Safari/537.36','2023-02-21 21:47:37',1,'116.72.144.93','2023-02-21 21:50:46'),(1026,1,1,'183.82.153.25','Mozilla/5.0 (Windows NT 10.0; Win64; x64) AppleWebKit/537.36 (KHTML, like Gecko) Chrome/110.0.0.0 Safari/537.36','2023-02-21 22:02:02',1,'183.82.153.25','2023-02-21 22:02:03'),(1027,1,1,'124.253.191.116','Mozilla/5.0 (Windows NT 10.0; Win64; x64) AppleWebKit/537.36 (KHTML, like Gecko) Chrome/110.0.0.0 Safari/537.36','2023-02-22 10:06:23',1,'124.253.191.116','2023-02-22 10:06:33'),(1028,1,1,'124.253.191.116','Mozilla/5.0 (Windows NT 10.0; Win64; x64) AppleWebKit/537.36 (KHTML, like Gecko) Chrome/110.0.0.0 Safari/537.36','2023-02-22 10:53:08',1,'124.253.191.116','2023-02-22 10:53:33'),(1029,1,1,'124.253.191.116','Mozilla/5.0 (Windows NT 10.0; Win64; x64) AppleWebKit/537.36 (KHTML, like Gecko) Chrome/110.0.0.0 Safari/537.36','2023-02-22 11:47:50',1,'124.253.191.116','2023-02-22 12:03:55'),(1030,1,1,'183.82.155.69','Mozilla/5.0 (Windows NT 10.0; Win64; x64) AppleWebKit/537.36 (KHTML, like Gecko) Chrome/110.0.0.0 Safari/537.36','2023-02-22 11:49:41',1,'183.82.155.69','2023-02-22 11:52:40');

--
-- Table structure for table `website_logo`
--

CREATE TABLE `website_logo` (
  `id` int(11) NOT NULL AUTO_INCREMENT,
  `type` varchar(100) NOT NULL,
  `path` varchar(100) NOT NULL,
  PRIMARY KEY (`id`)
) ENGINE=InnoDB AUTO_INCREMENT=24 DEFAULT CHARSET=utf8mb4;

--
-- Dumping data for table `website_logo`
--

INSERT INTO `website_logo` VALUES (16,'header_logo','images/0a424a5ca66ffcbb4473c8fb2b64885a.png'),(17,'footer_text',''),(23,'login_image','images/loginBackground/70bc108616de45d9a7e7bfa4cc995c47.webp');

--
-- Table structure for table `word_verification`
--

CREATE TABLE `word_verification` (
  `word_verification_ID` int(11) NOT NULL AUTO_INCREMENT,
  `word` varchar(28) COLLATE utf8_unicode_ci NOT NULL DEFAULT '',
  PRIMARY KEY (`word_verification_ID`)
) ENGINE=MyISAM DEFAULT CHARSET=utf8 COLLATE=utf8_unicode_ci;

--
-- Dumping data for table `word_verification`
--


--
-- Table structure for table `xml_feed_submits`
--

CREATE TABLE `xml_feed_submits` (
  `feed_id` int(11) NOT NULL AUTO_INCREMENT,
  `feed_site` varchar(75) NOT NULL,
  `feed_url` varchar(255) NOT NULL,
  `date_last_post` date NOT NULL,
  PRIMARY KEY (`feed_id`)
) ENGINE=MyISAM DEFAULT CHARSET=utf8;

--
-- Dumping data for table `xml_feed_submits`
--


--
-- Table structure for table `xml_feeds`
--

CREATE TABLE `xml_feeds` (
  `xml_feed_id` int(11) NOT NULL AUTO_INCREMENT,
  `name` varchar(50) NOT NULL,
  `description` varchar(255) DEFAULT NULL,
  `website` varchar(255) DEFAULT NULL,
  `post_url` varchar(255) NOT NULL,
  `success_string` varchar(255) NOT NULL,
  `xml_template_name` varchar(255) NOT NULL,
  PRIMARY KEY (`xml_feed_id`)
) ENGINE=MyISAM AUTO_INCREMENT=3 DEFAULT CHARSET=utf8;

--
-- Dumping data for table `xml_feeds`
--

INSERT INTO `xml_feeds` VALUES (1,'Indeed','Indeed.com job search engine.','http://www.indeed.com','http://www.indeed.com/jsp/includejobs.jsp','Thank you for submitting your XML job feed','indeed'),(2,'SimplyHired','SimplyHired.com job search engine','http://www.simplyhired.com','http://www.simplyhired.com/confirmation.php','Thanks for Contacting Us','simplyhired');

--
-- Table structure for table `zipcodes`
--

CREATE TABLE `zipcodes` (
  `zipcode` mediumint(9) NOT NULL DEFAULT '0',
  `city` tinytext COLLATE utf8_unicode_ci NOT NULL,
  `state` varchar(2) COLLATE utf8_unicode_ci NOT NULL DEFAULT '',
  `areacode` smallint(6) NOT NULL DEFAULT '0',
  PRIMARY KEY (`zipcode`)
) ENGINE=MyISAM DEFAULT CHARSET=utf8 COLLATE=utf8_unicode_ci;

--
-- Dumping data for table `zipcodes`
--



