-- Table structure for table `calendar_event_type`
--

CREATE TABLE `calendar_event_type` (
  `calendar_event_type_id` int(11) NOT NULL DEFAULT '0',
  `short_description` varchar(32) COLLATE utf8_unicode_ci NOT NULL DEFAULT '',
  `icon_image` varchar(128) COLLATE utf8_unicode_ci NOT NULL DEFAULT '',
  PRIMARY KEY (`calendar_event_type_id`),
  KEY `IDX_short_description` (`short_description`)
) ENGINE=MyISAM DEFAULT CHARSET=utf8 COLLATE=utf8_unicode_ci;

--
-- Dumping data for table `calendar_event_type`
--

INSERT INTO `calendar_event_type` VALUES (100,'Call','images/phone.gif'),(200,'Email','images/email.gif'),(300,'Meeting','images/meeting.gif'),(400,'Interview','images/interview.gif'),(500,'Personal','images/personal.gif'),(600,'Other','');

--
-- Table structure for table `candidate`
--

CREATE TABLE `candidate` (
  `candidate_id` int(11) NOT NULL AUTO_INCREMENT,
  `site_id` int(11) NOT NULL DEFAULT '0',
  `last_name` varchar(64) COLLATE utf8_unicode_ci NOT NULL DEFAULT '',
  `first_name` varchar(64) COLLATE utf8_unicode_ci NOT NULL DEFAULT '',
  `middle_name` varchar(32) COLLATE utf8_unicode_ci DEFAULT NULL,
  `phone_home` varchar(40) COLLATE utf8_unicode_ci DEFAULT NULL,
  `phone_cell` varchar(40) COLLATE utf8_unicode_ci DEFAULT NULL,
  `phone_work` varchar(40) COLLATE utf8_unicode_ci DEFAULT NULL,
  `address` text COLLATE utf8_unicode_ci,
  `city` varchar(64) COLLATE utf8_unicode_ci DEFAULT NULL,
  `state` varchar(64) COLLATE utf8_unicode_ci DEFAULT NULL,
  `zip` varchar(16) COLLATE utf8_unicode_ci DEFAULT NULL,
  `source` varchar(128) COLLATE utf8_unicode_ci DEFAULT NULL,
  `date_available` datetime DEFAULT NULL,
  `can_relocate` int(1) NOT NULL DEFAULT '0',
  `notes` text COLLATE utf8_unicode_ci,
  `key_skills` text COLLATE utf8_unicode_ci,
  `current_employer` varchar(128) COLLATE utf8_unicode_ci DEFAULT NULL,
  `entered_by` int(11) NOT NULL DEFAULT '0' COMMENT 'Created-by user.',
  `owner` int(11) DEFAULT NULL,
  `date_created` datetime NOT NULL DEFAULT '1000-01-01 00:00:00',
  `date_modified` datetime NOT NULL DEFAULT '1000-01-01 00:00:00',
  `email1` varchar(128) COLLATE utf8_unicode_ci DEFAULT NULL,
  `email2` varchar(128) COLLATE utf8_unicode_ci DEFAULT NULL,
  `pan_number` varchar(255) COLLATE utf8_unicode_ci NOT NULL,
  `web_site` varchar(128) COLLATE utf8_unicode_ci DEFAULT NULL,
  `import_id` int(11) NOT NULL DEFAULT '0',
  `is_hot` int(1) NOT NULL DEFAULT '0',
  `eeo_ethnic_type_id` int(11) DEFAULT '0',
  `eeo_veteran_type_id` int(11) DEFAULT '0',
  `eeo_disability_status` varchar(5) COLLATE utf8_unicode_ci DEFAULT '',
  `eeo_gender` varchar(5) COLLATE utf8_unicode_ci DEFAULT '',
  `desired_pay` varchar(64) COLLATE utf8_unicode_ci DEFAULT NULL,
  `current_pay` varchar(64) COLLATE utf8_unicode_ci DEFAULT NULL,
  `is_active` int(1) DEFAULT '1',
  `is_admin_hidden` int(1) DEFAULT '0',
  `best_time_to_call` varchar(255) COLLATE utf8_unicode_ci NOT NULL DEFAULT '',
  PRIMARY KEY (`candidate_id`),
  KEY `IDX_first_name` (`first_name`),
  KEY `IDX_last_name` (`last_name`),
  KEY `IDX_phone_home` (`phone_home`),
  KEY `IDX_phone_cell` (`phone_cell`),
  KEY `IDX_phone_work` (`phone_work`),
  KEY `IDX_key_skills` (`key_skills`(255)),
  KEY `IDX_entered_by` (`entered_by`),
  KEY `IDX_owner` (`owner`),
  KEY `IDX_date_created` (`date_created`),
  KEY `IDX_date_modified` (`date_modified`),
  KEY `IDX_site_first_last_modified` (`site_id`,`first_name`,`last_name`,`date_modified`),
  KEY `IDX_site_id_email_1_2` (`site_id`,`email1`(8),`email2`(8))
) ENGINE=MyISAM AUTO_INCREMENT=69 DEFAULT CHARSET=utf8 COLLATE=utf8_unicode_ci;

--
-- Dumping data for table `candidate`
--

INSERT INTO `candidate` VALUES (2,1,'Jain','Vineet','','725-903-7618','','','Delhi','Delhi','','5667788','',NULL,0,'','','Titan',1,1,'2022-10-05 15:42:55','2022-12-15 03:59:57','vineet@nbh.com','parul.misra@orane.in','','',0,0,0,0,'','','8000000','600000',1,0,''),(3,1,'dharan','akanshan','','889698969','','','Delhi','Delhi','Delhi','5667788','Online Careers Website',NULL,0,'Candidate submitted these notes with first application: \n\n','IT','',1250,1250,'2022-10-05 16:28:53','2022-10-05 16:49:21','parul.misra@flick2know.com','','','',0,0,0,0,'','','','',1,0,'7pm'),(4,1,'Kumar','vignesh','','970-073-3004','970-073-3004','','133-6-1043, SRI BHARADWAJA NILAYAM 1ST FLOOR\r\n1ST LANE VISHNU NAGAR NAGARALU GUNTUR-522034\r\nANDHRA PADESH','Guntur','','522034','','2001-10-22 00:00:00',0,'','','Oracle',1,1,'2022-10-10 00:31:05','2023-01-17 10:19:35','parul.misra@gmail.com','parul.misra@gmail.com','','',0,0,0,0,'','','700000','400000',1,0,'5pm'),(5,1,'Inavolu','Anjaneya vara','prasad','970-073-3004','','','133-6-1043, SRI BHARADWAJA NILAYAM 1ST FLOOR\r\n1ST LANE VISHNU NAGAR NAGARALU GUNTUR-522034\r\nANDHRA PADESH','Guntur','','522034','(none)','2022-12-01 00:00:00',1,'','','',1,1,'2022-10-10 00:34:08','2022-12-07 04:03:51','parul.misra@xvdtc.com','parul.misra@xvdtc.com','','',0,0,0,0,'','','','',1,0,''),(6,1,'Ounk','Bhola','','423452352','57685685','','','Kanpur','UP','4214123412','',NULL,0,'','','',1250,1250,'2022-10-10 00:45:24','2022-10-10 00:55:43','Bhola@ounk.com','','','',0,0,0,0,'','','','',1,0,'5pm'),(7,1,'Singh','Nitesh','','6969858875','54747587696','','','Agra','UP','536536','',NULL,0,'','','',1250,1250,'2022-10-10 01:04:43','2022-10-10 01:05:25','nitesh@gmail.com','','','',0,0,0,0,'','','','',1,0,'7pm'),(8,1,'Singh','Medha','','433463','434635','','Delhi','Delhi','India','323','',NULL,0,'','','',1250,1250,'2022-10-11 05:38:14','2022-11-17 12:41:16','parul@bnh.com','','','',0,0,0,0,'','','','',1,0,'4pm'),(9,1,'Kishore','Vimal','','','','','Delhi','','','4325253','(none)',NULL,1,'','','IBM',1,1,'2022-10-11 05:39:35','2022-11-30 06:09:59','vimal@oim.com','','','',0,0,0,0,'','','53423523','453453453',1,0,''),(10,1,'Bhalla','Vikas','','32141245151','1421245315','1515151351','Kanpur','Kanpur','UP','2342342','(none)',NULL,0,'','','',1,1,'2022-10-12 12:34:38','2023-01-06 15:33:22','vikas@jng.com','','','',0,0,0,0,'','','','',1,0,''),(11,1,'ADad','ewe','eAd','725-903-7618','','','Delhi','Delhi','','5667788','(none)',NULL,0,'','','',1,1,'2022-10-14 05:12:12','2023-01-17 16:58:28','parul.misra@orane.in','parul.misra@orane.in','','',0,0,0,0,'','','','',1,0,''),(12,1,'Arora','Sheetal','','','','','','','','','(none)',NULL,0,'','','',1,1,'2022-10-20 11:02:03','2023-01-17 16:53:34','kjnh@kjn.com','','','',0,0,0,0,'','','','',1,0,''),(13,1,'Singh','Kish','','','','','','Delhi','Delhu','7586869','',NULL,0,'','','',1250,1250,'2022-10-20 11:03:09','2022-12-08 06:29:23','jugng@kin.com','','','',0,0,0,0,'','','','',1,0,'8pm'),(14,1,'Wadhwa','Akash','','','43242423','','dsfgsdsfs','dgsdgsd','Haryana','352523','(none)',NULL,1,'','','',1,1,'2022-10-27 09:26:18','2022-12-15 08:33:23','parul.misra@xyz.com','','','',0,0,0,0,'','','','',1,0,''),(15,1,'Karan','Akash','','42432353','','','','Delhi','Delhi','32424','',NULL,0,'','','',1250,1250,'2022-10-28 10:59:08','2022-11-15 06:37:38','hfier@hjg.com','','','',0,0,0,0,'','','','',1,0,'5pm'),(16,1,'jun','Vimal','','','','','','Delhi','Delhi','342342','(none)',NULL,0,'','','',1251,1251,'2022-10-28 11:01:10','2022-11-15 06:37:38','kung@kin.com','','','',0,0,0,0,'','','','',1,0,'4'),(17,1,'Sood','Vineeta','','141421','42124312412','','Delhi','Delhi','Delhi','76876','(none)',NULL,0,'','','',1251,1251,'2022-11-03 06:28:44','2022-11-15 06:37:38','parul@g.com','','','',0,0,0,0,'','','','',1,0,'5pm'),(18,1,'sawant','Vanada','','','','','','Delhi','India','432352','Online Careers Website',NULL,0,'Candidate submitted these notes with first application: \n\n','IT','',1250,1250,'2022-11-08 06:27:22','2022-12-07 09:01:20','dsgdsgs@fjh.com','','','',0,0,0,0,'','','','',1,0,'5pm'),(19,1,'Singh','Prakash','','','','','','Delhi','Delhi','2141','(none)',NULL,0,'','','',1251,1251,'2022-11-08 06:28:54','2022-11-08 06:31:17','grgej@hjgj.com','','','',0,0,0,0,'','','','',1,0,'5pm'),(20,1,'Purohit','Chandra Prakash','','','','','','','','','(none)',NULL,0,'','','',1251,1251,'2022-11-09 06:20:01','2023-01-10 17:00:09','chandra.purohit@herofincorp.com','','','',0,0,0,0,'','','','',1,0,''),(21,1,'P','P','P','','','','','','','','(none)',NULL,0,'','','',1,1,'2022-11-09 07:25:58','2022-11-09 07:25:58','parishparab@gmail.com','','','',0,0,0,0,'','','','',1,0,''),(22,1,'singh','varsha','','','','','dsfgsdsfs','dgsdgsd','Haryana','352523','(none)',NULL,0,'','','',1251,1251,'2022-11-15 06:28:24','2023-01-06 09:58:49','','','','',0,0,0,0,'','','','',1,0,''),(24,1,'arwqrq','abcd','','','','','','','','','(none)',NULL,0,'','','',1251,1251,'2022-11-21 12:59:52','2022-11-29 13:14:39','abcd@njuh.com','','','',0,0,0,0,'','','','',1,0,''),(25,1,'adADa','dA','DadAD','','','','','','','','(none)',NULL,0,'','','',1251,1251,'2022-11-22 07:47:14','2023-01-06 09:58:49','','','','',0,0,0,0,'','','','',1,0,''),(26,1,'Singh','krishan','','','','','','','','','(none)',NULL,0,'','','',1251,1251,'2022-11-29 12:15:25','2022-12-06 04:23:43','parul.misra@orane.in','','','',0,0,0,0,'','','','',1,0,''),(27,1,'Sharma','shelly','','','','','','','','','(none)',NULL,0,'','','',1251,1251,'2022-11-29 16:26:09','2022-11-29 16:26:09','shelly@oin.com','','','',0,0,0,0,'','','','',1,0,''),(28,1,'xZXZx','XZX','ZxZxZ','','','','','','','','(none)',NULL,1,'','','',1251,1251,'2022-12-02 07:58:15','2022-12-02 07:58:15','bcjfjh@iihk.com','','','',0,0,0,0,'','','','',1,0,''),(29,1,'mnvmnv,v','bncnc','','','','','dsfgsdsfs','dgsdgsd','Haryana','352523','Online Careers Website',NULL,0,'Candidate submitted these notes with first application: \n\n','IT','',1250,1250,'2022-12-06 04:17:26','2022-12-06 04:17:26','dgfkejgfk@jgkdsfhkw.com','','','',0,0,0,0,'','','','',1,0,'8pm'),(30,1,'Rana','vijay','','','','','','','','','(none)',NULL,0,'','','',1251,1251,'2022-12-07 04:21:01','2022-12-07 04:22:28','','','','',0,0,0,0,'','','','',1,0,''),(31,1,'test','Guest','','','','','','delhi','Delhi','998877','Online Careers Website',NULL,0,'Candidate submitted these notes with first application: \n\n','PHP','',1250,1250,'2022-12-08 10:11:40','2022-12-08 10:11:40','test@test.com','','','',0,0,0,0,'','','','',1,1,'office timing'),(32,1,'hgdhgdjdj','hgdgdhj','','','','','','','','','(none)',NULL,0,'','','',1251,1251,'2022-12-12 04:30:33','2022-12-12 04:30:33','kjnh@kjn.com','','','',0,0,0,0,'','','','',1,0,''),(33,1,'mnvmnv,v','Mj','','','','','dsfgsdsfs\r\nafadsga','dgsdgsd','Haryana','352523','Online Careers Website',NULL,0,'Candidate submitted these notes with first application: \n\n','','',1250,1250,'2022-12-12 04:32:43','2023-01-11 14:12:28','sqs@khk.com','','','',0,0,0,0,'','','','',1,0,''),(34,1,'sasfas','efgsdfa','sfasfa','','213124124','','dsfgsdsfs\r\nafadsga','dgsdgsd','Haryana','352523','(none)',NULL,0,'','','',1251,1251,'2022-12-14 04:22:46','2022-12-14 04:22:46','sqs@khk.com','sqs@khk.com','','',0,0,0,0,'','','','',1,0,''),(35,1,'Rathore','Nishant','','2414','4141','41241','wdwqe','q','qw','222','Online Careers Website',NULL,0,'Candidate submitted these notes with first application: \n\n','IT','1',1250,1250,'2022-12-14 12:22:49','2022-12-14 12:22:49','wwqwq@hlk.com','','','',0,0,0,0,'','','','',1,0,'5pm'),(36,1,'mnvmnv,v','Mj','','','987-654-3210','','','','','','(none)',NULL,0,'','','',1,1,'2022-12-15 12:35:50','2022-12-15 12:35:50','sqs@khk.com','','','',0,0,0,0,'','','','',1,0,''),(37,1,'af','Mayur','','09096028717','09096028717','09096028717','Noida,C-56, A/5, 2nd and 3rd Floor, Sector 62','Noida','Uttar Pradesh','201306','Online Careers Website',NULL,0,'Candidate submitted these notes with first application: \n\n','aeg','abc',1250,1250,'2022-12-19 08:37:15','2022-12-19 08:37:15','mayur.mhetre@orane.in','','','',0,0,0,0,'','','','',1,0,'ssa'),(38,1,'Purohit','Prakash','','','721-763-5772','','','','','','(none)',NULL,1,'','','',1251,1251,'2022-12-20 06:13:14','2022-12-21 07:16:09','chandrapurohit@herofincorp.com','','','',0,0,0,0,'','','','',1,0,''),(39,1,'Bath','Gurpreet','','','','','','delhi','Delhi','998877','',NULL,0,'','','Test',1250,1250,'2022-12-20 07:14:36','2023-01-18 11:36:05','gurpreet@test.com','','','',0,0,0,0,'','','','',1,0,'office timing'),(68,1,'Singh','Kali','','','','69868968','Delhi','Delhi','India','','Online Careers Website',NULL,0,'Candidate submitted these notes with first application: \n\n','','Orange',1250,1250,'2023-02-03 09:17:04','2023-02-03 10:15:06','kalika@nmj.com','','JH7898JN','',0,0,0,0,'','','','',1,0,''),(40,1,'Kumar','Mohan','','886-868-6868','886-868-6868','','dsfgsdsfs\r\nafadsga','dgsdgsd','Haryana','352523','(none)',NULL,0,'','','',1251,1251,'2022-12-21 06:11:52','2022-12-21 06:11:52','nhuy@oin.com','sjii@ji.com','','',0,0,0,0,'','','','',1,0,''),(41,1,'Singh','Mohan','','886-868-6868','886-868-6868','','dsfgsdsfs\r\nafadsga','dgsdgsd','Haryana','352523','(none)',NULL,0,'','','',1251,1251,'2022-12-21 06:12:41','2022-12-21 06:12:41','sqs@khk.com','sqs@khk.com','','',0,0,0,0,'','','','',1,0,''),(42,1,'Singh','Mohan','','886-868-6868','886-868-6868','','Bnagalore','Bangalore','Bangalore','352523','(none)',NULL,0,'','','',1251,1251,'2022-12-21 06:13:22','2022-12-21 06:18:07','lomij@hyn.com','lomij@hyn.com','','',0,0,0,0,'','','','',1,0,''),(43,1,'Kumar','krishan','','08868686868','08868686868','08868686868','Bnagalore','Bangalore','Bangalore','352523','Online Careers Website',NULL,0,'Candidate submitted these notes with first application: \n\n','IT','Orange',1250,1250,'2022-12-21 07:07:13','2023-01-09 18:19:09','njuythg@juin.com','','','',0,0,0,0,'','','','',1,0,'8pm'),(44,1,'samarth','vigyan','','86555443','977666666','','Delhi','Delhi','Delhi','','(none)',NULL,0,'','','',1251,1251,'2022-12-22 03:53:46','2022-12-22 04:06:06','mkoin@jyn.com','','','',0,0,0,0,'','','','',1,0,''),(54,1,'wrg','arg','wr','','375686697','ad','AD','QD','W','W','(none)',NULL,0,'','','',1,1,'2022-12-29 11:59:47','2022-12-29 11:59:47','mayur@gamil.com','','','FW',0,0,0,0,'','','','',1,0,'W'),(55,1,'wrg','arg','wr','','375686697','ad','AD','QD','W','W','(none)',NULL,0,'','','',1,1,'2022-12-29 12:02:30','2022-12-29 12:02:30','mayur@gamil.com','','','FW',0,0,0,0,'','','','',1,0,'W'),(56,1,'uk','yfuk','t','','4687980','','','','','','(none)',NULL,0,'','','',1,1,'2022-12-29 12:03:49','2022-12-29 12:03:49','aa','','','',0,0,0,0,'','','','',1,0,''),(57,1,'singh','Rajesh','','2414','9390468040','41241','Delhi','Delhi','Delhi','432352','Online Careers Website',NULL,0,'Candidate submitted these notes with first application: \n\n','IT','TCS',1250,1250,'2023-01-09 11:22:40','2023-01-09 11:26:29','werwerq@hsgfjwk.com','','','',0,0,0,0,'','','','',1,0,'5pm'),(58,1,'sawant','Vanada','','2414','4141','41241','Delhi','Delhi','Delhi','432352','Online Careers Website',NULL,0,'Candidate submitted these notes with first application: \n\n','IT','TCS',1250,1250,'2023-01-09 11:51:44','2023-01-10 10:45:47','jouoi@kimn.com','','','',0,0,0,0,'','','','',1,0,'5pm'),(59,1,'Bagel','Vidyut','','','231-231-2312','','Delhi','Delhi','Delhi','2131241','(none)',NULL,0,'','','',1251,1251,'2023-01-09 16:58:06','2023-01-09 16:59:38','wew@ewrew.com','','','',0,0,0,0,'','','','',1,0,''),(60,1,'Singh','Neetika','','08868686868','08868686868','08868686868','Bnagalore','Bangalore','Bangalore','352523','Online Careers Website',NULL,0,'Candidate submitted these notes with first application: \n\n','IT','dasdasd',1250,1250,'2023-01-10 09:37:38','2023-01-10 09:39:46','jjgkgk@hgfjhfj.com','','','',0,0,0,0,'','','','',1,0,'8pm'),(61,1,'test1','Cand1','','886-868-6868','886-868-6868','','Bnagalore','Bangalore','Bangalore','352523','(none)',NULL,0,'','','',1251,1251,'2023-01-10 10:43:49','2023-01-10 10:46:42','hjgkg@k.com','','','',0,0,0,0,'','','','',1,0,''),(62,1,'test2','test2','','58686969','757-858-5875','','Delhi','Delhi','Delhi','352523','(none)',NULL,0,'','','',1251,1251,'2023-01-10 10:44:55','2023-01-10 10:46:42','hljllj@hljl.com','parul.misra@gmail.com','','',0,0,0,0,'','','','',1,0,''),(63,1,'kishore','jugal','','','','41241','Delhi','Delhi','Delhi','432352','Online Careers Website',NULL,0,'Candidate submitted these notes with first application: \n\n','IT','1',1250,1250,'2023-01-10 11:23:14','2023-01-10 11:23:14','khkhl@jgkh.com','','','',0,0,0,0,'','','','',1,0,'5pm'),(64,1,'mehta','sagun','','','','41241','Agra','Agra','UP','432352','Online Careers Website',NULL,0,'Candidate submitted these notes with first application: \n\n','IT','TCS',1250,1250,'2023-01-10 11:25:15','2023-01-10 11:25:15','kjlj@jlkjl.com','','','',0,0,0,0,'','','','',1,0,'5pm'),(65,1,'Charan','Palvika','','','','9810394509','D-2/2296 Vasant Kunj','New Delhi','Delhi','110070','Online Careers Website',NULL,0,'Candidate submitted these notes with first application: \n\n','recruitment, grievance handling, hrbp, exits','XYZ',1250,1250,'2023-01-10 13:05:15','2023-01-10 15:04:33','charanpalvika989@gmail.com','','BBIPC4508D','',0,0,0,0,'','','','',1,0,'any time before 8 PM'),(66,1,'Khanna','Nimit','','886-868-6868','242352353','','Bnagalore','Bangalore','Bangalore','352523','(none)',NULL,0,'','','',1251,1251,'2023-01-17 10:14:46','2023-01-17 10:14:47','fwfqjh@hfj.com','parul.misra@gmail.com','6jgkgBHG','',0,0,0,0,'','','','',1,0,''),(67,1,'Sen','Viraj','','886-868-6868','886-868-6868','','Bnagalore','Bangalore','Bangalore','352523','(none)',NULL,0,'','','',1251,1251,'2023-01-17 10:16:53','2023-01-17 10:16:53','parul.misra@gmail.com','parul.misra@gmail.com','NHI678BN','',0,0,0,0,'','','','',1,0,'');

--
-- Table structure for table `candidate_duplicates`
--

CREATE TABLE `candidate_duplicates` (
  `old_candidate_id` int(11) NOT NULL,
  `new_candidate_id` int(11) NOT NULL,
  `site_id` int(11) NOT NULL,
  PRIMARY KEY (`old_candidate_id`,`new_candidate_id`),
  KEY `IDX_old_candidate_id` (`old_candidate_id`),
  KEY `IDX_new_candidate_id` (`new_candidate_id`)
) ENGINE=MyISAM DEFAULT CHARSET=utf8 COLLATE=utf8_unicode_ci;

--
-- Dumping data for table `candidate_duplicates`
--

INSERT INTO `candidate_duplicates` VALUES (12,10,1),(4,67,1);

--
-- Table structure for table `candidate_joborder`
--

CREATE TABLE `candidate_joborder` (
  `candidate_joborder_id` int(11) NOT NULL AUTO_INCREMENT,
  `candidate_id` int(11) NOT NULL DEFAULT '0',
  `joborder_id` int(11) NOT NULL DEFAULT '0',
  `site_id` int(11) NOT NULL DEFAULT '0',
  `status` int(11) NOT NULL DEFAULT '0',
  `process_completed` int(11) NOT NULL DEFAULT '0',
  `is_integrated` int(11) NOT NULL DEFAULT '0',
  `date_submitted` datetime DEFAULT NULL,
  `date_created` datetime NOT NULL DEFAULT '1000-01-01 00:00:00',
  `date_modified` datetime NOT NULL DEFAULT '1000-01-01 00:00:00',
  `rating_value` int(5) DEFAULT NULL,
  `added_by` int(11) DEFAULT NULL,
  PRIMARY KEY (`candidate_joborder_id`),
  KEY `IDX_candidate_id` (`candidate_id`),
  KEY `IDX_site_id` (`site_id`),
  KEY `IDX_date_submitted` (`date_submitted`),
  KEY `IDX_date_created` (`date_created`),
  KEY `IDX_date_modified` (`date_modified`),
  KEY `IDX_status_special` (`site_id`,`status`),
  KEY `IDX_site_joborder` (`site_id`,`joborder_id`),
  KEY `IDX_joborder_id` (`joborder_id`)
) ENGINE=MyISAM AUTO_INCREMENT=91 DEFAULT CHARSET=utf8 COLLATE=utf8_unicode_ci;

--
-- Dumping data for table `candidate_joborder`
--

INSERT INTO `candidate_joborder` VALUES (1,2,1,1,100,0,0,NULL,'2022-10-05 15:45:52','2022-10-05 15:45:52',5,1),(2,3,1,1,100,0,0,NULL,'2022-10-05 16:28:53','2022-10-05 16:28:53',-1,0),(3,3,2,1,100,0,0,NULL,'2022-10-05 16:40:00','2022-10-05 16:40:00',-6,0),(4,4,3,1,600,0,0,NULL,'2022-10-10 00:31:05','2022-11-11 05:04:21',4,1),(5,5,3,1,600,0,0,NULL,'2022-10-10 00:34:09','2022-11-11 05:04:21',NULL,1),(6,2,3,1,250,0,0,NULL,'2022-10-10 00:43:21','2022-10-10 00:56:06',-1,0),(7,6,3,1,600,0,0,NULL,'2022-10-10 00:45:24','2022-10-10 00:55:43',-1,0),(8,7,3,1,300,0,0,NULL,'2022-10-10 01:04:43','2022-10-10 01:05:25',0,0),(9,8,5,1,600,0,0,NULL,'2022-10-11 05:38:14','2022-11-17 12:41:16',-5,0),(10,9,5,1,600,0,0,NULL,'2022-10-11 05:39:35','2022-11-17 12:41:16',4,1),(11,10,6,1,500,0,0,NULL,'2022-10-12 12:34:39','2022-11-02 17:19:12',NULL,1),(12,8,6,1,100,0,0,NULL,'2022-10-13 09:01:48','2022-10-13 09:01:48',NULL,1),(13,2,7,1,100,0,0,NULL,'2022-10-14 05:10:13','2022-10-14 05:10:13',0,0),(14,11,7,1,600,0,0,NULL,'2022-10-14 05:12:12','2022-11-01 13:30:36',NULL,1),(15,12,8,1,100,0,0,NULL,'2022-10-20 11:02:03','2022-10-20 11:02:03',NULL,1),(16,13,8,1,100,0,0,NULL,'2022-10-20 11:03:09','2022-10-20 11:03:09',-1,0),(17,14,9,1,156,1,0,NULL,'2022-10-27 09:26:18','2022-12-15 08:33:23',NULL,1),(18,15,10,1,600,1,0,NULL,'2022-10-28 10:59:08','2022-11-15 06:37:38',0,0),(19,16,10,1,600,0,0,NULL,'2022-10-28 11:01:10','2022-11-02 17:14:57',NULL,1251),(20,12,11,1,700,0,0,NULL,'2022-11-03 06:20:38','2022-11-14 12:48:38',5,1251),(21,17,11,1,700,0,0,NULL,'2022-11-03 06:28:44','2022-11-14 12:48:38',NULL,1251),(22,18,12,1,650,0,0,NULL,'2022-11-08 06:27:22','2022-11-08 06:31:05',-1,0),(23,19,12,1,600,0,0,NULL,'2022-11-08 06:28:54','2022-11-08 06:31:17',NULL,1251),(24,20,13,1,600,1,0,NULL,'2022-11-09 06:20:01','2022-11-09 12:45:36',5,1251),(25,17,10,1,600,0,0,NULL,'2022-11-09 06:41:24','2022-11-15 06:37:38',NULL,1251),(26,20,12,1,100,0,0,NULL,'2022-11-14 12:54:30','2022-11-14 12:54:30',-1,0),(27,22,13,1,700,1,0,NULL,'2022-11-15 06:28:24','2022-11-15 07:55:57',4,1251),(28,24,13,1,101,1,0,NULL,'2022-11-21 12:59:52','2022-11-29 13:14:39',5,1251),(29,25,13,1,100,1,0,NULL,'2022-11-22 07:47:14','2022-11-22 07:47:14',5,1251),(30,26,13,1,156,1,0,NULL,'2022-11-29 12:15:25','2022-12-06 04:23:43',5,1251),(31,11,14,1,101,0,0,NULL,'2022-11-29 13:07:02','2022-11-29 13:07:52',NULL,1251),(32,27,15,1,100,0,0,NULL,'2022-11-29 16:26:09','2022-11-29 16:26:09',NULL,1251),(33,12,16,1,200,0,0,NULL,'2022-11-30 04:48:11','2022-11-30 04:50:19',NULL,1251),(34,2,17,1,100,0,0,NULL,'2022-11-30 05:26:49','2022-11-30 05:26:49',NULL,1251),(35,9,19,1,200,0,0,NULL,'2022-11-30 05:57:17','2022-11-30 06:09:59',NULL,1251),(36,12,18,1,154,0,0,NULL,'2022-11-30 06:38:46','2022-11-30 11:54:11',NULL,1),(37,20,15,1,100,0,0,NULL,'2022-11-30 09:53:05','2022-11-30 09:53:05',-1,0),(38,28,20,1,100,0,0,NULL,'2022-12-02 07:58:15','2022-12-02 07:58:15',NULL,1251),(39,5,14,1,151,0,0,NULL,'2022-12-02 10:45:53','2022-12-07 04:03:51',NULL,1251),(40,29,21,1,100,0,0,NULL,'2022-12-06 04:17:26','2022-12-06 04:17:26',0,0),(41,18,21,1,151,0,0,NULL,'2022-12-06 04:18:32','2022-12-07 04:19:58',NULL,1251),(42,12,21,1,154,0,0,NULL,'2022-12-06 06:03:30','2022-12-07 04:19:00',NULL,1251),(43,30,21,1,154,0,0,NULL,'2022-12-07 04:21:01','2022-12-07 04:22:28',NULL,1251),(44,18,22,1,100,0,0,NULL,'2022-12-07 09:01:20','2022-12-07 09:01:20',5,1251),(45,13,22,1,155,1,0,NULL,'2022-12-08 04:16:30','2022-12-08 06:29:21',NULL,1251),(46,31,21,1,100,0,0,NULL,'2022-12-08 10:11:40','2022-12-08 10:11:40',-1,0),(47,4,18,1,100,0,0,NULL,'2022-12-09 10:58:42','2022-12-09 10:58:42',NULL,1251),(48,33,18,1,100,0,0,NULL,'2022-12-12 04:32:43','2022-12-12 04:32:43',-1,0),(49,34,18,1,100,0,0,NULL,'2022-12-14 04:22:46','2022-12-14 04:22:46',NULL,1251),(50,33,14,1,100,0,0,NULL,'2022-12-14 12:09:48','2022-12-14 12:09:48',-1,0),(51,35,15,1,100,0,0,NULL,'2022-12-14 12:22:49','2022-12-14 12:22:49',-1,0),(52,2,22,1,100,0,0,NULL,'2022-12-15 03:59:57','2022-12-15 03:59:57',-1,0),(53,12,13,1,100,1,0,NULL,'2022-12-15 04:12:20','2022-12-15 04:12:20',NULL,1251),(55,33,22,1,100,0,0,NULL,'2022-12-15 12:36:42','2022-12-15 12:36:42',-1,0),(57,11,25,1,154,1,0,NULL,'2022-12-20 06:09:25','2022-12-21 07:16:09',5,1251),(58,20,25,1,154,1,0,NULL,'2022-12-20 06:11:00','2022-12-20 06:14:37',NULL,1251),(59,38,25,1,154,0,0,NULL,'2022-12-20 06:13:14','2022-12-20 06:26:50',NULL,1251),(60,39,21,1,100,0,0,NULL,'2022-12-20 07:14:36','2022-12-20 07:14:36',-1,0),(61,4,26,1,100,0,0,NULL,'2022-12-21 06:09:44','2022-12-21 06:09:44',-1,0),(62,42,26,1,155,0,0,NULL,'2022-12-21 06:13:22','2022-12-21 06:18:07',NULL,1251),(63,43,25,1,154,1,1,NULL,'2022-12-21 07:07:13','2022-12-21 07:16:08',-1,0),(64,44,25,1,100,1,1,NULL,'2022-12-22 03:53:46','2022-12-22 03:53:46',NULL,1251),(65,4,25,1,100,1,0,NULL,'2023-01-05 13:27:11','2023-01-05 13:27:11',-1,0),(66,10,21,1,100,0,0,NULL,'2023-01-06 15:33:22','2023-01-06 15:33:22',NULL,0),(67,57,2,1,150,0,0,NULL,'2023-01-09 11:22:40','2023-01-09 11:26:29',-1,0),(68,58,29,1,151,1,1,NULL,'2023-01-09 11:51:44','2023-01-09 11:53:31',-1,0),(69,59,29,1,149,1,1,NULL,'2023-01-09 16:58:07','2023-01-09 16:58:43',NULL,1251),(70,58,30,1,154,1,0,NULL,'2023-01-09 17:26:09','2023-01-10 10:45:47',-1,0),(71,43,24,1,157,1,0,NULL,'2023-01-09 18:18:26','2023-01-09 18:19:09',NULL,1),(72,60,30,1,154,1,1,NULL,'2023-01-10 09:37:38','2023-01-10 09:38:32',-1,0),(73,61,30,1,154,1,1,NULL,'2023-01-10 10:43:50','2023-01-10 10:45:28',NULL,1251),(74,62,30,1,154,1,1,NULL,'2023-01-10 10:44:55','2023-01-10 10:45:11',NULL,1251),(75,63,30,1,100,0,0,NULL,'2023-01-10 11:23:14','2023-01-10 11:23:14',-1,0),(76,64,30,1,100,0,0,NULL,'2023-01-10 11:25:15','2023-01-10 11:25:15',-1,0),(77,20,31,1,153,1,0,NULL,'2023-01-10 11:50:57','2023-01-10 17:00:09',-1,0),(78,39,30,1,100,0,0,NULL,'2023-01-10 11:54:02','2023-01-10 11:54:02',-1,0),(79,20,32,1,153,0,0,NULL,'2023-01-10 13:03:57','2023-01-10 16:38:54',NULL,1251),(80,65,32,1,156,1,0,NULL,'2023-01-10 13:05:15','2023-01-10 15:04:33',0,0),(81,39,32,1,100,0,0,NULL,'2023-01-11 12:15:16','2023-01-11 12:15:16',-1,0),(82,39,33,1,100,0,0,NULL,'2023-01-11 13:29:02','2023-01-11 13:29:02',-1,0),(83,33,31,1,100,0,0,NULL,'2023-01-11 14:12:28','2023-01-11 14:12:28',-1,0),(84,4,38,1,100,0,0,NULL,'2023-01-16 10:10:52','2023-01-16 10:10:52',-1,0),(85,66,39,1,100,0,0,NULL,'2023-01-17 10:14:47','2023-01-17 10:14:47',NULL,1251),(86,67,31,1,100,0,0,NULL,'2023-01-17 10:16:53','2023-01-17 10:16:53',NULL,1251),(87,4,31,1,100,0,0,NULL,'2023-01-17 10:19:35','2023-01-17 10:19:35',-1,0),(88,12,39,1,100,0,0,NULL,'2023-01-17 16:53:34','2023-01-17 16:53:34',NULL,1251),(89,39,24,1,100,0,0,NULL,'2023-01-18 11:05:21','2023-01-18 11:05:21',-1,0),(90,68,40,1,1234,1,1,NULL,'2023-02-03 09:17:04','2023-02-03 09:23:39',-5,0);

--
-- Table structure for table `candidate_joborder_status`
--

CREATE TABLE `candidate_joborder_status` (
  `candidate_joborder_status_id` int(11) NOT NULL DEFAULT '0',
  `short_description` varchar(32) COLLATE utf8_unicode_ci NOT NULL DEFAULT '',
  `can_be_scheduled` int(1) NOT NULL DEFAULT '0',
  `triggers_email` int(1) NOT NULL DEFAULT '1',
  `is_enabled` int(1) NOT NULL DEFAULT '1',
  PRIMARY KEY (`candidate_joborder_status_id`),
  KEY `IDX_short_description` (`short_description`)
) ENGINE=MyISAM DEFAULT CHARSET=utf8 COLLATE=utf8_unicode_ci;

--
-- Dumping data for table `candidate_joborder_status`
--

INSERT INTO `candidate_joborder_status` VALUES (155,'Backup profile',0,0,1),(154,'Interview Completed',1,1,1),(153,'Applicant Not interested',0,0,1),(0,'Rejected – Business Interview',0,0,0),(150,'Rejected – Business Interview',0,0,1),(149,'Rejected – Candidate Not Fit',0,0,1),(151,'Rejected – HR Interview',0,0,1),(152,'Rejected – Offer discussion',0,0,1),(156,'To be Offered',0,1,1),(157,'Applicant Backout post Offer',0,0,1),(1000,'Checkout',0,0,0),(1234,'Shortlisted for Interview',1,1,1);

--
-- Table structure for table `candidate_joborder_status_history`
--

CREATE TABLE `candidate_joborder_status_history` (
  `candidate_joborder_status_history_id` int(11) NOT NULL AUTO_INCREMENT,
  `candidate_id` int(11) NOT NULL DEFAULT '0',
  `joborder_id` int(11) NOT NULL DEFAULT '0',
  `date` datetime NOT NULL DEFAULT '1000-01-01 00:00:00',
  `status_from` int(11) NOT NULL DEFAULT '0',
  `status_to` int(11) NOT NULL DEFAULT '0',
  `site_id` int(11) NOT NULL DEFAULT '0',
  PRIMARY KEY (`candidate_joborder_status_history_id`),
  KEY `IDX_site_id` (`site_id`),
  KEY `IDX_status_to` (`status_to`),
  KEY `IDX_status_to_site_id` (`status_to`,`site_id`),
  KEY `IDX_candidate_joborder_status_to_site` (`candidate_id`,`joborder_id`,`status_to`,`site_id`),
  KEY `IDX_joborder_site` (`joborder_id`,`site_id`),
  KEY `IDX_site_joborder_status_to` (`site_id`,`joborder_id`,`status_to`)
) ENGINE=MyISAM AUTO_INCREMENT=94 DEFAULT CHARSET=utf8 COLLATE=utf8_unicode_ci;

--
-- Dumping data for table `candidate_joborder_status_history`
--

INSERT INTO `candidate_joborder_status_history` VALUES (1,6,3,'2022-10-10 00:55:43',100,600,1),(2,2,3,'2022-10-10 00:56:06',100,250,1),(3,4,3,'2022-10-10 00:59:09',100,800,1),(4,5,3,'2022-10-10 01:00:01',100,500,1),(5,7,3,'2022-10-10 01:05:25',100,300,1),(6,9,5,'2022-10-11 05:40:57',100,200,1),(7,8,5,'2022-10-11 05:41:30',100,600,1),(8,8,5,'2022-10-11 05:42:09',600,800,1),(9,11,7,'2022-10-14 05:12:59',100,500,1),(10,15,10,'2022-10-28 11:15:53',100,500,1),(11,15,10,'2022-10-28 11:24:10',500,801,1),(12,15,10,'2022-10-28 11:25:13',801,600,1),(13,11,7,'2022-11-01 13:30:36',500,600,1),(14,14,9,'2022-11-02 16:58:39',100,600,1),(15,16,10,'2022-11-02 17:14:41',100,800,1),(16,16,10,'2022-11-02 17:14:57',800,600,1),(17,10,6,'2022-11-02 17:19:12',100,500,1),(18,15,10,'2022-11-02 17:23:09',600,400,1),(19,15,10,'2022-11-02 17:24:13',400,250,1),(20,12,11,'2022-11-03 06:33:15',100,500,1),(21,12,11,'2022-11-03 06:41:37',500,801,1),(22,9,5,'2022-11-07 07:29:07',200,250,1),(23,17,11,'2022-11-07 12:24:10',100,200,1),(24,19,12,'2022-11-08 06:29:51',100,500,1),(25,18,12,'2022-11-08 06:30:23',100,500,1),(26,18,12,'2022-11-08 06:31:05',500,650,1),(27,19,12,'2022-11-08 06:31:17',500,600,1),(28,20,13,'2022-11-09 06:20:46',100,200,1),(29,20,13,'2022-11-09 06:25:45',200,801,1),(30,17,10,'2022-11-09 06:42:51',100,600,1),(31,12,11,'2022-11-09 12:38:20',801,600,1),(32,12,11,'2022-11-09 12:39:35',600,400,1),(33,20,13,'2022-11-09 12:45:36',801,600,1),(34,9,5,'2022-11-09 12:46:29',250,300,1),(35,8,5,'2022-11-09 12:46:29',800,300,1),(36,5,3,'2022-11-11 05:04:21',500,600,1),(37,4,3,'2022-11-11 05:04:21',800,600,1),(38,17,11,'2022-11-14 12:48:38',200,700,1),(39,12,11,'2022-11-14 12:48:38',400,700,1),(40,17,10,'2022-11-14 12:56:24',600,801,1),(41,22,13,'2022-11-15 06:30:10',100,600,1),(42,17,10,'2022-11-15 06:37:38',801,600,1),(43,15,10,'2022-11-15 06:37:38',250,600,1),(44,22,13,'2022-11-15 06:44:59',600,200,1),(45,22,13,'2022-11-15 07:55:57',200,700,1),(46,9,5,'2022-11-17 05:07:12',300,400,1),(47,8,5,'2022-11-17 05:07:12',300,400,1),(48,9,5,'2022-11-17 12:40:38',400,500,1),(49,8,5,'2022-11-17 12:40:38',400,500,1),(50,9,5,'2022-11-17 12:41:16',500,600,1),(51,8,5,'2022-11-17 12:41:16',500,600,1),(52,26,13,'2022-11-29 12:16:07',100,200,1),(53,11,14,'2022-11-29 13:07:52',100,101,1),(54,24,13,'2022-11-29 13:14:39',100,101,1),(55,12,16,'2022-11-30 04:50:19',100,200,1),(56,9,19,'2022-11-30 06:09:59',100,200,1),(57,12,18,'2022-11-30 07:18:48',100,801,1),(58,12,18,'2022-11-30 07:19:24',801,500,1),(59,12,18,'2022-11-30 11:54:11',500,154,1),(60,5,14,'2022-12-02 10:47:40',100,153,1),(61,26,13,'2022-12-06 04:23:43',200,156,1),(62,12,21,'2022-12-06 06:04:50',100,149,1),(63,5,14,'2022-12-07 04:03:51',153,151,1),(64,12,21,'2022-12-07 04:19:00',149,154,1),(65,18,21,'2022-12-07 04:19:58',100,151,1),(66,30,21,'2022-12-07 04:22:28',100,154,1),(67,13,22,'2022-12-08 06:16:09',100,149,1),(68,13,22,'2022-12-08 06:29:21',149,155,1),(69,14,9,'2022-12-15 08:33:23',600,156,1),(70,38,25,'2022-12-20 06:14:15',100,155,1),(71,20,25,'2022-12-20 06:14:37',100,154,1),(72,38,25,'2022-12-20 06:26:50',155,154,1),(73,42,26,'2022-12-21 06:18:07',100,155,1),(74,43,25,'2022-12-21 07:16:08',100,154,1),(75,11,25,'2022-12-21 07:16:09',100,154,1),(76,57,2,'2023-01-09 11:26:29',100,150,1),(77,58,29,'2023-01-09 11:53:31',100,151,1),(78,59,29,'2023-01-09 16:58:43',100,149,1),(79,43,24,'2023-01-09 18:19:09',100,157,1),(80,60,30,'2023-01-10 09:38:32',100,154,1),(81,62,30,'2023-01-10 10:45:11',100,154,1),(82,61,30,'2023-01-10 10:45:28',100,154,1),(83,58,30,'2023-01-10 10:45:47',100,154,1),(84,20,31,'2023-01-10 12:03:20',100,150,1),(85,65,32,'2023-01-10 13:25:41',100,154,1),(86,20,32,'2023-01-10 13:27:21',100,149,1),(87,20,32,'2023-01-10 13:30:56',149,154,1),(88,65,32,'2023-01-10 15:03:51',154,150,1),(89,65,32,'2023-01-10 15:04:33',150,156,1),(90,20,32,'2023-01-10 15:09:47',154,150,1),(91,20,32,'2023-01-10 16:38:54',150,153,1),(92,20,31,'2023-01-10 17:00:09',150,153,1),(93,68,40,'2023-02-03 09:23:39',100,1234,1);

--
-- Table structure for table `candidate_jobordrer_status_type`
--

CREATE TABLE `candidate_jobordrer_status_type` (
  `candidate_status_type_id` int(11) NOT NULL DEFAULT '0',
  `short_description` varchar(32) COLLATE utf8_unicode_ci NOT NULL DEFAULT '',
  `can_be_scheduled` int(1) NOT NULL DEFAULT '0',
  PRIMARY KEY (`candidate_status_type_id`),
  KEY `IDX_short_description` (`short_description`)
) ENGINE=MyISAM DEFAULT CHARSET=utf8 COLLATE=utf8_unicode_ci;

--
-- Dumping data for table `candidate_jobordrer_status_type`
--


--
-- Table structure for table `candidate_source`
--

CREATE TABLE `candidate_source` (
  `source_id` int(11) NOT NULL AUTO_INCREMENT,
  `name` varchar(255) COLLATE utf8_unicode_ci DEFAULT NULL,
  `site_id` int(11) DEFAULT NULL,
  `date_created` datetime DEFAULT NULL,
  PRIMARY KEY (`source_id`),
  KEY `siteID` (`site_id`)
) ENGINE=MyISAM DEFAULT CHARSET=utf8 COLLATE=utf8_unicode_ci;

--
-- Dumping data for table `candidate_source`
--


--
-- Table structure for table `candidate_tag`
--

CREATE TABLE `candidate_tag` (
  `id` int(10) unsigned NOT NULL AUTO_INCREMENT,
  `site_id` int(10) unsigned DEFAULT NULL,
  `candidate_id` int(10) unsigned NOT NULL,
  `tag_id` int(10) unsigned NOT NULL,
  PRIMARY KEY (`id`)
) ENGINE=MyISAM AUTO_INCREMENT=77 DEFAULT CHARSET=utf8 COLLATE=utf8_unicode_ci;

--
-- Dumping data for table `candidate_tag`
--

INSERT INTO `candidate_tag` VALUES (55,1,1,5),(56,1,1,78),(57,1,1,80),(58,1,1,81),(59,1,8,1),(60,1,6,84),(64,1,5,86),(63,1,5,85),(68,1,3,86),(67,1,3,85),(69,1,3,89),(70,1,3,90),(71,1,11,85),(72,1,11,86),(73,1,15,85),(74,1,15,88),(75,1,18,93),(76,1,33,95);

--
-- Table structure for table `career_portal_questionnaire`
--

CREATE TABLE `career_portal_questionnaire` (
  `career_portal_questionnaire_id` int(11) NOT NULL AUTO_INCREMENT,
  `title` varchar(255) NOT NULL DEFAULT '',
  `site_id` int(11) NOT NULL DEFAULT '0',
  `description` varchar(255) DEFAULT NULL,
  `is_active` tinyint(1) NOT NULL DEFAULT '1',
  PRIMARY KEY (`career_portal_questionnaire_id`)
) ENGINE=MyISAM AUTO_INCREMENT=2 DEFAULT CHARSET=utf8;

--
-- Dumping data for table `career_portal_questionnaire`
--

INSERT INTO `career_portal_questionnaire` VALUES (1,'Info',1,'Instructions and Information',1);

--
-- Table structure for table `career_portal_questionnaire_answer`
--

CREATE TABLE `career_portal_questionnaire_answer` (
  `career_portal_questionnaire_answer_id` int(11) NOT NULL AUTO_INCREMENT,
  `career_portal_questionnaire_question_id` int(11) NOT NULL,
  `career_portal_questionnaire_id` int(11) NOT NULL,
  `text` varchar(255) NOT NULL DEFAULT '',
  `action_source` varchar(128) DEFAULT NULL,
  `action_notes` text,
  `action_is_hot` tinyint(1) DEFAULT '0',
  `action_is_active` tinyint(1) DEFAULT '0',
  `action_can_relocate` tinyint(1) DEFAULT '0',
  `action_key_skills` varchar(255) DEFAULT NULL,
  `position` int(4) NOT NULL DEFAULT '0',
  `site_id` int(11) NOT NULL DEFAULT '0',
  PRIMARY KEY (`career_portal_questionnaire_answer_id`)
) ENGINE=MyISAM AUTO_INCREMENT=3 DEFAULT CHARSET=utf8;

--
-- Dumping data for table `career_portal_questionnaire_answer`
--

INSERT INTO `career_portal_questionnaire_answer` VALUES (1,1,1,'','','',0,1,0,'',1,1),(2,2,1,'','','',0,1,0,'',1,1);

--
-- Table structure for table `career_portal_questionnaire_history`
--

CREATE TABLE `career_portal_questionnaire_history` (
  `career_portal_questionnaire_history_id` int(11) NOT NULL AUTO_INCREMENT,
  `site_id` int(11) NOT NULL DEFAULT '0',
  `candidate_id` int(11) NOT NULL DEFAULT '0',
  `question` varchar(255) NOT NULL DEFAULT '',
  `answer` varchar(255) NOT NULL DEFAULT '',
  `questionnaire_title` varchar(255) NOT NULL DEFAULT '',
  `questionnaire_description` varchar(255) NOT NULL DEFAULT '',
  `date` datetime NOT NULL DEFAULT '1000-01-01 00:00:00',
  PRIMARY KEY (`career_portal_questionnaire_history_id`)
) ENGINE=MyISAM AUTO_INCREMENT=29 DEFAULT CHARSET=utf8;

--
-- Dumping data for table `career_portal_questionnaire_history`
--

INSERT INTO `career_portal_questionnaire_history` VALUES (1,1,4,'How many years of experience','4','Info','Instructions and Information','2022-10-10 00:39:05'),(2,1,4,'Are you ready to relocate','2','Info','Instructions and Information','2022-10-10 00:39:05'),(3,1,2,'How many years of experience','2','Info','Instructions and Information','2022-10-10 00:43:21'),(4,1,2,'Are you ready to relocate','yes','Info','Instructions and Information','2022-10-10 00:43:21'),(5,1,6,'How many years of experience','5','Info','Instructions and Information','2022-10-10 00:45:24'),(6,1,6,'Are you ready to relocate','yes','Info','Instructions and Information','2022-10-10 00:45:24'),(7,1,7,'How many years of experience','6','Info','Instructions and Information','2022-10-10 01:04:43'),(8,1,7,'Are you ready to relocate','yes','Info','Instructions and Information','2022-10-10 01:04:43'),(9,1,8,'How many years of experience','4','Info','Instructions and Information','2022-10-11 05:38:14'),(10,1,8,'Are you ready to relocate','yes','Info','Instructions and Information','2022-10-11 05:38:14'),(11,1,2,'How many years of experience','4','Info','Instructions and Information','2022-10-14 05:10:13'),(12,1,2,'Are you ready to relocate','yes','Info','Instructions and Information','2022-10-14 05:10:13'),(13,1,13,'How many years of experience','3','Info','Instructions and Information','2022-10-20 11:03:09'),(14,1,13,'Are you ready to relocate','yes','Info','Instructions and Information','2022-10-20 11:03:09'),(15,1,15,'How many years of experience','4','Info','Instructions and Information','2022-10-28 10:59:08'),(16,1,15,'Are you ready to relocate','yes','Info','Instructions and Information','2022-10-28 10:59:08'),(17,1,4,'How many years of experience','3','Info','Instructions and Information','2023-01-17 16:48:49'),(18,1,4,'Are you ready to relocate','y','Info','Instructions and Information','2023-01-17 16:48:49'),(19,1,39,'How many years of experience','2','Info','Instructions and Information','2023-01-18 11:02:50'),(20,1,39,'Are you ready to relocate','Yes','Info','Instructions and Information','2023-01-18 11:02:50'),(21,1,39,'How many years of experience','2','Info','Instructions and Information','2023-01-18 11:06:39'),(22,1,39,'Are you ready to relocate','yes','Info','Instructions and Information','2023-01-18 11:06:39'),(23,1,39,'How many years of experience','2','Info','Instructions and Information','2023-01-18 11:07:59'),(24,1,39,'Are you ready to relocate','yes','Info','Instructions and Information','2023-01-18 11:07:59'),(25,1,39,'How many years of experience','2','Info','Instructions and Information','2023-01-18 11:21:19'),(26,1,39,'Are you ready to relocate','Yes','Info','Instructions and Information','2023-01-18 11:21:19'),(27,1,39,'How many years of experience','2','Info','Instructions and Information','2023-01-18 11:36:03'),(28,1,39,'Are you ready to relocate','Yes','Info','Instructions and Information','2023-01-18 11:36:03');

--
-- Table structure for table `career_portal_questionnaire_question`
--

CREATE TABLE `career_portal_questionnaire_question` (
  `career_portal_questionnaire_question_id` int(11) NOT NULL AUTO_INCREMENT,
  `career_portal_questionnaire_id` int(11) NOT NULL,
  `text` varchar(255) NOT NULL DEFAULT '',
  `minimum_length` int(11) DEFAULT NULL,
  `maximum_length` int(11) DEFAULT NULL,
  `required` tinyint(1) NOT NULL DEFAULT '0',
  `position` int(4) NOT NULL DEFAULT '0',
  `site_id` int(11) NOT NULL DEFAULT '0',
  `type` int(11) NOT NULL DEFAULT '0',
  PRIMARY KEY (`career_portal_questionnaire_question_id`)
) ENGINE=MyISAM AUTO_INCREMENT=3 DEFAULT CHARSET=utf8;

--
-- Dumping data for table `career_portal_questionnaire_question`
--

INSERT INTO `career_portal_questionnaire_question` VALUES (1,1,'How many years of experience',0,255,1,1,1,1),(2,1,'Are you ready to relocate',0,255,1,2,1,1);

--
-- Table structure for table `career_portal_template`
--

CREATE TABLE `career_portal_template` (
  `career_portal_template_id` int(11) NOT NULL AUTO_INCREMENT,
  `career_portal_name` varchar(255) DEFAULT NULL,
  `setting` varchar(128) NOT NULL DEFAULT '',
  `value` text,
  PRIMARY KEY (`career_portal_template_id`)
) ENGINE=MyISAM AUTO_INCREMENT=78 DEFAULT CHARSET=utf8;

--
-- Dumping data for table `career_portal_template`
--

INSERT INTO `career_portal_template` VALUES (56,'Blank Page','Left',''),(57,'Blank Page','Footer',''),(58,'Blank Page','Header',''),(59,'Blank Page','Content - Main',''),(60,'Blank Page','CSS',''),(61,'Blank Page','Content - Search Results',''),(62,'Blank Page','Content - Questionnaire',''),(63,'Blank Page','Content - Job Details',''),(64,'Blank Page','Content - Thanks for your Submission',''),(65,'Blank Page','Content - Apply for Position',''),(66,'CATS 2.0','Left',''),(67,'CATS 2.0','Footer','</div>'),(68,'CATS 2.0','Header','<div id=\"container\">\r\n	<div id=\"logo\"><img src=\"images/careers_cats.gif\" alt=\"IMAGE: CATS Applicant Tracking System Careers Page\" /></div>\r\n    <div id=\"actions\">\r\n    	<h2>Shortcuts:</h2>\r\n        <a href=\"index.php\" onmouseover=\"buttonMouseOver(\'returnToMain\',true);\" onmouseout=\"buttonMouseOver(\'returnToMain\',false);\"><img src=\"images/careers_return.gif\" id=\"returnToMain\" alt=\"IMAGE: Return to Main\" /></a>\r\n<a href=\"<rssURL>\" onmouseover=\"buttonMouseOver(\'rssFeed\',true);\" onmouseout=\"buttonMouseOver(\'rssFeed\',false);\"><img src=\"images/careers_rss.gif\" id=\"rssFeed\" alt=\"IMAGE: RSS Feed\" /></a>\r\n        <a href=\"index.php?m=careers&p=showAll\" onmouseover=\"buttonMouseOver(\'showAllJobs\',true);\" onmouseout=\"buttonMouseOver(\'showAllJobs\',false);\"><img src=\"images/careers_show.gif\" id=\"showAllJobs\" alt=\"IMAGE: Show All Jobs\" /></a>\r\n    </div>'),(69,'CATS 2.0','Content - Main','<div id=\"careerContent\">\r\n        <registeredCandidate>\r\n        <h1>Available Openings at <siteName></h1>\r\n        <div id=\"descriptive\">\r\n               <p>Change your life today by becoming an integral part of our winning team.</p>\r\n               <p>If you are interested, we invite you to view the <a href=\"index.php?m=careers&p=showAll\">current opening positions</a> at our company.</p><br /><br /><registeredLoginTitle><h1 style=\"padding:0;margin:0;border:0\">Have you applied with us before?</h1></registeredLoginTitle><registeredLogin>\r\n        </div>\r\n        <div id=\"detailsTools\">\r\n        	<h2>Perform an action:</h2>\r\n        	<ul>\r\n                    <li><a href=\"\">Visit our website</a></li>\r\n                </ul>\r\n        </div>\r\n</div>'),(70,'CATS 2.0','CSS','table.sortable\r\n{\r\ntext-align:left;\r\nempty-cells: show;\r\nwidth: 940px;\r\n}\r\ntd\r\n{\r\npadding:5px;\r\n}\r\ntr.rowHeading\r\n{\r\n background: #e0e0e0; border: 1px solid #cccccc; border-left: none; border-right: none;\r\n}\r\ntr.oddTableRow\r\n{\r\nbackground: #ebebeb; \r\n}\r\ntr.evenTableRow\r\n{\r\n background: #ffffff; \r\n}\r\na.sortheader:hover,\r\na.sortheader:link,\r\na.sortheader:visited\r\n{\r\ncolor:#000;\r\n}\r\n\r\nbody, html { margin: 0; padding: 0; background: #ffffff; font: normal 12px/14px Arial, Helvetica, sans-serif; color: #000000; }\r\n#container { margin: 0 auto; padding: 0; width: 940px; height: auto; }\r\n#logo { float: left; margin: 0; }\r\n	#logo img { width: 424px; height: 103px; }\r\n#actions { float: right; margin: 0; width: 310px; height: 100px; background: #efefef; border: 1px solid #cccccc; }\r\n	#actions img { float: left; margin: 2px 6px 2px 15px; width: 130px; height: 25px; }\r\n#footer { clear: both; margin: 20px auto 0 auto; width: 150px; }\r\n	#footer img { width: 137px; height: 38px; }\r\n\r\na:link, a:active { color: #1763b9; }\r\na:hover { color: #c75a01; }\r\na:visited { color: #333333; }\r\nimg { border: none; }\r\n\r\nh1 { margin: 0 0 10px 0; font: bold 18px Arial, Helvetica, sans-serif; }\r\nh2 { margin: 8px 0 8px 15px; font: bold 14px Arial, Helvetica, sans-serif; }\r\nh3 { margin: 0; font: bold 14px Arial, Helvetica, sans-serif; }\r\np { font: normal 12px Arial, Helvetica, sans-serif; }\r\np.instructions { margin: 0 0 0 10px; font: italic 12px Arial, Helvetica, sans-serif; color: #666666; }\r\n\r\n\r\n/* CONTENTS ON PAGE SPECS */\r\n#careerContent { clear: both; padding: 15px 0 0 0; }\r\n\r\n	\r\n/* DISPLAY JOB DETAILS */\r\n#detailsTable { width: 400px; }\r\n	#detailsTable td.detailsHeader { width: 30%; }\r\ndiv#descriptive { float: left; width: 585px; }\r\ndiv#detailsTools { float: right; padding: 0 0 8px 0; width: 280px; background: #ffffff; border: 1px solid #cccccc; }\r\n	div#detailsTools img { margin: 2px 6px 5px 15px;  }\r\n\r\n/* DISPLAY APPLICATION FORM */\r\ndiv.applyBoxLeft, div.applyBoxRight { width: 450px; height: 470px; background: #f9f9f9; border: 1px solid #cccccc; border-top: none; }\r\ndiv.applyBoxLeft { float: left; margin: 0 10px 0 0; }\r\ndiv.applyBoxRight { float: right; margin: 0 0 0 10px; }\r\n	div.applyBoxLeft div, div.applyBoxRight div { margin: 0 0 5px 0; padding: 3px 10px; background: #efefef; border-top: 1px solid #cccccc; border-bottom: 1px solid #cccccc; }\r\n	div.applyBoxLeft table, div.applyBoxRight table { margin: 0 auto; width: 420px; }\r\n	div.applyBoxLeft table td, div.applyBoxRight table td { padding: 3px; vertical-align: top; }\r\n		td.label { text-align: right; width: 110px; }\r\n        form#applyToJobForm {  }\r\n	form#applyToJobForm label { font-weight: bold; }\r\n	form#applyToJobForm input.inputBoxName, form#applyToJobForm input.inputBoxNormal { width: 285px; height: 15px; }\r\n        form#applyToJobForm input.submitButton { width: 197px; height: 27px; background: url(\'images/careers_submit.gif\') no-repeat; }\r\n\r\n        form#applyToJobForm input.submitButtonDown { width: 197px; height: 27px; background: url(\'images/careers_submit-o.gif\') no-repeat; }\r\n	form#applyToJobForm textarea { margin: 8px 0 0 0; width: 410px; height: 170px; }\r\n	form#applyToJobForm textarea.inputBoxArea{ width: 285px; height: 70px; }\r\n\r\n'),(71,'CATS 2.0','Content - Search Results','<div id=\"careerContent\">\r\n        <registeredCandidate>\r\n        <h1>Current Available Openings, Recently Posted Jobs: <numberOfSearchResults></h1>\r\n<searchResultsTable>\r\n    </div>'),(72,'CATS 2.0','Content - Questionnaire','<div id=\"careerContent\">\r\n<questionnaire>\r\n<br /><br />\r\n<div style=\"text-align: right;\">\r\n<submit value=\"Continue\">\r\n</div>\r\n</div>'),(73,'CATS 2.0','Content - Job Details','<div id=\"careerContent\">\r\n        <registeredCandidate>\r\n        <h1>Position Details: <title></h1>\r\n        <table id=\"detailsTable\">\r\n            <tr>\r\n                <td class=\"detailsHeader\"><strong>Location:</strong></td>\r\n                <td><city>, <state></td>\r\n			</tr>\r\n			<tr>\r\n                <td class=\"detailsHeader\"><strong>Openings:</strong></td>\r\n                <td><openings></td>\r\n			</tr>\r\n            <tr>\r\n                <td class=\"detailsHeader\"><strong>Salary Range:</strong></td>\r\n                <td><salary></td>\r\n            </tr>\r\n        </table>\r\n        <div id=\"descriptive\">\r\n            <p><strong>Description:</strong></p>\r\n            <description>\r\n		</div>\r\n        <div id=\"detailsTools\">\r\n        	<h2>Perform an action:</h2>\r\n        	<a-applyToJob onmouseover=\"buttonMouseOver(\'applyToPosition\',true);\" onmouseout=\"buttonMouseOver(\'applyToPosition\',false);\"><img src=\"images/careers_apply.gif\" id=\"applyToPosition\" alt=\"IMAGE: Apply to Position\" /></a>\r\n        </div>\r\n    </div>'),(74,'CATS 2.0','Content - Thanks for your Submission','<div id=\"careerContent\">\r\n            <h1>Application Submitted For: <title></h1>\r\n            <div id=\"descriptive\">\r\n                <p>Please check your email inbox &#8212; You should receive an email confirmation of your application.</p>\r\n                <p>Thank you for submitting your application to us. We will review it shortly and make contact with you soon.</p>\r\n                </div>\r\n			<div id=\"detailsTools\">\r\n                <h2>Perform an action:</h2>\r\n                <ul>\r\n                	<li><a href=\"\">Visit our website</a></li>\r\n		</ul>\r\n        	</div>\r\n    </div>'),(75,'CATS 2.0','Content - Apply for Position','<div id=\"careerContent\">\r\n        <h1>Applying to: <title></h1>\r\n        <div class=\"applyBoxLeft\">\r\n            <div><h3>1. Import Resume (or CV) and Populate Fields</h3></div>\r\n            <table>\r\n                <tr>\r\n                    <td>\r\n                      \r\n                    <input-resumeUploadPreview>\r\n                    </td>\r\n                </tr>\r\n            </table>\r\n            <br />\r\n\r\n            <div><h3>2. Tell us about yourself</h3></div>\r\n            <p class=\"instructions\">All fields marked with asterisk (*) are required.</p>\r\n            <table>\r\n                <tr>\r\n                    <td class=\"label\"><label id=\"firstNameLabel\" for=\"firstName\">*First Name:</label></td>\r\n                    <td><input-firstName></td>\r\n                </tr>\r\n                <tr>\r\n                    <td class=\"label\"><label id=\"lastNameLabel\" for=\"lastName\">*Last Name:</label></td>\r\n                    <td><input-lastName></td>\r\n                </tr>\r\n                <tr>\r\n                    <td class=\"label\"><label id=\"emailLabel\" for=\"email\">*Email Adddress:</label></td>\r\n                    <td><input-email></td>\r\n                </tr>\r\n                <tr>\r\n                    <td class=\"label\"><label id=\"emailConfirmLabel\" for=\"emailconfirm\">*Confirm Email:</label></td>\r\n                    <td><input-emailconfirm></td>\r\n                </tr>\r\n            </table>\r\n        </div>\r\n       \r\n        <div class=\"applyBoxRight\">\r\n            <div><h3>3. How may we contact you?</h3></div>\r\n            <table>\r\n                <tr>\r\n                    <td class=\"label\"><label id=\"homePhoneLabel\" for=\"homePhone\">Home Phone:</label></td>\r\n                    <td><input-phone-home></td>\r\n                </tr>\r\n                <tr>\r\n                    <td class=\"label\"><label id=\"mobilePhoneLabel\" for=\"mobilePhone\">Mobile Phone:</label></td>\r\n                    <td><input-phone-cell></td>\r\n                </tr>\r\n                <tr>\r\n                    <td class=\"label\"><label id=\"workPhoneLabel\" for=\"workPhone\">Work Phone:</label></td>\r\n                    <td><input-phone></td>\r\n                </tr>\r\n                <tr>\r\n                    <td class=\"label\"><label id=\"bestTimeLabel\" for=\"bestTime\">*Best time to call:</label></td>\r\n                    <td><input-best-time-to-call></td>\r\n                </tr>\r\n                <tr>\r\n                    <td class=\"label\"><label id=\"mailingAddressLabel\" for=\"mailingAddress\">Mailing Address:</label></td>\r\n                    <td><input-address></td>\r\n                </tr>\r\n                <tr>\r\n                    <td class=\"label\"><label id=\"cityProvinceLabel\" for=\"cityProvince\">*City/Province:</label></td>\r\n                    <td><input-city></td>\r\n                </tr>\r\n                <tr>\r\n                    <td class=\"label\"><label id=\"stateCountryLabel\" for=\"stateCountry\">*State/Country:</label></td>\r\n                    <td><input-state></td>\r\n                </tr>\r\n                <tr>\r\n                    <td class=\"label\"><label id=\"zipPostalLabel\" for=\"zipPostal\">*Zip/Postal Code:</label></td>\r\n                    <td><input-zip></td>\r\n                </tr>\r\n            </table>\r\n            <br />\r\n            <div><h3>4. Additional Information</h3></div>\r\n            <table>\r\n                <tr>\r\n                    <td class=\"label\"><label id=\"keySkillsLabel\" for=\"keySkills\">*Key Skills:</label></td>\r\n                    <td><input-keySkills></td>\r\n                </tr>\r\n                <tr>\r\n                    <td>&nbsp;</td>\r\n                    <td><img src=\"images/careers_submit.gif\" onmouseover=\"buttonMouseOver(\'submitApplicationNow\',true)\" onmouseout=\"buttonMouseOver(\'submitApplicationNow\',false)\" style=\"cursor: pointer;\" id=\"submitApplicationNow\" alt=\"Submit Application Now\" onclick=\"if (applyValidate()) { document.applyToJobForm.submit(); }\" /></td>\r\n                </tr>\r\n            </table>\r\n               </div>\r\n    </div>'),(76,'CATS 2.0','Content - Candidate Registration','<div id=\"careerContent\">\r\n    <h1><applyContent>Applying to <title></applyContent></h1>\r\n    <center>\r\n    <table cellpadding=\"0\" cellspacing=\"0\">\r\n        <tr>\r\n            <td><label id=\"emailLabel\" for=\"email\"><h2>Enter your e-mail address:</h2></label></td>\r\n            <td><input-email></td>\r\n        </tr>\r\n        <tr>\r\n            <td align=\"right\" valign=\"top\"><input-new></td>\r\n            <td style=\"line-height: 18px;\">\r\n                <applyContent>\r\n                <strong>I have not registered on this website.</strong><br />\r\n                (I haven\'t applied to any jobs online)\r\n                </applyContent>\r\n            </td>\r\n        </tr>\r\n        <tr>\r\n            <td align=\"right\" valign=\"top\"><input-registered></td>\r\n            <td style=\"line-height: 20px;\">\r\n                <strong>I have registered before</strong><br />\r\n                and my last name is:<br />\r\n                <input-lastName><br />\r\n                and my zip code is:<br />\r\n                <input-zip><br /><br />\r\n                <input-rememberMe> Remember my information for future visits<br /><br />\r\n                <input-submit><br /><br />\r\n            </td>\r\n        </tr>\r\n    </table>\r\n    </center>\r\n</div>\r\n'),(77,'CATS 2.0','Content - Candidate Profile','<div id=\"careerContent\">    <h1 style=\"padding: 0; margin: 0; border: 0;\">My Profile</h1><h3 style=\"font-weight: normal;\">Any changes you make to your profile will be updated on our website for all    past and future jobs you apply for.</h3>    <br />    <div class=\"applyBoxLeft\">        <div><h3>1. Tell us about yourself</h3></div>        <p class=\"instructions\">All fields marked with asterisk (*) are required.</p>        <table>            <tr>                <td class=\"label\"><label id=\"firstNameLabel\" for=\"firstName\">*First Name:</label></td>                <td><input-firstName></td>            </tr>            <tr>                <td class=\"label\"><label id=\"lastNameLabel\" for=\"lastName\">*Last Name:</label></td>                <td><input-lastName></td>            </tr>            <tr>                <td class=\"label\"><label id=\"emailLabel\" for=\"email\">*Email Adddress:</label></td>                <td><input-email1></td>            </tr>            <tr>                <td colspan=\"2\">                    <input-resume>                </td>            </tr>        </table>    </div>    <div class=\"applyBoxRight\">        <div><h3>2. How may we contact you?</h3></div>        <table>            <tr>                <td class=\"label\"><label id=\"homePhoneLabel\" for=\"homePhone\">Home Phone:</label></td>                <td><input-phoneHome></td>            </tr>            <tr>                <td class=\"label\"><label id=\"mobilePhoneLabel\" for=\"mobilePhone\">Mobile Phone:</label></td>                <td><input-phoneCell></td>            </tr>            <tr>                <td class=\"label\"><label id=\"workPhoneLabel\" for=\"workPhone\">Work Phone:</label></td>                <td><input-phoneWork></td>            </tr>            <tr>                <td class=\"label\"><label id=\"bestTimeLabel\" for=\"bestTime\">*Best time to call:</label></td>                <td><input-bestTimeToCall></td>            </tr>            <tr>                <td class=\"label\"><label id=\"mailingAddressLabel\" for=\"mailingAddress\">Mailing Address:</label></td>                <td><input-address></td>            </tr>            <tr>                <td class=\"label\"><label id=\"cityProvinceLabel\" for=\"cityProvince\">*City/Province:</label></td>                <td><input-city></td>            </tr>            <tr>                <td class=\"label\"><label id=\"stateCountryLabel\" for=\"stateCountry\">*State/Country:</label></td>                <td><input-state></td>            </tr>            <tr>                <td class=\"label\"><label id=\"zipPostalLabel\" for=\"zipPostal\">*Zip/Postal Code:</label></td>                <td><input-zip></td>            </tr>        </table>        <br />        <div><h3>3. Additional Information</h3></div>        <table>            <tr>                <td class=\"label\"><label id=\"keySkillsLabel\" for=\"keySkills\">*Key Skills:</label></td>                <td><input-keySkills></td>            </tr>            <tr>                <td>&nbsp;</td>                <td style=\"padding-top: 40px;\"><input-submit></td>            </tr>        </table>    </div></div>');

--
-- Table structure for table `career_portal_template_site`
--

CREATE TABLE `career_portal_template_site` (
  `career_portal_template_id` int(11) NOT NULL AUTO_INCREMENT,
  `career_portal_name` varchar(255) DEFAULT NULL,
  `site_id` int(11) NOT NULL,
  `setting` varchar(128) NOT NULL DEFAULT '',
  `value` text,
  PRIMARY KEY (`career_portal_template_id`)
) ENGINE=MyISAM AUTO_INCREMENT=5218 DEFAULT CHARSET=utf8;

--
-- Dumping data for table `career_portal_template_site`
--

INSERT INTO `career_portal_template_site` VALUES (5195,'Herofin Careers',1,'Left',''),(5216,'Herofin Careers',1,'Footer','</div>'),(5207,'Herofin Careers',1,'Header','<div id=\"container\">\r\n	<div id=\"logo\"><img src=\"https://herofincorp.myjoining.in/assets/images/hero_fincorp-logo.png\" alt=\"IMAGE: Herofin Applicant Tracking System Careers Page\" /></div>\r\n    <div id=\"actions\">\r\n    	<h2>Shortcuts:</h2>\r\n        <a href=\"index.php\" onmouseover=\"buttonMouseOver(\'returnToMain\',true);\" onmouseout=\"buttonMouseOver(\'returnToMain\',false);\"><img src=\"images/careers_return.gif\" id=\"returnToMain\" alt=\"IMAGE: Return to Main\" /></a>\r\n<a href=\"<rssURL>\" onmouseover=\"buttonMouseOver(\'rssFeed\',true);\" onmouseout=\"buttonMouseOver(\'rssFeed\',false);\"><img src=\"images/careers_rss.gif\" id=\"rssFeed\" alt=\"IMAGE: RSS Feed\" /></a>\r\n        <a href=\"index.php?m=careers&p=showAll\" onmouseover=\"buttonMouseOver(\'showAllJobs\',true);\" onmouseout=\"buttonMouseOver(\'showAllJobs\',false);\"><img src=\"images/careers_show.gif\" id=\"showAllJobs\" alt=\"IMAGE: Show All Jobs\" /></a>\r\n    </div>'),(5217,'Herofin Careers',1,'CSS','body{\r\n    font-family:Open Sans,sans-serif;\r\n    background: #f2f2f2;\r\n    padding: 30px 0;\r\n    padding-bottom: 10px;\r\n    background-image: url(../images/login-bg-herofin.png);\r\n    background-size: cover;\r\n}\r\n#logo{\r\n  margin-bottom: 20px;\r\n}\r\ninput[type=\"radio\"], input[type=\"checkbox\"] {\r\n    width: 20px;\r\n    border: 0px !important;\r\n    box-shadow: none !important;\r\n    float: left;\r\n}\r\n.jobDesc .CareerBtns a, .CareerBtns a, input[type=\"submit\"] {\r\n    width: 250px;\r\n    border: 2px solid #c33;\r\n    color: #c33;\r\n    padding: 8px 15px;\r\n    text-transform: uppercase;\r\n    font-size: 18px;\r\n    text-align: center;\r\n    display: inline-block;\r\n    transition: all .3s ease;\r\n    -webkit-transition: all .3s ease;\r\n    -moz-transition: all ease .3s;\r\n    -ms-transition: all ease .3s;\r\n    -o-transition: all ease .3s;\r\ntext-decoration:none;\r\n}\r\n.container1 {\r\n    width: 90%;\r\n    margin: 0px auto;\r\n    display: flex;\r\n    align-items: center;\r\n    flex-direction:column;\r\n    justify-content: center;\r\n}\r\n.generalAppContainer .form ul li .right .txtboxSmall p {\r\n    font-size: 12px;\r\n    margin-bottom: 0;\r\n}\r\n.generalAppContainer .radioBtns {\r\n    display: -webkit-box;\r\n    display: -ms-flexbox;\r\n    display: flex;\r\n    -webkit-box-align: center;\r\n    -ms-flex-align: center;\r\n    align-items: center;\r\n}\r\n.checkbox label {\r\n    display: inline-block;\r\n    position: relative;\r\n    padding-left: 5px;\r\n    color: #000;\r\n    font-size: 10px;\r\n    text-align: left;\r\n    font-style: italic;\r\n}\r\n.text-center {\r\n    text-align: center;\r\n}\r\n.generalAppContainer .form ul li .btnSubmit {\r\n    width: 150px;\r\n    border: 2px solid #00811c;\r\n    color: #00811c;\r\n    background: none;\r\n    border-radius: 0;\r\n    text-transform: uppercase;\r\n    font-size: 16px;\r\n    padding: 11px 25px;\r\n    margin-top: 30px;\r\n    -webkit-transition: all .2s ease-in-out;\r\n    transition: all .2s ease-in-out;\r\n}\r\n.generalAppContainer .form ul li .right.flexStart .btn-success {\r\n    padding: 15px 25px;\r\n    border: none;\r\n    border-radius: 3px;\r\n    display: inline-block;\r\n    background: #009441;\r\n    color: #fff;\r\n}\r\n.disclaimerpage, .generalAppContainer .form {\r\n    width: 80%;\r\n    margin: 20px auto;\r\n    overflow: hidden;\r\n}\r\n.generalAppContainer .form ul li .right .txtboxFull {\r\n    width: 95%;\r\n    margin: auto 4px;\r\n}\r\n.container {\r\n    width: 90%;\r\n    margin: 0 auto;\r\n}\r\n.row {\r\n    margin-right: -15px;\r\n    margin-left: -15px;\r\n}\r\n.generalAppContainer .form ul li {\r\n    list-style: none;\r\n    margin-bottom: 10px;\r\n}\r\n.generalAppContainer .form ul li .left {\r\n    width: 35%;\r\n    margin: 0;\r\n    padding: 0;\r\n    float: left;\r\n    border: none;\r\n    text-align: left;\r\n    color: #333;\r\n    line-height: 40px;\r\n}\r\n.txtboxFull.upload-sec input[type=\"button\"] {\r\n    width: 129px !important;\r\n    height: 35px;\r\n    float: left;\r\n    border: 2px solid #c33;\r\n    color: #c33;\r\n}\r\n.txtboxFull.upload-sec input, .txtboxFull.upload-sec textarea {\r\n    float: left;\r\n    width: calc(100% - 176px) !important;\r\n    margin-right: 10px;\r\n    margin-bottom: 15px;\r\n}\r\n.generalAppContainer .form ul li .right {\r\n    width: 65%;\r\n    margin: 0;\r\n    padding: 0;\r\n    float: right;\r\n    text-align: left;\r\n    display: -webkit-box;\r\n    display: -ms-flexbox;\r\n    display: flex;\r\n    -webkit-box-pack: justify;\r\n    -ms-flex-pack: justify;\r\n    justify-content: space-between;\r\n    -webkit-box-align: center;\r\n    -ms-flex-align: center;\r\n    align-items: center;\r\n}\r\n.generalAppContainer .form ul li .right .txtboxSmall {\r\n    width: 100%;\r\n    margin: 0 4px;\r\n    padding: 0;\r\n    color: #999;\r\ndisplay:inherit;\r\n}\r\n.form-control, input, select, textarea {\r\n    width: 97%;\r\n    padding: 6px 12px;\r\n    background-color: #fff;\r\n    background-image: none;\r\n    border: 1px solid #ccd0d2;\r\n    border-radius: 4px;\r\n    -webkit-box-shadow: inset 0 1px 1px rgba(0,0,0,.075);\r\n    box-shadow: inset 0 1px 1px rgba(0,0,0,.075);\r\n    -webkit-transition: border-color .15s ease-in-out,box-shadow .15s ease-in-out;\r\n    -webkit-transition: border-color .15s ease-in-out,-webkit-box-shadow .15s ease-in-out;\r\n    transition: border-color .15s ease-in-out,-webkit-box-shadow .15s ease-in-out;\r\n    transition: border-color .15s ease-in-out,box-shadow .15s ease-in-out;\r\n    transition: border-color .15s ease-in-out,box-shadow .15s ease-in-out,-webkit-box-shadow .15s ease-in-out;\r\n}\r\n.generalAppContainer .form ul li {\r\n    list-style: none;\r\n    margin-bottom: 10px;\r\n    float: left;\r\n    width: 100%;\r\n}\r\n.heading h1 {\r\n    font-size: 26px;\r\n    text-transform: uppercase;\r\n    color: #1a9038;\r\nfont-weight: normal;\r\nmargin-top:0px;\r\n    text-align:center;\r\n}\r\n.generalAppContainer .top-cont-gen {\r\n    border-bottom: 2px solid #ccc;\r\n    color: #c33;\r\n    margin: 0 auto;\r\n    padding: 5px;\r\n    text-align: center;\r\n    text-transform: uppercase;\r\n    -webkit-transition: all 1s ease 0s;\r\n    transition: all 1s ease 0s;\r\n    width: 80%;\r\n    color: #000;\r\n}\r\n.form-control, output {\r\n    display: block;\r\n    font-size: 14px;\r\n    line-height: 1.6;\r\n    color: #555;\r\n}\r\n.jobDesc {\r\n    border:2px solid #e3e395;\r\n    margin: 0 0 50px;\r\n    padding: 3%;\r\n    float: left;\r\n    background:#f8f5f5;\r\n    position: relative;\r\n    width:72%\r\n}\r\n.jobDesc .location {\r\n    width: auto;\r\n    position: absolute;\r\n    margin: 0;\r\n    padding: 3% 0 0;\r\n    right: 35px;\r\n    top: 0;\r\n}\r\n.jobDesc h3, .jobDesc .location {\r\n    font-size: 22px;\r\n    line-height: normal;\r\n    font-weight: 400;\r\n    color: #009541;\r\n    text-transform: uppercase;\r\n    display: inline;\r\n}\r\n.jobDesc p {\r\n    line-height: 20px;\r\n    font-size: 14px;\r\n    color: #333;\r\n    word-wrap: break-word;\r\n}\r\n.table-wrap td:nth-child(1){\r\n  width:50px !important;\r\n}\r\ntable.table-wrap * {\r\n    font-weight: 400;\r\n    font-size: 14px\r\n}\r\ntable h2 {\r\n margin-right:10px;\r\n font-weight:normal;\r\n font-size: 16px;\r\n\r\n}\r\n#registerTable{\r\n margin-left:150px\r\n}\r\ntable.sortable\r\n{\r\ntext-align:left;\r\nempty-cells: show;\r\nwidth: 940px;\r\n}\r\ntd\r\n{\r\npadding:5px;\r\n}\r\ntr.rowHeading\r\n{\r\n background: #e0e0e0; border: 1px solid #cccccc; border-left: none; border-right: none;\r\n}\r\ntr.oddTableRow\r\n{\r\nbackground: #ebebeb; \r\nfont-size: 13px;\r\n}\r\ntr.evenTableRow\r\n{\r\n background: #ffffff; \r\n font-size: 13px;\r\n}\r\na.sortheader:hover,\r\na.sortheader:link,\r\na.sortheader:visited\r\n{\r\ncolor:#000;\r\n}\r\nh1 {\r\n    color: #009541;\r\n    margin: 0 0 10px 0;\r\n    font: bold 18px Arial, Helvetica, sans-serif;\r\n}\r\n.submission-title{\r\n    color: #009541;\r\n    font-size: 25px;\r\n}\r\n.jobSearchResult{\r\n  width:100%;'),(5212,'Herofin Careers',1,'Content - Candidate Profile',''),(174,'New',1,'Left',''),(175,'New',1,'Footer',''),(176,'New',1,'Header',''),(177,'New',1,'Content - Main',''),(178,'New',1,'CSS',''),(179,'New',1,'Content - Search Results',''),(180,'New',1,'Content - Questionnaire',''),(181,'New',1,'Content - Job Details',''),(182,'New',1,'Content - Thanks for your Submission',''),(183,'New',1,'Content - Apply for Position',''),(358,'Copy of Blank Page',1,'Left',''),(379,'Copy of Blank Page',1,'Footer',''),(380,'Copy of Blank Page',1,'CSS',''),(372,'Copy of Blank Page',1,'Content - Search Results',''),(377,'Copy of Blank Page',1,'Content - Questionnaire',''),(378,'Copy of Blank Page',1,'Content - Thanks for your Submission',''),(376,'Copy of Blank Page',1,'Content - Apply for Position',''),(375,'Copy of Blank Page',1,'Content - Candidate Profile',''),(374,'Copy of Blank Page',1,'Content - Candidate Registration','https://www.herofincorp.com/career'),(373,'Copy of Blank Page',1,'Content - Job Details','<title><a-applyToJob>Apply to Job</a>'),(326,'Unnamed',1,'Left',''),(327,'Unnamed',1,'Footer',''),(328,'Unnamed',1,'Header',''),(329,'Unnamed',1,'Content - Main',''),(330,'Unnamed',1,'CSS',''),(331,'Unnamed',1,'Content - Search Results',''),(332,'Unnamed',1,'Content - Questionnaire',''),(333,'Unnamed',1,'Content - Job Details',''),(334,'Unnamed',1,'Content - Thanks for your Submission',''),(335,'Unnamed',1,'Content - Apply for Position',''),(371,'Copy of Blank Page',1,'Content - Main','https://www.herofincorp.com/career<numberOfOpenPositions>'),(370,'Copy of Blank Page',1,'Header','<a-LinkMain>Main Page</a><br />\r\n<a-ListAll>List All Jobs</a><br />'),(5209,'Herofin Careers',1,'Content - Search Results','<div id=\"careerContent\">\r\n  <div class=\"container1\">\r\n     <div id=\"logo\"><img src=\"https://herofincorp.myjoining.in/assets/images/hero_fincorp-logo.png\" alt=\"IMAGE: Herofin Applicant Tracking System Careers Page\" /></div>\r\n  <div class=\"jobDesc jobSearchResult\">\r\n     <registeredCandidate>\r\n     <h1>Current Available Openings, Recently Posted Jobs: <numberOfSearchResults></h1>\r\n     <searchResultsTable>\r\n  </div>\r\n</div>\r\n</div> '),(5208,'Herofin Careers',1,'Content - Main','<div id=\"careerContent\">\r\n        <registeredCandidate>\r\n    <div class=\"container1\">\r\n     <div class=\"jobDesc\">\r\n        <h1>Available Openings at Herofin</h1>\r\n        <div id=\"descriptive\">\r\n               <p>Change your life today by becoming an integral part of our winning team.</p>\r\n               <p>If you are interested, we invite you to view the <a href=\"index.php?m=careers&p=showAll\">current opening positions</a> at our company.</p><br /><br /><registeredLoginTitle><h1 style=\"padding:0;margin:0;border:0\">Have you applied with us before?</h1>\r\n        </div></registeredLoginTitle><registeredLogin>\r\n        <div id=\"detailsTools\">\r\n            <h4>Perform an action:</h4>\r\n            <ul>\r\n               <li><a href=\"\">Visit our website</a></li>\r\n            </ul>\r\n        </div>\r\n     </div>\r\n   </div>\r\n</div>'),(4769,'Copy of CATS 2.0',1,'Left',''),(4770,'Copy of CATS 2.0',1,'Footer','</div>'),(4771,'Copy of CATS 2.0',1,'Header','<div id=\"container\">\r\n	<div id=\"logo\"><img src=\"images/careers_cats.gif\" alt=\"IMAGE: CATS Applicant Tracking System Careers Page\" /></div>\r\n    <div id=\"actions\">\r\n    	<h2>Shortcuts:</h2>\r\n        <a href=\"index.php\" onmouseover=\"buttonMouseOver(\'returnToMain\',true);\" onmouseout=\"buttonMouseOver(\'returnToMain\',false);\"><img src=\"images/careers_return.gif\" id=\"returnToMain\" alt=\"IMAGE: Return to Main\" /></a>\r\n<a href=\"<rssURL>\" onmouseover=\"buttonMouseOver(\'rssFeed\',true);\" onmouseout=\"buttonMouseOver(\'rssFeed\',false);\"><img src=\"images/careers_rss.gif\" id=\"rssFeed\" alt=\"IMAGE: RSS Feed\" /></a>\r\n        <a href=\"index.php?m=careers&p=showAll\" onmouseover=\"buttonMouseOver(\'showAllJobs\',true);\" onmouseout=\"buttonMouseOver(\'showAllJobs\',false);\"><img src=\"images/careers_show.gif\" id=\"showAllJobs\" alt=\"IMAGE: Show All Jobs\" /></a>\r\n    </div>'),(4772,'Copy of CATS 2.0',1,'Content - Main','<div id=\"careerContent\">\r\n        <registeredCandidate>\r\n        <h1>Available Openings at <siteName></h1>\r\n        <div id=\"descriptive\">\r\n               <p>Change your life today by becoming an integral part of our winning team.</p>\r\n               <p>If you are interested, we invite you to view the <a href=\"index.php?m=careers&p=showAll\">current opening positions</a> at our company.</p><br /><br /><registeredLoginTitle><h1 style=\"padding:0;margin:0;border:0\">Have you applied with us before?</h1></registeredLoginTitle><registeredLogin>\r\n        </div>\r\n        <div id=\"detailsTools\">\r\n        	<h2>Perform an action:</h2>\r\n        	<ul>\r\n                    <li><a href=\"\">Visit our website</a></li>\r\n                </ul>\r\n        </div>\r\n</div>'),(4773,'Copy of CATS 2.0',1,'CSS','table.sortable\r\n{\r\ntext-align:left;\r\nempty-cells: show;\r\nwidth: 940px;\r\n}\r\ntd\r\n{\r\npadding:5px;\r\n}\r\ntr.rowHeading\r\n{\r\n background: #e0e0e0; border: 1px solid #cccccc; border-left: none; border-right: none;\r\n}\r\ntr.oddTableRow\r\n{\r\nbackground: #ebebeb; \r\n}\r\ntr.evenTableRow\r\n{\r\n background: #ffffff; \r\n}\r\na.sortheader:hover,\r\na.sortheader:link,\r\na.sortheader:visited\r\n{\r\ncolor:#000;\r\n}\r\n\r\nbody, html { margin: 0; padding: 0; background: #ffffff; font: normal 12px/14px Arial, Helvetica, sans-serif; color: #000000; }\r\n#container { margin: 0 auto; padding: 0; width: 940px; height: auto; }\r\n#logo { float: left; margin: 0; }\r\n	#logo img { width: 424px; height: 103px; }\r\n#actions { float: right; margin: 0; width: 310px; height: 100px; background: #efefef; border: 1px solid #cccccc; }\r\n	#actions img { float: left; margin: 2px 6px 2px 15px; width: 130px; height: 25px; }\r\n#footer { clear: both; margin: 20px auto 0 auto; width: 150px; }\r\n	#footer img { width: 137px; height: 38px; }\r\n\r\na:link, a:active { color: #1763b9; }\r\na:hover { color: #c75a01; }\r\na:visited { color: #333333; }\r\nimg { border: none; }\r\n\r\nh1 { margin: 0 0 10px 0; font: bold 18px Arial, Helvetica, sans-serif; }\r\nh2 { margin: 8px 0 8px 15px; font: bold 14px Arial, Helvetica, sans-serif; }\r\nh3 { margin: 0; font: bold 14px Arial, Helvetica, sans-serif; }\r\np { font: normal 12px Arial, Helvetica, sans-serif; }\r\np.instructions { margin: 0 0 0 10px; font: italic 12px Arial, Helvetica, sans-serif; color: #666666; }\r\n\r\n\r\n/* CONTENTS ON PAGE SPECS */\r\n#careerContent { clear: both; padding: 15px 0 0 0; }\r\n\r\n	\r\n/* DISPLAY JOB DETAILS */\r\n#detailsTable { width: 400px; }\r\n	#detailsTable td.detailsHeader { width: 30%; }\r\ndiv#descriptive { float: left; width: 585px; }\r\ndiv#detailsTools { float: right; padding: 0 0 8px 0; width: 280px; background: #ffffff; border: 1px solid #cccccc; }\r\n	div#detailsTools img { margin: 2px 6px 5px 15px;  }\r\n\r\n/* DISPLAY APPLICATION FORM */\r\ndiv.applyBoxLeft, div.applyBoxRight { width: 450px; height: 470px; background: #f9f9f9; border: 1px solid #cccccc; border-top: none; }\r\ndiv.applyBoxLeft { float: left; margin: 0 10px 0 0; }\r\ndiv.applyBoxRight { float: right; margin: 0 0 0 10px; }\r\n	div.applyBoxLeft div, div.applyBoxRight div { margin: 0 0 5px 0; padding: 3px 10px; background: #efefef; border-top: 1px solid #cccccc; border-bottom: 1px solid #cccccc; }\r\n	div.applyBoxLeft table, div.applyBoxRight table { margin: 0 auto; width: 420px; }\r\n	div.applyBoxLeft table td, div.applyBoxRight table td { padding: 3px; vertical-align: top; }\r\n		td.label { text-align: right; width: 110px; }\r\n        form#applyToJobForm {  }\r\n	form#applyToJobForm label { font-weight: bold; }\r\n	form#applyToJobForm input.inputBoxName, form#applyToJobForm input.inputBoxNormal { width: 285px; height: 15px; }\r\n        form#applyToJobForm input.submitButton { width: 197px; height: 27px; background: url(\'images/careers_submit.gif\') no-repeat; }\r\n\r\n        form#applyToJobForm input.submitButtonDown { width: 197px; height: 27px; background: url(\'images/careers_submit-o.gif\') no-repeat; }\r\n	form#applyToJobForm textarea { margin: 8px 0 0 0; width: 410px; height: 170px; }\r\n	form#applyToJobForm textarea.inputBoxArea{ width: 285px; height: 70px; }\r\n\r\n'),(4774,'Copy of CATS 2.0',1,'Content - Search Results','<div id=\"careerContent\">\r\n        <registeredCandidate>\r\n        <h1>Current Available Openings, Recently Posted Jobs: <numberOfSearchResults></h1>\r\n<searchResultsTable>\r\n    </div>'),(4775,'Copy of CATS 2.0',1,'Content - Questionnaire','<div id=\"careerContent\">\r\n<questionnaire>\r\n<br /><br />\r\n<div style=\"text-align: right;\">\r\n<submit value=\"Continue\">\r\n</div>\r\n</div>'),(4776,'Copy of CATS 2.0',1,'Content - Job Details','<div id=\"careerContent\">\r\n        <registeredCandidate>\r\n        <h1>Position Details: <title></h1>\r\n        <table id=\"detailsTable\">\r\n            <tr>\r\n                <td class=\"detailsHeader\"><strong>Location:</strong></td>\r\n                <td><city>, <state></td>\r\n			</tr>\r\n			<tr>\r\n                <td class=\"detailsHeader\"><strong>Openings:</strong></td>\r\n                <td><openings></td>\r\n			</tr>\r\n            <tr>\r\n                <td class=\"detailsHeader\"><strong>Salary Range:</strong></td>\r\n                <td><salary></td>\r\n            </tr>\r\n        </table>\r\n        <div id=\"descriptive\">\r\n            <p><strong>Description:</strong></p>\r\n            <description>\r\n		</div>\r\n        <div id=\"detailsTools\">\r\n        	<h2>Perform an action:</h2>\r\n        	<a-applyToJob onmouseover=\"buttonMouseOver(\'applyToPosition\',true);\" onmouseout=\"buttonMouseOver(\'applyToPosition\',false);\"><img src=\"images/careers_apply.gif\" id=\"applyToPosition\" alt=\"IMAGE: Apply to Position\" /></a>\r\n        </div>\r\n    </div>'),(4777,'Copy of CATS 2.0',1,'Content - Thanks for your Submission','<div id=\"careerContent\">\r\n            <h1>Application Submitted For: <title></h1>\r\n            <div id=\"descriptive\">\r\n                <p>Please check your email inbox &#8212; You should receive an email confirmation of your application.</p>\r\n                <p>Thank you for submitting your application to us. We will review it shortly and make contact with you soon.</p>\r\n                </div>\r\n			<div id=\"detailsTools\">\r\n                <h2>Perform an action:</h2>\r\n                <ul>\r\n                	<li><a href=\"\">Visit our website</a></li>\r\n		</ul>\r\n        	</div>\r\n    </div>'),(4778,'Copy of CATS 2.0',1,'Content - Apply for Position','<div id=\"careerContent\">\r\n        <h1>Applying to: <title></h1>\r\n        <div class=\"applyBoxLeft\">\r\n            <div><h3>1. Import Resume (or CV) and Populate Fields</h3></div>\r\n            <table>\r\n                <tr>\r\n                    <td>\r\n                      \r\n                    <input-resumeUploadPreview>\r\n                    </td>\r\n                </tr>\r\n            </table>\r\n            <br />\r\n\r\n            <div><h3>2. Tell us about yourself</h3></div>\r\n            <p class=\"instructions\">All fields marked with asterisk (*) are required.</p>\r\n            <table>\r\n                <tr>\r\n                    <td class=\"label\"><label id=\"firstNameLabel\" for=\"firstName\">*First Name:</label></td>\r\n                    <td><input-firstName></td>\r\n                </tr>\r\n                <tr>\r\n                    <td class=\"label\"><label id=\"lastNameLabel\" for=\"lastName\">*Last Name:</label></td>\r\n                    <td><input-lastName></td>\r\n                </tr>\r\n                <tr>\r\n                    <td class=\"label\"><label id=\"emailLabel\" for=\"email\">*Email Adddress:</label></td>\r\n                    <td><input-email></td>\r\n                </tr>\r\n                <tr>\r\n                    <td class=\"label\"><label id=\"emailConfirmLabel\" for=\"emailconfirm\">*Confirm Email:</label></td>\r\n                    <td><input-emailconfirm></td>\r\n                </tr>\r\n            </table>\r\n        </div>\r\n       \r\n        <div class=\"applyBoxRight\">\r\n            <div><h3>3. How may we contact you?</h3></div>\r\n            <table>\r\n                <tr>\r\n                    <td class=\"label\"><label id=\"homePhoneLabel\" for=\"homePhone\">Home Phone:</label></td>\r\n                    <td><input-phone-home></td>\r\n                </tr>\r\n                <tr>\r\n                    <td class=\"label\"><label id=\"mobilePhoneLabel\" for=\"mobilePhone\">Mobile Phone:</label></td>\r\n                    <td><input-phone-cell></td>\r\n                </tr>\r\n                <tr>\r\n                    <td class=\"label\"><label id=\"workPhoneLabel\" for=\"workPhone\">Work Phone:</label></td>\r\n                    <td><input-phone></td>\r\n                </tr>\r\n                <tr>\r\n                    <td class=\"label\"><label id=\"bestTimeLabel\" for=\"bestTime\">*Best time to call:</label></td>\r\n                    <td><input-best-time-to-call></td>\r\n                </tr>\r\n                <tr>\r\n                    <td class=\"label\"><label id=\"mailingAddressLabel\" for=\"mailingAddress\">Mailing Address:</label></td>\r\n                    <td><input-address></td>\r\n                </tr>\r\n                <tr>\r\n                    <td class=\"label\"><label id=\"cityProvinceLabel\" for=\"cityProvince\">*City/Province:</label></td>\r\n                    <td><input-city></td>\r\n                </tr>\r\n                <tr>\r\n                    <td class=\"label\"><label id=\"stateCountryLabel\" for=\"stateCountry\">*State/Country:</label></td>\r\n                    <td><input-state></td>\r\n                </tr>\r\n                <tr>\r\n                    <td class=\"label\"><label id=\"zipPostalLabel\" for=\"zipPostal\">*Zip/Postal Code:</label></td>\r\n                    <td><input-zip></td>\r\n                </tr>\r\n            </table>\r\n            <br />\r\n            <div><h3>4. Additional Information</h3></div>\r\n            <table>\r\n                <tr>\r\n                    <td class=\"label\"><label id=\"keySkillsLabel\" for=\"keySkills\">*Key Skills:</label></td>\r\n                    <td><input-keySkills></td>\r\n                </tr>\r\n                <tr>\r\n                    <td>&nbsp;</td>\r\n                    <td><img src=\"images/careers_submit.gif\" onmouseover=\"buttonMouseOver(\'submitApplicationNow\',true)\" onmouseout=\"buttonMouseOver(\'submitApplicationNow\',false)\" style=\"cursor: pointer;\" id=\"submitApplicationNow\" alt=\"Submit Application Now\" onclick=\"if (applyValidate()) { document.applyToJobForm.submit(); }\" /></td>\r\n                </tr>\r\n            </table>\r\n               </div>\r\n    </div>'),(4779,'Copy of CATS 2.0',1,'Content - Candidate Registration','<div id=\"careerContent\">\r\n    <h1><applyContent>Applying to <title></applyContent></h1>\r\n    <center>\r\n    <table cellpadding=\"0\" cellspacing=\"0\">\r\n        <tr>\r\n            <td><label id=\"emailLabel\" for=\"email\"><h2>Enter your e-mail address:</h2></label></td>\r\n            <td><input-email></td>\r\n        </tr>\r\n        <tr>\r\n            <td align=\"right\" valign=\"top\"><input-new></td>\r\n            <td style=\"line-height: 18px;\">\r\n                <applyContent>\r\n                <strong>I have not registered on this website.</strong><br />\r\n                (I haven\'t applied to any jobs online)\r\n                </applyContent>\r\n            </td>\r\n        </tr>\r\n        <tr>\r\n            <td align=\"right\" valign=\"top\"><input-registered></td>\r\n            <td style=\"line-height: 20px;\">\r\n                <strong>I have registered before</strong><br />\r\n                and my last name is:<br />\r\n                <input-lastName><br />\r\n                and my zip code is:<br />\r\n                <input-zip><br /><br />\r\n                <input-rememberMe> Remember my information for future visits<br /><br />\r\n                <input-submit><br /><br />\r\n            </td>\r\n        </tr>\r\n    </table>\r\n    </center>\r\n</div>\r\n'),(4780,'Copy of CATS 2.0',1,'Content - Candidate Profile','<div id=\"careerContent\">    <h1 style=\"padding: 0; margin: 0; border: 0;\">My Profile</h1><h3 style=\"font-weight: normal;\">Any changes you make to your profile will be updated on our website for all    past and future jobs you apply for.</h3>    <br />    <div class=\"applyBoxLeft\">        <div><h3>1. Tell us about yourself</h3></div>        <p class=\"instructions\">All fields marked with asterisk (*) are required.</p>        <table>            <tr>                <td class=\"label\"><label id=\"firstNameLabel\" for=\"firstName\">*First Name:</label></td>                <td><input-firstName></td>            </tr>            <tr>                <td class=\"label\"><label id=\"lastNameLabel\" for=\"lastName\">*Last Name:</label></td>                <td><input-lastName></td>            </tr>            <tr>                <td class=\"label\"><label id=\"emailLabel\" for=\"email\">*Email Adddress:</label></td>                <td><input-email1></td>            </tr>            <tr>                <td colspan=\"2\">                    <input-resume>                </td>            </tr>        </table>    </div>    <div class=\"applyBoxRight\">        <div><h3>2. How may we contact you?</h3></div>        <table>            <tr>                <td class=\"label\"><label id=\"homePhoneLabel\" for=\"homePhone\">Home Phone:</label></td>                <td><input-phoneHome></td>            </tr>            <tr>                <td class=\"label\"><label id=\"mobilePhoneLabel\" for=\"mobilePhone\">Mobile Phone:</label></td>                <td><input-phoneCell></td>            </tr>            <tr>                <td class=\"label\"><label id=\"workPhoneLabel\" for=\"workPhone\">Work Phone:</label></td>                <td><input-phoneWork></td>            </tr>            <tr>                <td class=\"label\"><label id=\"bestTimeLabel\" for=\"bestTime\">*Best time to call:</label></td>                <td><input-bestTimeToCall></td>            </tr>            <tr>                <td class=\"label\"><label id=\"mailingAddressLabel\" for=\"mailingAddress\">Mailing Address:</label></td>                <td><input-address></td>            </tr>            <tr>                <td class=\"label\"><label id=\"cityProvinceLabel\" for=\"cityProvince\">*City/Province:</label></td>                <td><input-city></td>            </tr>            <tr>                <td class=\"label\"><label id=\"stateCountryLabel\" for=\"stateCountry\">*State/Country:</label></td>                <td><input-state></td>            </tr>            <tr>                <td class=\"label\"><label id=\"zipPostalLabel\" for=\"zipPostal\">*Zip/Postal Code:</label></td>                <td><input-zip></td>            </tr>        </table>        <br />        <div><h3>3. Additional Information</h3></div>        <table>            <tr>                <td class=\"label\"><label id=\"keySkillsLabel\" for=\"keySkills\">*Key Skills:</label></td>                <td><input-keySkills></td>            </tr>            <tr>                <td>&nbsp;</td>                <td style=\"padding-top: 40px;\"><input-submit></td>            </tr>        </table>    </div></div>'),(5210,'Herofin Careers',1,'Content - Job Details','<div id=\"careerContent\">\r\n        <registeredCandidate>\r\n<div class=\"container1 jobDetailDiv\">\r\n<div id=\"logo\"><img src=\"https://herofincorp.myjoining.in/assets/images/hero_fincorp-logo.png\" alt=\"IMAGE: Herofin Applicant Tracking System Careers Page\" /></div>\r\n<div class=\"jobDesc\">\r\n             <div class=\"location\"><city>, <state></div>\r\n            <h3><title></h3>\r\n            <p><description></p>\r\n            <div class=\"CareerBtns\">\r\n                      	<a-applyToJob onmouseover=\"buttonMouseOver(\'applyToPosition\',true);\" onmouseout=\"buttonMouseOver(\'applyToPosition\',false);\">Apply to Position</a>\r\n\r\n            </div>\r\n          </div>\r\n</div>'),(5213,'Herofin Careers',1,'Content - Apply for Position','<div id=\"careerContent\">\r\n    <div class=\"container1\">\r\n<div id=\"logo\"><img src=\"https://herofincorp.myjoining.in/assets/images/hero_fincorp-logo.png\" alt=\"IMAGE: Herofin Applicant Tracking System Careers Page\" /></div>\r\n            <div class=\"generalAppContainer jobDesc\">\r\n                <div class=\"heading\">\r\n                   <h1>General Application</h1>\r\n                </div>\r\n                <div class=\"form\">\r\n                    <ul>\r\n                       <li><div class=\"left\">Import Resume (or CV) and Populate Fields</div>\r\n                            <div class=\"right\">\r\n                                <div class=\"txtboxFull upload-sec\">\r\n                                   <input-resumeUploadPreview>\r\n                                </div>\r\n                            </div>\r\n                        </li>\r\n                        <li>\r\n                            <div class=\"left\">*Applicant Name</div>\r\n                            <div class=\"right\">\r\n                                <div class=\"txtboxSmall\">\r\n                                    <input-firstName>\r\n                                </div>\r\n                                <div class=\"txtboxSmall\">\r\n                                    <input-middleName>\r\n                                </div>\r\n                                <div class=\"txtboxSmall\">\r\n                                    <input-lastName>\r\n                                </div>\r\n                            </div>\r\n                            <div class=\"clearfix\"></div>\r\n                        </li>\r\n                        <li>\r\n                            <div class=\"left\">*Email Adddress:</div>\r\n                            <div class=\"right\">\r\n                                <div class=\"txtboxFull\"> <input-email></div>\r\n                            </div>\r\n                        </li>\r\n                        <li>\r\n                            <div class=\"left\">*Confirm Email:</div>\r\n                            <div class=\"right\">\r\n                                <div class=\"txtboxFull\"><input-emailconfirm></div>\r\n                            </div>\r\n                        </li>\r\n                        <li>\r\n                            <div class=\"left\">*Pan Number:</div>\r\n                            <div class=\"right\">\r\n                                <div class=\"txtboxFull\"><input id=\"panNumber\" name=\"pan_number\" placeholder=\"Pan Number\"></div>\r\n                            </div>\r\n                        </li>\r\n                        <li>\r\n                            <div class=\"left\">Date of Birth:</div>\r\n                            <div class=\"right\">\r\n                                <div class=\"txtboxFull\"><input type=\"date\" id=\"birthday\" name=\"birthday\"></div>\r\n                            </div>\r\n                        </li>\r\n                        <li>\r\n                            <div class=\"left\">Total Years Of Experience:</div>\r\n                            <div class=\"right\">\r\n                                <div class=\"txtboxFull\"><input-extraField-Years+Of+exp></div>\r\n                            </div>\r\n                        </li>\r\n                        <li>\r\n                            <div class=\"left\">Name of Current Employer:</div>\r\n                            <div class=\"right\">\r\n                                <div class=\"txtboxFull\"><input-employer></div>\r\n                            </div>\r\n                        </li>\r\n                        <li>\r\n                            <div class=\"left\">Current CTC:</div>\r\n                            <div class=\"right\">\r\n                                <div class=\"txtboxFull\"><input-extraField-Current+CTC></div>\r\n                            </div>\r\n                        </li>\r\n                        <li>\r\n                            <div class=\"left\">Open to relocation (Y/N):</div>\r\n                            <div class=\"right\">\r\n                                <div class=\"txtboxFull\"><input-extraField-Open+to+relocate></div>\r\n                            </div>\r\n                        </li>\r\n                        <li>\r\n                            <div class=\"left\">How Did You Come Across This Job Opportunity?:</div>\r\n                            <div class=\"right\">\r\n                                <div class=\"txtboxFull\">\r\n                                    <select name=\"\" id=\"jobopportunityLabel\">\r\n                                        <option value=\"LinkedIn\">LinkedIn</option>\r\n                                        <option value=\"Job Portal\">Job Portal</option>\r\n                                        <option value=\"Company HR\">Company HR</option>\r\n                                        <option value=\"Job Consultant\">Job Consultant</option>\r\n                                        <option value=\"Colleague from the past company\">Colleague from the past company\r\n                                        </option>\r\n                                    </select>\r\n                                </div>\r\n                            </div>\r\n                        </li>\r\n                        <li>\r\n                            <div class=\"left\">How May We Contact You?</div>\r\n                            <div class=\"right\">\r\n                                <div class=\"txtboxFull\">\r\n                                    <input-phone>\r\n                                </div>\r\n                            </div>\r\n                            <div class=\"clearfix\"></div>\r\n                        </li>\r\n                        <li>\r\n                            <div class=\"left\">Best time to call:</div>\r\n                            <div class=\"right\">\r\n                                <div class=\"txtboxFull\"><input-best-time-to-call></div>\r\n                            </div>\r\n                        </li>\r\n                        <li>\r\n                            <div class=\"left\">*Mailing Address:</div>\r\n                            <div class=\"right\">\r\n                                <div class=\"txtboxFull\"><input-address></div>\r\n                            </div>\r\n                        </li>\r\n                        <li>\r\n                            <div class=\"left\">*City/Province</div>\r\n                            <div class=\"right\">\r\n                                <div class=\"txtboxFull\"><input-city></div>\r\n                            </div>\r\n                        </li>\r\n                        <li>\r\n                            <div class=\"left\">*State/Country:</div>\r\n                            <div class=\"right\">\r\n                                <div class=\"txtboxFull\"><input-state></div>\r\n                            </div>\r\n                        </li>\r\n                        <li>\r\n                            <div class=\"left\">Zip/Postal Code:</div>\r\n                            <div class=\"right\">\r\n                                <div class=\"txtboxFull\"><input-zip></div>\r\n                            </div>\r\n                        </li>\r\n                        <li>\r\n                            <div class=\"left\">Key Skills:</div>\r\n                            <div class=\"right\">\r\n                                <div class=\"txtboxFull\"><input-keySkills></div>\r\n                            </div>\r\n                        </li>\r\n                    </ul>\r\n                </div>\r\n                <div class=\"CareerBtns text-center\">\r\n                    <a onmouseover=\"buttonMouseOver(\'submitApplicationNow\',true)\" onmouseout=\"buttonMouseOver(\'submitApplicationNow\',false)\" style=\"cursor: pointer;\" id=\"submitApplicationNow\" alt=\"Submit Application Now\" onclick=\"if (applyValidate()) { document.applyToJobForm.submit(); }\" > Submit Application Now</a>\r\n                </div>        \r\n        </div>\r\n    </div></div>'),(5211,'Herofin Careers',1,'Content - Candidate Registration','<div id=\"careerContent\"><div class=\"container1\">\r\n<div id=\"logo\"><img src=\"https://herofincorp.myjoining.in/assets/images/hero_fincorp-logo.png\" alt=\"IMAGE: Herofin Applicant Tracking System Careers Page\" /></div>\r\n<div class=\"jobDesc\">\r\n    <h3><applyContent>Applying to <title></applyContent></h3>\r\n     <table cellpadding=\"0\" cellspacing=\"0\">\r\n        <tr>\r\n            <td><label id=\"emailLabel\" for=\"email\"><h2>Enter your e-mail address:</h2></label></td>\r\n            <td><input-email></td>\r\n        </tr>\r\n     </table>\r\n    \r\n    <table cellpadding=\"0\" cellspacing=\"0\" class=\"table-wrap\" id=\"registerTable\">        \r\n        <tr>\r\n            <td align=\"right\" valign=\"top\"><input-new></td>\r\n            <td style=\"line-height: 18px;\">\r\n                <applyContent>\r\n                <strong>I have not registered on this website.</strong><br />\r\n                (I haven\'t applied to any jobs online)\r\n                </applyContent>\r\n            </td>\r\n        </tr>\r\n        <tr>\r\n            <td align=\"right\" valign=\"top\"><input-registered></td>\r\n            <td style=\"line-height: 20px;\">\r\n                <strong>I have registered before</strong><br />\r\n                and my last name is:<br />\r\n                <input-lastName><br />\r\n                and my zip code is:<br />\r\n                <input-zip><br /><br />\r\n                <input-rememberMe> Remember my information for future visits<br /><br />\r\n                <input-submit><br /><br />\r\n            </td>\r\n        </tr>\r\n    </table>\r\n</div></div></div>'),(5215,'Herofin Careers',1,'Content - Thanks for your Submission','<div id=\"careerContent\">\r\n   <div class=\"container1\">\r\n     <div id=\"logo\"><img src=\"https://herofincorp.myjoining.in/assets/images/hero_fincorp-logo.png\" alt=\"IMAGE: Herofin Applicant Tracking System Careers Page\" /></div>\r\n     <div class=\"jobDesc\">\r\n            <h1 class=\"submission-title\">Application Submitted For: <title></h1>\r\n            <div id=\"descriptive\">\r\n                <p>Please check your email inbox &#8212; You should receive an email confirmation of your application.</p>\r\n                <p>Thank you for submitting your application to us. We will review it shortly and make contact with you soon.</p>\r\n                </div>\r\n			<div id=\"detailsTools\">\r\n                <h2>Perform an action:</h2>\r\n                <ul>\r\n                	<li><a href=\"\">Visit our website</a></li>\r\n		</ul>\r\n        	</div>\r\n        </div>\r\n    </div>\r\n</div>'),(5214,'Herofin Careers',1,'Content - Questionnaire','<div id=\"careerContent\">\r\n <div class=\"container1\">\r\n     <div id=\"logo\"><img src=\"https://herofincorp.myjoining.in/assets/images/hero_fincorp-logo.png\" alt=\"IMAGE: Herofin Applicant Tracking System Careers Page\" /></div>\r\n     <div class=\"jobDesc\">\r\n      <questionnaire>\r\n     <br /><br />\r\n     <div style=\"text-align: center;\">\r\n       <submit value=\"Continue\">\r\n     </div>\r\n    </div>\r\n  </div>\r\n</div>');

--
-- Table structure for table `company`
--

CREATE TABLE `company` (
  `company_id` int(11) NOT NULL AUTO_INCREMENT,
  `site_id` int(11) NOT NULL DEFAULT '0',
  `billing_contact` int(11) DEFAULT NULL,
  `name` varchar(64) COLLATE utf8_unicode_ci NOT NULL DEFAULT '',
  `address` text COLLATE utf8_unicode_ci,
  `city` varchar(64) COLLATE utf8_unicode_ci DEFAULT NULL,
  `state` varchar(64) COLLATE utf8_unicode_ci DEFAULT NULL,
  `zip` varchar(16) COLLATE utf8_unicode_ci DEFAULT NULL,
  `phone1` varchar(40) COLLATE utf8_unicode_ci DEFAULT NULL,
  `phone2` varchar(40) COLLATE utf8_unicode_ci DEFAULT NULL,
  `url` varchar(128) COLLATE utf8_unicode_ci DEFAULT NULL,
  `key_technologies` text COLLATE utf8_unicode_ci,
  `notes` text COLLATE utf8_unicode_ci,
  `entered_by` int(11) DEFAULT NULL,
  `owner` int(11) DEFAULT NULL,
  `date_created` datetime NOT NULL DEFAULT '1000-01-01 00:00:00',
  `date_modified` datetime NOT NULL DEFAULT '1000-01-01 00:00:00',
  `is_hot` int(1) DEFAULT NULL,
  `fax_number` varchar(40) COLLATE utf8_unicode_ci DEFAULT NULL,
  `import_id` int(11) DEFAULT NULL,
  `default_company` int(1) NOT NULL DEFAULT '0',
  PRIMARY KEY (`company_id`),
  KEY `IDX_site_id` (`site_id`),
  KEY `IDX_name` (`name`),
  KEY `IDX_key_technologies` (`key_technologies`(255)),
  KEY `IDX_entered_by` (`entered_by`),
  KEY `IDX_owner` (`owner`),
  KEY `IDX_date_created` (`date_created`),
  KEY `IDX_date_modified` (`date_modified`),
  KEY `IDX_is_hot` (`is_hot`)
) ENGINE=MyISAM AUTO_INCREMENT=4 DEFAULT CHARSET=utf8 COLLATE=utf8_unicode_ci;

--
-- Dumping data for table `company`
--

INSERT INTO `company` VALUES (1,1,-1,'Internal Postings','Delhi','Delhi','Delhi','41414','352532352','525325323523','http://herofincorp.com/','','',0,-1,'2009-11-19 10:00:20','2022-11-03 04:33:52',0,'32523525',NULL,1),(2,1,NULL,'Herofin','Delhi','Delhi','Delhi','5667788','878-999-9999','98980880808','http://herofincorp.in/','','',1,1,'2022-10-05 15:30:33','2022-10-05 15:30:33',0,'58758875875',NULL,0),(3,1,-1,'External Hiring','','Delhi','Delhi','23344','','','','','',1251,1251,'2022-11-22 11:59:08','2022-12-02 07:43:16',1,'',NULL,0);

--
-- Table structure for table `company_department`
--

CREATE TABLE `company_department` (
  `company_department_id` int(11) NOT NULL AUTO_INCREMENT,
  `name` varchar(128) COLLATE utf8_unicode_ci DEFAULT NULL,
  `company_id` int(11) NOT NULL,
  `site_id` int(11) NOT NULL DEFAULT '0',
  `date_created` datetime NOT NULL DEFAULT '1000-01-01 00:00:00',
  `created_by` int(11) DEFAULT NULL,
  PRIMARY KEY (`company_department_id`)
) ENGINE=MyISAM AUTO_INCREMENT=15 DEFAULT CHARSET=utf8 COLLATE=utf8_unicode_ci;

--
-- Dumping data for table `company_department`
--

INSERT INTO `company_department` VALUES (1,'Accounts',2,1,'2022-10-05 15:30:33',NULL),(2,'Admin',2,1,'2022-10-05 15:30:33',NULL),(3,'Consulting',2,1,'2022-10-05 15:30:33',NULL),(4,'HR',2,1,'2022-10-05 15:30:33',NULL),(5,'IT',2,1,'2022-10-05 15:30:33',NULL),(6,'HrOPs',2,1,'2022-10-05 15:33:19',NULL),(7,'Accounts',1,1,'2022-11-03 04:33:52',NULL),(8,'Admin',1,1,'2022-11-03 04:33:52',NULL),(9,'Finance',1,1,'2022-11-03 04:33:52',NULL),(10,'HR',1,1,'2022-11-03 04:33:52',NULL),(11,'IT',1,1,'2022-11-03 04:33:52',NULL),(12,'Transport',1,1,'2022-11-03 04:33:52',NULL),(13,'HR',3,1,'2022-11-22 12:02:26',NULL),(14,'IT',3,1,'2022-11-22 12:02:26',NULL);

--
-- Table structure for table `contact`
--

CREATE TABLE `contact` (
  `contact_id` int(11) NOT NULL AUTO_INCREMENT,
  `company_id` int(11) NOT NULL,
  `site_id` int(11) NOT NULL DEFAULT '0',
  `last_name` varchar(64) COLLATE utf8_unicode_ci NOT NULL DEFAULT '',
  `first_name` varchar(64) COLLATE utf8_unicode_ci NOT NULL DEFAULT '',
  `title` varchar(128) COLLATE utf8_unicode_ci DEFAULT NULL,
  `email1` varchar(128) COLLATE utf8_unicode_ci DEFAULT NULL,
  `email2` varchar(128) COLLATE utf8_unicode_ci DEFAULT NULL,
  `phone_work` varchar(40) COLLATE utf8_unicode_ci DEFAULT NULL,
  `phone_cell` varchar(40) COLLATE utf8_unicode_ci DEFAULT NULL,
  `phone_other` varchar(40) COLLATE utf8_unicode_ci DEFAULT NULL,
  `address` text COLLATE utf8_unicode_ci,
  `city` varchar(64) COLLATE utf8_unicode_ci DEFAULT NULL,
  `state` varchar(64) COLLATE utf8_unicode_ci DEFAULT NULL,
  `zip` varchar(16) COLLATE utf8_unicode_ci DEFAULT NULL,
  `is_hot` int(1) DEFAULT NULL,
  `notes` text COLLATE utf8_unicode_ci,
  `entered_by` int(11) NOT NULL DEFAULT '0',
  `owner` int(11) DEFAULT NULL,
  `date_created` datetime NOT NULL DEFAULT '1000-01-01 00:00:00',
  `date_modified` datetime NOT NULL DEFAULT '1000-01-01 00:00:00',
  `left_company` int(1) NOT NULL DEFAULT '0',
  `import_id` int(11) NOT NULL DEFAULT '0',
  `company_department_id` int(11) NOT NULL,
  `reports_to` int(11) DEFAULT '-1',
  `is_consultant` tinyint(4) DEFAULT '0',
  PRIMARY KEY (`contact_id`),
  KEY `IDX_site_id` (`site_id`),
  KEY `IDX_first_name` (`first_name`),
  KEY `IDX_last_name` (`last_name`),
  KEY `IDX_client_id` (`company_id`),
  KEY ` IDX_title` (`title`),
  KEY `IDX_owner` (`owner`),
  KEY `IDX_date_created` (`date_created`),
  KEY `IDX_date_modified` (`date_modified`)
) ENGINE=MyISAM AUTO_INCREMENT=7 DEFAULT CHARSET=utf8 COLLATE=utf8_unicode_ci;

--
-- Dumping data for table `contact`
--

INSERT INTO `contact` VALUES (1,2,1,'Misra','Parul','HROps','parul.misra@orane.in','parul.misra@orane.in','','','','Delhi','Delhi','Delhi','5667788',0,'',1,1251,'2022-10-05 15:33:19','2022-10-27 12:14:12',0,0,6,0,0),(2,2,1,'Singh','Rohan','HrOps','parul.misra@orane.in','parul.misra@orane.in','','','','Delhi','Delhi','Delhi','5667788',0,'',1,1,'2022-10-05 15:33:53','2023-01-09 09:41:02',0,0,6,0,1),(3,2,1,'Dharm','Dharm','HR','rohan.singh@orane.in','','325-235-2362','','','Delhi','Delhi','Delhi','5667788',0,'This section is in the edit contact details',1,1251,'2022-10-05 15:34:15','2022-11-30 07:00:17',0,0,4,0,0),(4,2,1,'Rawat','Vijay','Vijay','parul.misra@gmail.com','parul.misra@gmail.com','886-868-6868','','','Delhi','Bangalore','Bangalore','352523',0,'',1251,1251,'2023-01-06 17:06:18','2023-01-06 17:06:18',0,0,0,-1,1),(5,2,1,'Kumar','Shivam','Consultant-Naukri','parul.misra@orane.in','','','','','Delhi','Delhi','Delhi','5667788',0,'',1251,1251,'2023-01-09 11:45:46','2023-01-09 11:45:46',0,0,0,-1,1),(6,2,1,'Purohit','Chandra','Consultant-North','chandra.purohit@herofincorp.com','','','','','Delhi','Delhi','Delhi','5667788',0,'',1251,1251,'2023-01-10 11:41:56','2023-02-20 11:43:31',0,0,0,3,1);

--
-- Table structure for table `data_item_type`
--

CREATE TABLE `data_item_type` (
  `data_item_type_id` int(11) NOT NULL DEFAULT '0',
  `short_description` varchar(32) COLLATE utf8_unicode_ci NOT NULL DEFAULT '',
  PRIMARY KEY (`data_item_type_id`),
  KEY `IDX_short_description` (`short_description`)
) ENGINE=MyISAM DEFAULT CHARSET=utf8 COLLATE=utf8_unicode_ci;

--
-- Dumping data for table `data_item_type`
--

INSERT INTO `data_item_type` VALUES (100,'Candidate'),(200,'Company'),(300,'Contact'),(400,'Job Order');

--
-- Table structure for table `eeo_ethnic_type`
--

CREATE TABLE `eeo_ethnic_type` (
  `eeo_ethnic_type_id` int(11) NOT NULL AUTO_INCREMENT,
  `type` varchar(128) NOT NULL DEFAULT '',
  PRIMARY KEY (`eeo_ethnic_type_id`)
) ENGINE=MyISAM AUTO_INCREMENT=6 DEFAULT CHARSET=utf8;

--
-- Dumping data for table `eeo_ethnic_type`
--

INSERT INTO `eeo_ethnic_type` VALUES (1,'American Indian'),(2,'Asian or Pacific Islander'),(3,'Hispanic or Latino'),(4,'Non-Hispanic Black'),(5,'Non-Hispanic White');

--
-- Table structure for table `eeo_veteran_type`
--

CREATE TABLE `eeo_veteran_type` (
  `eeo_veteran_type_id` int(11) NOT NULL AUTO_INCREMENT,
  `type` varchar(128) NOT NULL DEFAULT '',
  PRIMARY KEY (`eeo_veteran_type_id`)
) ENGINE=MyISAM AUTO_INCREMENT=5 DEFAULT CHARSET=utf8;

--
-- Dumping data for table `eeo_veteran_type`
--

INSERT INTO `eeo_veteran_type` VALUES (1,'No Veteran Status'),(2,'Eligible Veteran'),(3,'Disabled Veteran'),(4,'Eligible and Disabled');

--
-- Table structure for table `email_history`
--

CREATE TABLE `email_history` (
  `email_history_id` int(11) NOT NULL AUTO_INCREMENT,
  `from_address` varchar(128) COLLATE utf8_unicode_ci NOT NULL DEFAULT '',
  `recipients` text COLLATE utf8_unicode_ci NOT NULL,
  `text` text COLLATE utf8_unicode_ci,
  `user_id` int(11) DEFAULT NULL,
  `site_id` int(11) NOT NULL DEFAULT '0',
  `date` datetime DEFAULT NULL,
  PRIMARY KEY (`email_history_id`),
  KEY `IDX_site_id` (`site_id`),
  KEY `IDX_date` (`date`),
  KEY `IDX_user_id` (`user_id`)
) ENGINE=MyISAM AUTO_INCREMENT=366 DEFAULT CHARSET=utf8 COLLATE=utf8_unicode_ci;

--
-- Dumping data for table `email_history`
--

INSERT INTO `email_history` VALUES (1,'parul.misra@gmail.com','mayurvm001@gmail.com','Subject: CATS Test E-Mail\n\nMessage:\nThis is a CATS test e-mail in HTML format.\\n<br />\\n<br /><span style=\\\"font-size: 10pt;\\\">Powered by <a href=\\\"http://www.opencats.org\" alt=\\\"OpenCATS \"\n                    . \"Applicant Tracking System\\\">OpenCATS</a> (Free ATS)</span>',1,1,'2022-10-07 09:56:19'),(2,'mayurmhetre001@gmail.com','mayurvm001@gmail.com','Subject: CATS Test E-Mail\n\nMessage:\nThis is a CATS test e-mail in HTML format.\\n<br />\\n<br /><span style=\\\"font-size: 10pt;\\\">Powered by <a href=\\\"http://www.opencats.org\" alt=\\\"OpenCATS \"\n                    . \"Applicant Tracking System\\\">OpenCATS</a> (Free ATS)</span>',1,1,'2022-10-07 09:58:11'),(3,'mayurmhetre001@gmail.com','mayurvm001@gmail.com','Subject: CATS Test E-Mail\n\nMessage:\nThis is a CATS test e-mail in HTML format.\\n<br />\\n<br /><span style=\\\"font-size: 10pt;\\\">Powered by <a href=\\\"http://www.opencats.org\" alt=\\\"OpenCATS \"\n                    . \"Applicant Tracking System\\\">OpenCATS</a> (Free ATS)</span>',1,1,'2022-10-07 09:58:12'),(4,'parul.misra@gmail.com','mayurrmhetre001@gamil.com','Subject: CATS Test E-Mail\n\nMessage:\nThis is a CATS test e-mail in HTML format.\\n<br />\\n<br /><span style=\\\"font-size: 10pt;\\\">Powered by <a href=\\\"http://www.opencats.org\" alt=\\\"OpenCATS \"\n                    . \"Applicant Tracking System\\\">OpenCATS</a> (Free ATS)</span>',1,1,'2022-10-07 09:58:52'),(5,'mayurvm001@gmail.com','mayurmhetre001@gmail.com','Subject: CATS Test E-Mail\n\nMessage:\nThis is a CATS test e-mail in HTML format.\\n<br />\\n<br /><span style=\\\"font-size: 10pt;\\\">Powered by <a href=\\\"http://www.opencats.org\" alt=\\\"OpenCATS \"\n                    . \"Applicant Tracking System\\\">OpenCATS</a> (Free ATS)</span>',1,1,'2022-10-07 10:00:28'),(6,'mayurvm001@gmail.com','parul.misra@gmail.com','Subject: CATS Test E-Mail\n\nMessage:\nThis is a CATS test e-mail in HTML format.\\n<br />\\n<br /><span style=\\\"font-size: 10pt;\\\">Powered by <a href=\\\"http://www.opencats.org\" alt=\\\"OpenCATS \"\n                    . \"Applicant Tracking System\\\">OpenCATS</a> (Free ATS)</span>',1,1,'2022-10-07 10:01:02'),(7,'parul.misra@gmail.com','mayurvm001@gmail.com','Subject: CATS Test E-Mail\n\nMessage:\nThis is a CATS test e-mail in HTML format.\\n<br />\\n<br /><span style=\\\"font-size: 10pt;\\\">Powered by <a href=\\\"http://www.opencats.org\" alt=\\\"OpenCATS \"\n                    . \"Applicant Tracking System\\\">OpenCATS</a> (Free ATS)</span>',1,1,'2022-10-07 10:02:03'),(8,'parul.misra@gmail.com','mayurvm001@gmail.com','Subject: CATS Test E-Mail\n\nMessage:\nThis is a CATS test e-mail in HTML format.\\n<br />\\n<br /><span style=\\\"font-size: 10pt;\\\">Powered by <a href=\\\"http://www.opencats.org\" alt=\\\"OpenCATS \"\n                    . \"Applicant Tracking System\\\">OpenCATS</a> (Free ATS)</span>',1,1,'2022-10-07 10:02:24'),(9,'parul.misra@gmail.com','mayurvm001@gmail.com','Subject: CATS Test E-Mail\n\nMessage:\nThis is a CATS test e-mail in HTML format.\\n<br />\\n<br /><span style=\\\"font-size: 10pt;\\\">Powered by <a href=\\\"http://www.opencats.org\" alt=\\\"OpenCATS \"\n                    . \"Applicant Tracking System\\\">OpenCATS</a> (Free ATS)</span>',1,1,'2022-10-07 10:13:35'),(10,'parul.misra@gmail.com','mayur.mhetre@orane.in','Subject: CATS Test E-Mail\n\nMessage:\nThis is a CATS test e-mail in HTML format.\\n<br />\\n<br /><span style=\\\"font-size: 10pt;\\\">Powered by <a href=\\\"http://www.opencats.org\" alt=\\\"OpenCATS \"\n                    . \"Applicant Tracking System\\\">OpenCATS</a> (Free ATS)</span>',1,1,'2022-10-07 10:15:10'),(11,'mayurvm001@gmail.com','mayur.mhetre@orane.in','Subject: CATS Test E-Mail\n\nMessage:\nThis is a CATS test e-mail in HTML format.\\n<br />\\n<br /><span style=\\\"font-size: 10pt;\\\">Powered by <a href=\\\"http://www.opencats.org\" alt=\\\"OpenCATS \"\n                    . \"Applicant Tracking System\\\">OpenCATS</a> (Free ATS)</span>',1,1,'2022-10-07 10:16:07'),(12,'mayurmhetre001@gmail.com ','mayurvm001@gmail.com','Subject: CATS Test E-Mail\n\nMessage:\nThis is a CATS test e-mail in HTML format.\\n<br />\\n<br /><span style=\\\"font-size: 10pt;\\\">Powered by <a href=\\\"http://www.opencats.org\" alt=\\\"OpenCATS \"\n                    . \"Applicant Tracking System\\\">OpenCATS</a> (Free ATS)</span>',1,1,'2022-10-07 10:17:02'),(13,'mayurmhetre001@gmail.com','mayurvm001@gmail.com','Subject: CATS Test E-Mail\n\nMessage:\nThis is a CATS test e-mail in HTML format.\\n<br />\\n<br /><span style=\\\"font-size: 10pt;\\\">Powered by <a href=\\\"http://www.opencats.org\" alt=\\\"OpenCATS \"\n                    . \"Applicant Tracking System\\\">OpenCATS</a> (Free ATS)</span>',1,1,'2022-10-07 10:18:34'),(14,'mayurmhetre@gmail.com','mayurvm001@gmail.com','Subject: CATS Test E-Mail\n\nMessage:\nThis is a CATS test e-mail in HTML format.\\n<br />\\n<br /><span style=\\\"font-size: 10pt;\\\">Powered by <a href=\\\"http://www.opencats.org\" alt=\\\"OpenCATS \"\n                    . \"Applicant Tracking System\\\">OpenCATS</a> (Free ATS)</span>',1,1,'2022-10-07 10:36:35'),(15,'parul.misra@gmail.com','mayurvm001@gmail.com','Subject: CATS Test E-Mail\n\nMessage:\nThis is a CATS test e-mail in HTML format.\\n<br />\\n<br /><span style=\\\"font-size: 10pt;\\\">Powered by <a href=\\\"http://www.opencats.org\" alt=\\\"OpenCATS \"\n                    . \"Applicant Tracking System\\\">OpenCATS</a> (Free ATS)</span>',1,1,'2022-10-07 10:38:18'),(16,'mayurmhetre@gmai.com','mayurvm001@gmail.com','Subject: CATS Test E-Mail\n\nMessage:\nThis is a CATS test e-mail in HTML format.\\n<br />\\n<br /><span style=\\\"font-size: 10pt;\\\">Powered by <a href=\\\"http://www.opencats.org\" alt=\\\"OpenCATS \"\n                    . \"Applicant Tracking System\\\">OpenCATS</a> (Free ATS)</span>',1,1,'2022-10-07 10:39:51'),(17,'mayurmhetre001@gmail.com','mayurvm001@gmail.com','Subject: CATS Test E-Mail\n\nMessage:\nThis is a CATS test e-mail in HTML format.\\n<br />\\n<br /><span style=\\\"font-size: 10pt;\\\">Powered by <a href=\\\"http://www.opencats.org\" alt=\\\"OpenCATS \"\n                    . \"Applicant Tracking System\\\">OpenCATS</a> (Free ATS)</span>',1,1,'2022-10-07 10:40:38'),(18,'mayurvm001@gmail.com','mayurmhetre001@gmail.com','Subject: CATS Test E-Mail\n\nMessage:\nThis is a CATS test e-mail in HTML format.\\n<br />\\n<br /><span style=\\\"font-size: 10pt;\\\">Powered by <a href=\\\"http://www.opencats.org\" alt=\\\"OpenCATS \"\n                    . \"Applicant Tracking System\\\">OpenCATS</a> (Free ATS)</span>',1,1,'2022-10-07 10:41:40'),(19,'parul.misra@gmail.com','mayurvm001@gmail.com','Subject: CATS Test E-Mail\n\nMessage:\nThis is a CATS test e-mail in HTML format.\\n<br />\\n<br /><span style=\\\"font-size: 10pt;\\\">Powered by <a href=\\\"http://www.opencats.org\" alt=\\\"OpenCATS \"\n                    . \"Applicant Tracking System\\\">OpenCATS</a> (Free ATS)</span>',1,1,'2022-10-07 11:55:05'),(20,'parul.misra@gmail.com','parul.misra@gmail.com','Subject: CATS Notification: Candidate Ownership Change\n\nMessage:\nparul.misra@gmail.com\\n<br />\\n<br /><span style=\\\"font-size: 10pt;\\\">Powered by <a href=\\\"http://www.opencats.org\" alt=\\\"OpenCATS \"\n                    . \"Applicant Tracking System\\\">OpenCATS</a> (Free ATS)</span>',1,1,'2022-10-10 00:39:05'),(21,'parul.misra@gmail.com','parul.misra@gmail.com','Subject: Thank You for Your Application\n\nMessage:\n* This is an auto-generated message. Please do not reply. *\r\n10-10-22 12:39 AM\r\n\r\nDear Bhola Mishra,\r\n\r\nThank you for applying to the Assistant Manager position with our online career portal! Your application has been entered into our system and someone will review it shortly.\r\n\r\n--\r\nHerofin\\n<br />\\n<br /><span style=\\\"font-size: 10pt;\\\">Powered by <a href=\\\"http://www.opencats.org\" alt=\\\"OpenCATS \"\n                    . \"Applicant Tracking System\\\">OpenCATS</a> (Free ATS)</span>',1250,1,'2022-10-10 00:39:05'),(22,'parul.misra@gmail.com','parul.misra@orane.in','Subject: CATS - A Candidate Has Applied to Your Job Order\n\nMessage:\n10-10-22 12:39 AM\r\n\r\nDear Parul Misra,\r\n\r\nThis e-mail is a notification that a candidate has applied to your job order through the online candidate portal.\r\n\r\nJob Order: Assistant Manager\r\nCandidate Name: Bhola Mishra\r\nCandidate URL: <a href=\"http://103.107.67.13:8081/opencats/index.php?m=candidates&amp;a=show&amp;candidateID=4\">http://103.107.67.13:8081/opencats/index.php?m=candidates&amp;a=show&amp;candidateID=4</a>\r\nJob Order URL: <a href=\"http://103.107.67.13:8081/opencats/index.php?m=joborders&amp;a=show&amp;jobOrderID=3\">http://103.107.67.13:8081/opencats/index.php?m=joborders&amp;a=show&amp;jobOrderID=3</a>\r\n\r\n--\r\nCATS\r\nHerofin\\n<br />\\n<br /><span style=\\\"font-size: 10pt;\\\">Powered by <a href=\\\"http://www.opencats.org\" alt=\\\"OpenCATS \"\n                    . \"Applicant Tracking System\\\">OpenCATS</a> (Free ATS)</span>',1250,1,'2022-10-10 00:39:05'),(23,'parul.misra@gmail.com','vineet@nbh.com','Subject: CATS Notification: Candidate Ownership Change\n\nMessage:\nvineet@nbh.com\\n<br />\\n<br /><span style=\\\"font-size: 10pt;\\\">Powered by <a href=\\\"http://www.opencats.org\" alt=\\\"OpenCATS \"\n                    . \"Applicant Tracking System\\\">OpenCATS</a> (Free ATS)</span>',1,1,'2022-10-10 00:43:21'),(24,'parul.misra@gmail.com','parul.misra@orane.in','Subject: Thank You for Your Application\n\nMessage:\n* This is an auto-generated message. Please do not reply. *\r\n10-10-22 12:43 AM\r\n\r\nDear Ashish Kumar,\r\n\r\nThank you for applying to the Assistant Manager position with our online career portal! Your application has been entered into our system and someone will review it shortly.\r\n\r\n--\r\nHerofin\\n<br />\\n<br /><span style=\\\"font-size: 10pt;\\\">Powered by <a href=\\\"http://www.opencats.org\" alt=\\\"OpenCATS \"\n                    . \"Applicant Tracking System\\\">OpenCATS</a> (Free ATS)</span>',1250,1,'2022-10-10 00:43:21'),(25,'parul.misra@gmail.com','parul.misra@orane.in','Subject: CATS - A Candidate Has Applied to Your Job Order\n\nMessage:\n10-10-22 12:43 AM\r\n\r\nDear Parul Misra,\r\n\r\nThis e-mail is a notification that a candidate has applied to your job order through the online candidate portal.\r\n\r\nJob Order: Assistant Manager\r\nCandidate Name: Ashish Kumar\r\nCandidate URL: <a href=\"http://103.107.67.13:8081/opencats/index.php?m=candidates&amp;a=show&amp;candidateID=2\">http://103.107.67.13:8081/opencats/index.php?m=candidates&amp;a=show&amp;candidateID=2</a>\r\nJob Order URL: <a href=\"http://103.107.67.13:8081/opencats/index.php?m=joborders&amp;a=show&amp;jobOrderID=3\">http://103.107.67.13:8081/opencats/index.php?m=joborders&amp;a=show&amp;jobOrderID=3</a>\r\n\r\n--\r\nCATS\r\nHerofin\\n<br />\\n<br /><span style=\\\"font-size: 10pt;\\\">Powered by <a href=\\\"http://www.opencats.org\" alt=\\\"OpenCATS \"\n                    . \"Applicant Tracking System\\\">OpenCATS</a> (Free ATS)</span>',1250,1,'2022-10-10 00:43:21'),(26,'parul.misra@gmail.com','Bhola@ounk.com','Subject: CATS Notification: Candidate Ownership Change\n\nMessage:\nBhola@ounk.com\\n<br />\\n<br /><span style=\\\"font-size: 10pt;\\\">Powered by <a href=\\\"http://www.opencats.org\" alt=\\\"OpenCATS \"\n                    . \"Applicant Tracking System\\\">OpenCATS</a> (Free ATS)</span>',1,1,'2022-10-10 00:45:24'),(27,'parul.misra@gmail.com','Bhola@ounk.com','Subject: Thank You for Your Application\n\nMessage:\n* This is an auto-generated message. Please do not reply. *\r\n10-10-22 12:45 AM\r\n\r\nDear Bhola Ounk,\r\n\r\nThank you for applying to the Assistant Manager position with our online career portal! Your application has been entered into our system and someone will review it shortly.\r\n\r\n--\r\nHerofin\\n<br />\\n<br /><span style=\\\"font-size: 10pt;\\\">Powered by <a href=\\\"http://www.opencats.org\" alt=\\\"OpenCATS \"\n                    . \"Applicant Tracking System\\\">OpenCATS</a> (Free ATS)</span>',1250,1,'2022-10-10 00:45:24'),(28,'parul.misra@gmail.com','parul.misra@orane.in','Subject: CATS - A Candidate Has Applied to Your Job Order\n\nMessage:\n10-10-22 12:45 AM\r\n\r\nDear Parul Misra,\r\n\r\nThis e-mail is a notification that a candidate has applied to your job order through the online candidate portal.\r\n\r\nJob Order: Assistant Manager\r\nCandidate Name: Bhola Ounk\r\nCandidate URL: <a href=\"http://103.107.67.13:8081/opencats/index.php?m=candidates&amp;a=show&amp;candidateID=6\">http://103.107.67.13:8081/opencats/index.php?m=candidates&amp;a=show&amp;candidateID=6</a>\r\nJob Order URL: <a href=\"http://103.107.67.13:8081/opencats/index.php?m=joborders&amp;a=show&amp;jobOrderID=3\">http://103.107.67.13:8081/opencats/index.php?m=joborders&amp;a=show&amp;jobOrderID=3</a>\r\n\r\n--\r\nCATS\r\nHerofin\\n<br />\\n<br /><span style=\\\"font-size: 10pt;\\\">Powered by <a href=\\\"http://www.opencats.org\" alt=\\\"OpenCATS \"\n                    . \"Applicant Tracking System\\\">OpenCATS</a> (Free ATS)</span>',1250,1,'2022-10-10 00:45:24'),(29,'admin@testdomain.com','parul.misra@flick2know.com','Subject: Selected\n\nMessage:\n<p>Congratulations.</p><p>&nbsp;</p><p>You have been selected</p>',1,180,'2022-10-10 00:47:11'),(30,'admin@testdomain.com','parul.misra@xvdtc.com','Subject: Selected\n\nMessage:\n<p>Congratulations.</p><p>&nbsp;</p><p>You have been selected</p>',1,180,'2022-10-10 00:47:11'),(31,'admin@testdomain.com','Bhola@ounk.com','Subject: Selected\n\nMessage:\n<p>Congratulations.</p><p>&nbsp;</p><p>You have been selected</p>',1,180,'2022-10-10 00:47:11'),(32,'parul.misra@gmail.com','parul.misra@orane.in','Subject: CATS Test E-Mail\n\nMessage:\nThis is a CATS test e-mail in HTML format.\\n<br />\\n<br /><span style=\\\"font-size: 10pt;\\\">Powered by <a href=\\\"http://www.opencats.org\" alt=\\\"OpenCATS \"\n                    . \"Applicant Tracking System\\\">OpenCATS</a> (Free ATS)</span>',1,1,'2022-10-10 00:48:23'),(33,'parul.misra@gmail.com','parul.misra@gmail.com','Subject: CATS Test E-Mail\n\nMessage:\nThis is a CATS test e-mail in HTML format.\\n<br />\\n<br /><span style=\\\"font-size: 10pt;\\\">Powered by <a href=\\\"http://www.opencats.org\" alt=\\\"OpenCATS \"\n                    . \"Applicant Tracking System\\\">OpenCATS</a> (Free ATS)</span>',1,1,'2022-10-10 00:51:27'),(34,'parul.misra@gmail.com','parul.misra@gmail.com','Subject: CATS Test E-Mail\n\nMessage:\nThis is a CATS test e-mail in HTML format.\\n<br />\\n<br /><span style=\\\"font-size: 10pt;\\\">Powered by <a href=\\\"http://www.opencats.org\" alt=\\\"OpenCATS \"\n                    . \"Applicant Tracking System\\\">OpenCATS</a> (Free ATS)</span>',1,1,'2022-10-10 00:51:28'),(35,'parul.misra@gmail.com','Bhola@ounk.com','Subject: Job Application Status Change\n\nMessage:\n* Auto generated message. Please DO NOT reply *\r\n10-10-22 12:54 AM\r\n\r\nDear Bhola Ounk,\r\n\r\nThis E-Mail is a notification that your status in our database has been changed for the position Assistant Manager (Herofin).\r\n\r\nYour previous status was <B>No Contact</B>.\r\nYour new status is <B>Offered</B>.\r\n\r\nTake care,\r\nCATS Administrator\r\nHerofin\\n<br />\\n<br /><span style=\\\"font-size: 10pt;\\\">Powered by <a href=\\\"http://www.opencats.org\" alt=\\\"OpenCATS \"\n                    . \"Applicant Tracking System\\\">OpenCATS</a> (Free ATS)</span>',1,1,'2022-10-10 00:55:43'),(36,'parul.misra@gmail.com','parul.misra@gmail.com','Subject: Job Application Status Change\n\nMessage:\n* Auto generated message. Please DO NOT reply *\r\n10-10-22 12:58 AM\r\n\r\nDear vignesh Kumar,\r\n\r\nThis E-Mail is a notification that your status in our database has been changed for the position Assistant Manager (Herofin).\r\n\r\nYour previous status was <B>No Contact</B>.\r\nYour new status is <B>Placed</B>.\r\n\r\nTake care,\r\nCATS Administrator\r\nHerofin\\n<br />\\n<br /><span style=\\\"font-size: 10pt;\\\">Powered by <a href=\\\"http://www.opencats.org\" alt=\\\"OpenCATS \"\n                    . \"Applicant Tracking System\\\">OpenCATS</a> (Free ATS)</span>',1,1,'2022-10-10 00:59:09'),(37,'parul.misra@gmail.com','parul.misra@xvdtc.com','Subject: Job Application Status Change\n\nMessage:\n* Auto generated message. Please DO NOT reply *\r\n10-10-22 12:59 AM\r\n\r\nDear Anjaneya vara Inavolu,\r\n\r\nThis E-Mail is a notification that your status in our database has been changed for the position Assistant Manager (Herofin).\r\n\r\nYour previous status was <B>No Contact</B>.\r\nYour new status is <B>Interviewing</B>.\r\n\r\nTake care,\r\nCATS Administrator\r\nHerofin\\n<br />\\n<br /><span style=\\\"font-size: 10pt;\\\">Powered by <a href=\\\"http://www.opencats.org\" alt=\\\"OpenCATS \"\n                    . \"Applicant Tracking System\\\">OpenCATS</a> (Free ATS)</span>',1,1,'2022-10-10 01:00:01'),(38,'parul.misra@gmail.com','nitesh@gmail.com','Subject: CATS Notification: Candidate Ownership Change\n\nMessage:\nnitesh@gmail.com\\n<br />\\n<br /><span style=\\\"font-size: 10pt;\\\">Powered by <a href=\\\"http://www.opencats.org\" alt=\\\"OpenCATS \"\n                    . \"Applicant Tracking System\\\">OpenCATS</a> (Free ATS)</span>',1,1,'2022-10-10 01:04:43'),(39,'parul.misra@gmail.com','nitesh@gmail.com','Subject: Thank You for Your Application\n\nMessage:\n* This is an auto-generated message. Please do not reply. *\r\n10-10-22 1:04 AM\r\n\r\nDear Nitesh Singh,\r\n\r\nThank you for applying to the Assistant Manager position with our online career portal! Your application has been entered into our system and someone will review it shortly.\r\n\r\n--\r\nHerofin\\n<br />\\n<br /><span style=\\\"font-size: 10pt;\\\">Powered by <a href=\\\"http://www.opencats.org\" alt=\\\"OpenCATS \"\n                    . \"Applicant Tracking System\\\">OpenCATS</a> (Free ATS)</span>',1250,1,'2022-10-10 01:04:43'),(40,'parul.misra@gmail.com','parul.misra@orane.in','Subject: CATS - A Candidate Has Applied to Your Job Order\n\nMessage:\n10-10-22 1:04 AM\r\n\r\nDear Parul Misra,\r\n\r\nThis e-mail is a notification that a candidate has applied to your job order through the online candidate portal.\r\n\r\nJob Order: Assistant Manager\r\nCandidate Name: Nitesh Singh\r\nCandidate URL: <a href=\"http://103.107.67.13:8081/opencats/index.php?m=candidates&amp;a=show&amp;candidateID=7\">http://103.107.67.13:8081/opencats/index.php?m=candidates&amp;a=show&amp;candidateID=7</a>\r\nJob Order URL: <a href=\"http://103.107.67.13:8081/opencats/index.php?m=joborders&amp;a=show&amp;jobOrderID=3\">http://103.107.67.13:8081/opencats/index.php?m=joborders&amp;a=show&amp;jobOrderID=3</a>\r\n\r\n--\r\nCATS\r\nHerofin\\n<br />\\n<br /><span style=\\\"font-size: 10pt;\\\">Powered by <a href=\\\"http://www.opencats.org\" alt=\\\"OpenCATS \"\n                    . \"Applicant Tracking System\\\">OpenCATS</a> (Free ATS)</span>',1250,1,'2022-10-10 01:04:43'),(41,'parul.misra@gmail.com','nitesh@gmail.com','Subject: Job Application Status Change\n\nMessage:\n* Auto generated message. Please DO NOT reply *\r\n10-10-22 1:05 AM\r\n\r\nDear Nitesh Singh,\r\n\r\nThis E-Mail is a notification that your status in our database has been changed for the position Assistant Manager (Herofin).\r\n\r\nYour previous status was <B>No Contact</B>.\r\nYour new status is <B>Qualifying</B>.\r\n\r\nTake care,\r\nCATS Administrator\r\nHerofin\\n<br />\\n<br /><span style=\\\"font-size: 10pt;\\\">Powered by <a href=\\\"http://www.opencats.org\" alt=\\\"OpenCATS \"\n                    . \"Applicant Tracking System\\\">OpenCATS</a> (Free ATS)</span>',1,1,'2022-10-10 01:05:25'),(42,'parul.misra@gmail.com','mayurmhetre001@gmail.com','Subject: CATS Test E-Mail\n\nMessage:\nThis is a CATS test e-mail in HTML format.\\n<br />\\n<br /><span style=\\\"font-size: 10pt;\\\">Powered by <a href=\\\"http://www.opencats.org\" alt=\\\"OpenCATS \"\n                    . \"Applicant Tracking System\\\">OpenCATS</a> (Free ATS)</span>',1,1,'2022-10-10 03:38:55'),(43,'admin@testdomain.com','parul.misra@flick2know.com','Subject: test\n\nMessage:\n<p>afsfas</p>',1,180,'2022-10-10 03:50:46'),(44,'parul.misra@gmail.com','mayurvm001@gmail.com','Subject: CATS Test E-Mail\n\nMessage:\nThis is a CATS test e-mail in HTML format.\\n<br />\\n<br /><span style=\\\"font-size: 10pt;\\\">Powered by <a href=\\\"http://www.opencats.org\" alt=\\\"OpenCATS \"\n                    . \"Applicant Tracking System\\\">OpenCATS</a> (Free ATS)</span>',1,1,'2022-10-10 03:56:17'),(45,'parul.misra@gmail.com','mayurvm001@gmail.com','Subject: CATS Test E-Mail\n\nMessage:\nThis is a CATS test e-mail in HTML format.\\n<br />\\n<br /><span style=\\\"font-size: 10pt;\\\">Powered by <a href=\\\"http://www.opencats.org\" alt=\\\"OpenCATS \"\n                    . \"Applicant Tracking System\\\">OpenCATS</a> (Free ATS)</span>',1,1,'2022-10-10 05:11:35'),(46,'parul.misra@gmail.com','mayurvm001@gmail.com','Subject: CATS Test E-Mail\n\nMessage:\nThis is a CATS test e-mail in HTML format.\\n<br />\\n<br /><span style=\\\"font-size: 10pt;\\\">Powered by <a href=\\\"http://www.opencats.org\" alt=\\\"OpenCATS \"\n                    . \"Applicant Tracking System\\\">OpenCATS</a> (Free ATS)</span>',1,1,'2022-10-10 05:31:45'),(47,'parul.misra@gmail.com','mayurvm001@gmail.com','Subject: CATS Test E-Mail\n\nMessage:\nThis is a CATS test e-mail in HTML format.\\n<br />\\n<br /><span style=\\\"font-size: 10pt;\\\">Powered by <a href=\\\"http://www.opencats.org\" alt=\\\"OpenCATS \"\n                    . \"Applicant Tracking System\\\">OpenCATS</a> (Free ATS)</span>',1,1,'2022-10-10 06:14:20'),(48,'parul.misra@gmail.com','mayurvm001@gmail.com','Subject: CATS Test E-Mail\n\nMessage:\nThis is a CATS test e-mail in HTML format.\\n<br />\\n<br /><span style=\\\"font-size: 10pt;\\\">Powered by <a href=\\\"http://www.opencats.org\" alt=\\\"OpenCATS \"\n                    . \"Applicant Tracking System\\\">OpenCATS</a> (Free ATS)</span>',1,1,'2022-10-10 06:17:52'),(49,'parul.misra@gmail.com','mayurvm001@gmail.com','Subject: CATS Test E-Mail\n\nMessage:\nThis is a CATS test e-mail in HTML format.\\n<br />\\n<br /><span style=\\\"font-size: 10pt;\\\">Powered by <a href=\\\"http://www.opencats.org\" alt=\\\"OpenCATS \"\n                    . \"Applicant Tracking System\\\">OpenCATS</a> (Free ATS)</span>',1,1,'2022-10-10 06:19:48'),(50,'parul.misra@gmail.com','mayurvm001@gmail.com','Subject: CATS Test E-Mail\n\nMessage:\nThis is a CATS test e-mail in HTML format.\\n<br />\\n<br /><span style=\\\"font-size: 10pt;\\\">Powered by <a href=\\\"http://www.opencats.org\" alt=\\\"OpenCATS \"\n                    . \"Applicant Tracking System\\\">OpenCATS</a> (Free ATS)</span>',1,1,'2022-10-10 06:20:16'),(51,'parul.misra@gmail.com','mayurvm001@gmail.com','Subject: CATS Test E-Mail\n\nMessage:\nThis is a CATS test e-mail in HTML format.\\n<br />\\n<br /><span style=\\\"font-size: 10pt;\\\">Powered by <a href=\\\"http://www.opencats.org\" alt=\\\"OpenCATS \"\n                    . \"Applicant Tracking System\\\">OpenCATS</a> (Free ATS)</span>',1,1,'2022-10-10 06:27:11'),(52,'parul.misra@gmail.com','parul@bnh.com','Subject: CATS Notification: Candidate Ownership Change\n\nMessage:\nparul@bnh.com\\n<br />\\n<br /><span style=\\\"font-size: 10pt;\\\">Powered by <a href=\\\"http://www.opencats.org\" alt=\\\"OpenCATS \"\n                    . \"Applicant Tracking System\\\">OpenCATS</a> (Free ATS)</span>',1,1,'2022-10-11 05:38:14'),(53,'parul.misra@gmail.com','parul@bnh.com','Subject: Thank You for Your Application\n\nMessage:\n* This is an auto-generated message. Please do not reply. *\r\n11-10-22 5:38 AM\r\n\r\nDear Medha Singh,\r\n\r\nThank you for applying to the Admin position with our online career portal! Your application has been entered into our system and someone will review it shortly.\r\n\r\n--\r\nHerofin\\n<br />\\n<br /><span style=\\\"font-size: 10pt;\\\">Powered by <a href=\\\"http://www.opencats.org\" alt=\\\"OpenCATS \"\n                    . \"Applicant Tracking System\\\">OpenCATS</a> (Free ATS)</span>',1250,1,'2022-10-11 05:38:14'),(54,'parul.misra@gmail.com','parul.misra@orane.in','Subject: CATS - A Candidate Has Applied to Your Job Order\n\nMessage:\n11-10-22 5:38 AM\r\n\r\nDear rohan Singh,\r\n\r\nThis e-mail is a notification that a candidate has applied to your job order through the online candidate portal.\r\n\r\nJob Order: Admin\r\nCandidate Name: Medha Singh\r\nCandidate URL: <a href=\"http://103.107.67.13:8081/opencats/index.php?m=candidates&amp;a=show&amp;candidateID=8\">http://103.107.67.13:8081/opencats/index.php?m=candidates&amp;a=show&amp;candidateID=8</a>\r\nJob Order URL: <a href=\"http://103.107.67.13:8081/opencats/index.php?m=joborders&amp;a=show&amp;jobOrderID=5\">http://103.107.67.13:8081/opencats/index.php?m=joborders&amp;a=show&amp;jobOrderID=5</a>\r\n\r\n--\r\nCATS\r\nHerofin\\n<br />\\n<br /><span style=\\\"font-size: 10pt;\\\">Powered by <a href=\\\"http://www.opencats.org\" alt=\\\"OpenCATS \"\n                    . \"Applicant Tracking System\\\">OpenCATS</a> (Free ATS)</span>',1250,1,'2022-10-11 05:38:14'),(55,'parul.misra@gmail.com','vimal@oim.com','Subject: Job Application Status Change\n\nMessage:\n* Auto generated message. Please DO NOT reply *\r\n11-10-22 5:40 AM\r\n\r\nDear Vimal Kishore,\r\n\r\nThis E-Mail is a notification that your status in our database has been changed for the position Admin (Herofin).\r\n\r\nYour previous status was <B>No Contact</B>.\r\nYour new status is <B>Contacted</B>.\r\n\r\nTake care,\r\nCATS Administrator\r\nHerofin\\n<br />\\n<br /><span style=\\\"font-size: 10pt;\\\">Powered by <a href=\\\"http://www.opencats.org\" alt=\\\"OpenCATS \"\n                    . \"Applicant Tracking System\\\">OpenCATS</a> (Free ATS)</span>',1,1,'2022-10-11 05:40:57'),(56,'parul.misra@gmail.com','parul@bnh.com','Subject: Job Application Status Change\n\nMessage:\n* Auto generated message. Please DO NOT reply *\r\n11-10-22 5:41 AM\r\n\r\nDear Medha Singh,\r\n\r\nThis E-Mail is a notification that your status in our database has been changed for the position Admin (Herofin).\r\n\r\nYour previous status was <B>No Contact</B>.\r\nYour new status is <B>Offered</B>.\r\n\r\nTake care,\r\nCATS Administrator\r\nHerofin\\n<br />\\n<br /><span style=\\\"font-size: 10pt;\\\">Powered by <a href=\\\"http://www.opencats.org\" alt=\\\"OpenCATS \"\n                    . \"Applicant Tracking System\\\">OpenCATS</a> (Free ATS)</span>',1,1,'2022-10-11 05:41:30'),(57,'parul.misra@gmail.com','parul@bnh.com','Subject: Job Application Status Change\n\nMessage:\n* Auto generated message. Please DO NOT reply *\r\n11-10-22 5:41 AM\r\n\r\nDear Medha Singh,\r\n\r\nThis E-Mail is a notification that your status in our database has been changed for the position Admin (Herofin).\r\n\r\nYour previous status was <B>Offered</B>.\r\nYour new status is <B>Placed</B>.\r\n\r\nTake care,\r\nCATS Administrator\r\nHerofin\\n<br />\\n<br /><span style=\\\"font-size: 10pt;\\\">Powered by <a href=\\\"http://www.opencats.org\" alt=\\\"OpenCATS \"\n                    . \"Applicant Tracking System\\\">OpenCATS</a> (Free ATS)</span>',1,1,'2022-10-11 05:42:09'),(58,'parul.misra@gmail.com','parul.misra@gmail.com','Subject: CATS Test E-Mail\n\nMessage:\nThis is a CATS test e-mail in HTML format.\\n<br />\\n<br /><span style=\\\"font-size: 10pt;\\\">Powered by <a href=\\\"http://www.opencats.org\" alt=\\\"OpenCATS \"\n                    . \"Applicant Tracking System\\\">OpenCATS</a> (Free ATS)</span>',1,1,'2022-10-11 05:46:45'),(59,'parul.misra@gmail.com','vineet@nbh.com','Subject: CATS Notification: Candidate Ownership Change\n\nMessage:\nvineet@nbh.com\\n<br />\\n<br /><span style=\\\"font-size: 10pt;\\\">Powered by <a href=\\\"http://www.opencats.org\" alt=\\\"OpenCATS \"\n                    . \"Applicant Tracking System\\\">OpenCATS</a> (Free ATS)</span>',1,1,'2022-10-14 05:10:13'),(60,'parul.misra@gmail.com','parul.misra@orane.in','Subject: Thank You for Your Application\n\nMessage:\n* This is an auto-generated message. Please do not reply. *\r\n14-10-22 5:10 AM\r\n\r\nDear eawr saeaw,\r\n\r\nThank you for applying to the Developer position with our online career portal! Your application has been entered into our system and someone will review it shortly.\r\n\r\n--\r\nHerofin\\n<br />\\n<br /><span style=\\\"font-size: 10pt;\\\">Powered by <a href=\\\"http://www.opencats.org\" alt=\\\"OpenCATS \"\n                    . \"Applicant Tracking System\\\">OpenCATS</a> (Free ATS)</span>',1250,1,'2022-10-14 05:10:13'),(61,'parul.misra@gmail.com','parul.misra@orane.in','Subject: CATS - A Candidate Has Applied to Your Job Order\n\nMessage:\n14-10-22 5:10 AM\r\n\r\nDear Parul Misra,\r\n\r\nThis e-mail is a notification that a candidate has applied to your job order through the online candidate portal.\r\n\r\nJob Order: Developer\r\nCandidate Name: eawr saeaw\r\nCandidate URL: <a href=\"http://103.107.67.13:8081/opencats/index.php?m=candidates&amp;a=show&amp;candidateID=2\">http://103.107.67.13:8081/opencats/index.php?m=candidates&amp;a=show&amp;candidateID=2</a>\r\nJob Order URL: <a href=\"http://103.107.67.13:8081/opencats/index.php?m=joborders&amp;a=show&amp;jobOrderID=7\">http://103.107.67.13:8081/opencats/index.php?m=joborders&amp;a=show&amp;jobOrderID=7</a>\r\n\r\n--\r\nCATS\r\nHerofin\\n<br />\\n<br /><span style=\\\"font-size: 10pt;\\\">Powered by <a href=\\\"http://www.opencats.org\" alt=\\\"OpenCATS \"\n                    . \"Applicant Tracking System\\\">OpenCATS</a> (Free ATS)</span>',1250,1,'2022-10-14 05:10:13'),(62,'parul.misra@gmail.com','parul.misra@flick2know.com','Subject: Job Application Status Change\n\nMessage:\n* Auto generated message. Please DO NOT reply *\r\n14-10-22 5:12 AM\r\n\r\nDear ewe ADad,\r\n\r\nThis E-Mail is a notification that your status in our database has been changed for the position Developer (Herofin).\r\n\r\nYour previous status was <B>No Contact</B>.\r\nYour new status is <B>Interviewing</B>.\r\n\r\nTake care,\r\nCATS Administrator\r\nHerofin\\n<br />\\n<br /><span style=\\\"font-size: 10pt;\\\">Powered by <a href=\\\"http://www.opencats.org\" alt=\\\"OpenCATS \"\n                    . \"Applicant Tracking System\\\">OpenCATS</a> (Free ATS)</span>',1,1,'2022-10-14 05:12:59'),(63,'parul.misra@gmail.com','jugng@kin.com','Subject: CATS Notification: Candidate Ownership Change\n\nMessage:\njugng@kin.com\\n<br />\\n<br /><span style=\\\"font-size: 10pt;\\\">Powered by <a href=\\\"http://www.opencats.org\" alt=\\\"OpenCATS \"\n                    . \"Applicant Tracking System\\\">OpenCATS</a> (Free ATS)</span>',1,1,'2022-10-20 11:03:09'),(64,'parul.misra@gmail.com','jugng@kin.com','Subject: Thank You for Your Application\n\nMessage:\n* This is an auto-generated message. Please do not reply. *\r\n20-10-22 11:03 AM\r\n\r\nDear Kish Singh,\r\n\r\nThank you for applying to the sdasd position with our online career portal! Your application has been entered into our system and someone will review it shortly.\r\n\r\n--\r\nHerofin\\n<br />\\n<br /><span style=\\\"font-size: 10pt;\\\">Powered by <a href=\\\"http://www.opencats.org\" alt=\\\"OpenCATS \"\n                    . \"Applicant Tracking System\\\">OpenCATS</a> (Free ATS)</span>',1250,1,'2022-10-20 11:03:09'),(65,'parul.misra@gmail.com','parul.misra@orane.in','Subject: CATS - A Candidate Has Applied to Your Job Order\n\nMessage:\n20-10-22 11:03 AM\r\n\r\nDear Parul Misra,\r\n\r\nThis e-mail is a notification that a candidate has applied to your job order through the online candidate portal.\r\n\r\nJob Order: sdasd\r\nCandidate Name: Kish Singh\r\nCandidate URL: <a href=\"http://103.107.67.13:8081/opencats/index.php?m=candidates&amp;a=show&amp;candidateID=13\">http://103.107.67.13:8081/opencats/index.php?m=candidates&amp;a=show&amp;candidateID=13</a>\r\nJob Order URL: <a href=\"http://103.107.67.13:8081/opencats/index.php?m=joborders&amp;a=show&amp;jobOrderID=8\">http://103.107.67.13:8081/opencats/index.php?m=joborders&amp;a=show&amp;jobOrderID=8</a>\r\n\r\n--\r\nCATS\r\nHerofin\\n<br />\\n<br /><span style=\\\"font-size: 10pt;\\\">Powered by <a href=\\\"http://www.opencats.org\" alt=\\\"OpenCATS \"\n                    . \"Applicant Tracking System\\\">OpenCATS</a> (Free ATS)</span>',1250,1,'2022-10-20 11:03:09'),(66,'parul.misra@gmail.com','parul.misra@gmail.com','Subject: CATS Test E-Mail\n\nMessage:\nThis is a CATS test e-mail in HTML format.\\n<br />\\n<br /><span style=\\\"font-size: 10pt;\\\">Powered by <a href=\\\"http://www.opencats.org\" alt=\\\"OpenCATS \"\n                    . \"Applicant Tracking System\\\">OpenCATS</a> (Free ATS)</span>',1,1,'2022-10-20 11:50:40'),(67,'parul.misra@gmail.com','mayurvm001@gmail.com','Subject: CATS Test E-Mail\n\nMessage:\nThis is a CATS test e-mail in HTML format.\\n<br />\\n<br /><span style=\\\"font-size: 10pt;\\\">Powered by <a href=\\\"http://www.opencats.org\" alt=\\\"OpenCATS \"\n                    . \"Applicant Tracking System\\\">OpenCATS</a> (Free ATS)</span>',1,1,'2022-10-27 06:46:29'),(68,'mayur.mhetre@orane.in','parul.misra@orane.in','Subject: Test Email\n\nMessage:\n<p>test mail bodyGreetings ewe,<br />\r\nThis is to inform that there is a new opening you could be interested in.<br />\r\nGo to Herofin at earliest to apply for the same.<br />\r\nThanks.<br />\r\nrecruitment team.</p>\\n<br />\\n<br /><span style=\\\"font-size: 10pt;\\\">Powered by <a href=\\\"http://www.opencats.org\" alt=\\\"OpenCATS \"\n                    . \"Applicant Tracking System\\\">OpenCATS</a> (Free ATS)</span>',1,180,'2022-10-27 09:31:51'),(69,'parul.misra@gmail.com','parul.misra@orane.in','Subject: CATS Test E-Mail\n\nMessage:\nThis is a CATS test e-mail in HTML format.\\n<br />\\n<br /><span style=\\\"font-size: 10pt;\\\">Powered by <a href=\\\"http://www.opencats.org\" alt=\\\"OpenCATS \"\n                    . \"Applicant Tracking System\\\">OpenCATS</a> (Free ATS)</span>',1,1,'2022-10-27 09:32:44'),(70,'parul.misra@gmail.com','parul.misra@orane.in','Subject: CATS Notification: Contact Ownership Change\n\nMessage:\n27-10-22 12:14 PM\r\n\r\nDear Parul Misra,\r\n\r\nThis E-Mail is a notification that a Contact has been assigned to you.\r\n\r\nContact Name: Parul Misra\r\nContact Client: Herofin\r\nContact URL: <a href=\"http://103.107.67.13:8081/opencats/index.php?m=contacts&amp;a=show&amp;contactID=1\">http://103.107.67.13:8081/opencats/index.php?m=contacts&amp;a=show&amp;contactID=1</a>\r\n\r\nTake care,\r\nCATS \r\nHerofin\\n<br />\\n<br /><span style=\\\"font-size: 10pt;\\\">Powered by <a href=\\\"http://www.opencats.org\" alt=\\\"OpenCATS \"\n                    . \"Applicant Tracking System\\\">OpenCATS</a> (Free ATS)</span>',1,1,'2022-10-27 12:14:12'),(71,'mayur.mhetre@orane.in','parul.misra@orane.in','Subject: hello\n\nMessage:\n<p>Greetings ewe,<br />\r\nThis is to inform that there is a new opening you could be interested in.<br />\r\nGo to Herofin at earliest to apply for the same.<br />\r\nThanks.<br />\r\nrecruitment team.</p>\\n<br />\\n<br /><span style=\\\"font-size: 10pt;\\\">Powered by <a href=\\\"http://www.opencats.org\" alt=\\\"OpenCATS \"\n                    . \"Applicant Tracking System\\\">OpenCATS</a> (Free ATS)</span>',1251,180,'2022-10-27 12:16:02'),(72,'mayur.mhetre@orane.in','parul.misra@xyz.com','Subject: hello\n\nMessage:\n<p>Greetings Akash,<br />\r\nThis is to inform that there is a new opening you could be interested in.<br />\r\nGo to Herofin at earliest to apply for the same.<br />\r\nThanks.<br />\r\nrecruitment team.</p>\\n<br />\\n<br /><span style=\\\"font-size: 10pt;\\\">Powered by <a href=\\\"http://www.opencats.org\" alt=\\\"OpenCATS \"\n                    . \"Applicant Tracking System\\\">OpenCATS</a> (Free ATS)</span>',1251,180,'2022-10-27 12:16:02'),(73,'parul.misra@gmail.com','parul.misra@orane.in','Subject: CATS Test E-Mail\n\nMessage:\nThis is a CATS test e-mail in HTML format.\\n<br />\\n<br /><span style=\\\"font-size: 10pt;\\\">Powered by <a href=\\\"http://www.opencats.org\" alt=\\\"OpenCATS \"\n                    . \"Applicant Tracking System\\\">OpenCATS</a> (Free ATS)</span>',1251,1,'2022-10-27 12:17:06'),(74,'parul.misra@gmail.com','chandra.purohit@herofincorp.com','Subject: CATS Test E-Mail\n\nMessage:\nThis is a CATS test e-mail in HTML format.\\n<br />\\n<br /><span style=\\\"font-size: 10pt;\\\">Powered by <a href=\\\"http://www.opencats.org\" alt=\\\"OpenCATS \"\n                    . \"Applicant Tracking System\\\">OpenCATS</a> (Free ATS)</span>',1251,1,'2022-10-28 10:48:43'),(75,'parul.misra@gmail.com','hfier@hjg.com','Subject: CATS Notification: Candidate Ownership Change\n\nMessage:\nhfier@hjg.com\\n<br />\\n<br /><span style=\\\"font-size: 10pt;\\\">Powered by <a href=\\\"http://www.opencats.org\" alt=\\\"OpenCATS \"\n                    . \"Applicant Tracking System\\\">OpenCATS</a> (Free ATS)</span>',1251,1,'2022-10-28 10:59:08'),(76,'parul.misra@gmail.com','hfier@hjg.com','Subject: Thank You for Your Application\n\nMessage:\n* This is an auto-generated message. Please do not reply. *\r\n28-10-22 10:59 AM\r\n\r\nDear Akash Karan,\r\n\r\nThank you for applying to the Assistant Consultant position with our online career portal! Your application has been entered into our system and someone will review it shortly.\r\n\r\n--\r\nHerofin\\n<br />\\n<br /><span style=\\\"font-size: 10pt;\\\">Powered by <a href=\\\"http://www.opencats.org\" alt=\\\"OpenCATS \"\n                    . \"Applicant Tracking System\\\">OpenCATS</a> (Free ATS)</span>',1250,1,'2022-10-28 10:59:08'),(77,'parul.misra@gmail.com','parul.misra@orane.in','Subject: CATS - A Candidate Has Applied to Your Job Order\n\nMessage:\n28-10-22 10:59 AM\r\n\r\nDear Parul Misra,\r\n\r\nThis e-mail is a notification that a candidate has applied to your job order through the online candidate portal.\r\n\r\nJob Order: Assistant Consultant\r\nCandidate Name: Akash Karan\r\nCandidate URL: <a href=\"http://103.107.67.13:8081/opencats/index.php?m=candidates&amp;a=show&amp;candidateID=15\">http://103.107.67.13:8081/opencats/index.php?m=candidates&amp;a=show&amp;candidateID=15</a>\r\nJob Order URL: <a href=\"http://103.107.67.13:8081/opencats/index.php?m=joborders&amp;a=show&amp;jobOrderID=10\">http://103.107.67.13:8081/opencats/index.php?m=joborders&amp;a=show&amp;jobOrderID=10</a>\r\n\r\n--\r\nCATS\r\nHerofin\\n<br />\\n<br /><span style=\\\"font-size: 10pt;\\\">Powered by <a href=\\\"http://www.opencats.org\" alt=\\\"OpenCATS \"\n                    . \"Applicant Tracking System\\\">OpenCATS</a> (Free ATS)</span>',1250,1,'2022-10-28 10:59:08'),(78,'parul.misra@gmail.com','hfier@hjg.com','Subject: Job Application Status Change\n\nMessage:\n* Auto generated message. Please DO NOT reply *\r\n28-10-22 11:15 AM\r\n\r\nDear Akash Karan,\r\n\r\nThis E-Mail is a notification that your status in our database has been changed for the position Assistant Consultant (Herofin).\r\n\r\nYour previous status was <B>Application Rejected</B>.\r\nYour new status is <B>Interviewing</B>.\r\n\r\nTake care,\r\nParul Misra\r\nHerofin\\n<br />\\n<br /><span style=\\\"font-size: 10pt;\\\">Powered by <a href=\\\"http://www.opencats.org\" alt=\\\"OpenCATS \"\n                    . \"Applicant Tracking System\\\">OpenCATS</a> (Free ATS)</span>',1251,1,'2022-10-28 11:15:53'),(79,'parul.misra@gmail.com','parul.misra@gmail.com','Subject: CATS Test E-Mail\n\nMessage:\nThis is a CATS test e-mail in HTML format.\\n<br />\\n<br /><span style=\\\"font-size: 10pt;\\\">Powered by <a href=\\\"http://www.opencats.org\" alt=\\\"OpenCATS \"\n                    . \"Applicant Tracking System\\\">OpenCATS</a> (Free ATS)</span>',1,1,'2022-10-31 06:12:45'),(80,'parul.misra@gmail.com','parul.misra@gmail.com','Subject: CATS Test E-Mail\n\nMessage:\nThis is a CATS test e-mail in HTML format.\\n<br />\\n<br /><span style=\\\"font-size: 10pt;\\\">Powered by <a href=\\\"http://www.opencats.org\" alt=\\\"OpenCATS \"\n                    . \"Applicant Tracking System\\\">OpenCATS</a> (Free ATS)</span>',1,1,'2022-10-31 06:12:47'),(81,'parul.misra@orane.in','parul.misra@orane.in','Subject: Notification of Job\n\nMessage:\n<p>Hello Parul ...</p><p>this is test</p>',1251,180,'2022-11-02 16:51:15'),(82,'mayur.mhetre@orane.in','parul.misra@gmail.com','Subject: test mail\n\nMessage:\n<p>Greetings ,<br />\r\nThis is to inform that there is a new opening you could be interested in.<br />\r\nGo to Herofin at earliest to apply for the same.<br />\r\nThanks.<br />\r\nrecruitment team.</p>\\n<br />\\n<br /><span style=\\\"font-size: 10pt;\\\">Powered by <a href=\\\"http://www.opencats.org\" alt=\\\"OpenCATS \"\n                    . \"Applicant Tracking System\\\">OpenCATS</a> (Free ATS)</span>',1251,180,'2022-11-07 07:25:34'),(83,'parul.misra@gmail.com','dsgdsgs@fjh.com','Subject: Thank You for Your Application\n\nMessage:\n* This is an auto-generated message. Please do not reply. *\r\n08-11-22 6:27 AM\r\n\r\nDear Vanada sawant,\r\n\r\nThank you for applying to the Developer position with our online career portal! Your application has been entered into our system and someone will review it shortly.\r\n\r\n--\r\nHerofin\\n<br />\\n<br /><span style=\\\"font-size: 10pt;\\\">Powered by <a href=\\\"http://www.opencats.org\" alt=\\\"OpenCATS \"\n                    . \"Applicant Tracking System\\\">OpenCATS</a> (Free ATS)</span>',1250,1,'2022-11-08 06:27:22'),(84,'parul.misra@gmail.com','parul.misra@orane.in','Subject: CATS - A Candidate Has Applied to Your Job Order\n\nMessage:\n08-11-22 6:27 AM\r\n\r\nDear Parul Misra,\r\n\r\nThis e-mail is a notification that a candidate has applied to your job order through the online candidate portal.\r\n\r\nJob Order: Developer\r\nCandidate Name: Vanada sawant\r\nCandidate URL: <a href=\"http://ats.myjoining.in/index.php?m=candidates&amp;a=show&amp;candidateID=18\">http://ats.myjoining.in/index.php?m=candidates&amp;a=show&amp;candidateID=18</a>\r\nJob Order URL: <a href=\"http://ats.myjoining.in/index.php?m=joborders&amp;a=show&amp;jobOrderID=12\">http://ats.myjoining.in/index.php?m=joborders&amp;a=show&amp;jobOrderID=12</a>\r\n\r\n--\r\nCATS\r\nHerofin\\n<br />\\n<br /><span style=\\\"font-size: 10pt;\\\">Powered by <a href=\\\"http://www.opencats.org\" alt=\\\"OpenCATS \"\n                    . \"Applicant Tracking System\\\">OpenCATS</a> (Free ATS)</span>',1250,1,'2022-11-08 06:27:22'),(85,'mayur.mhetre@orane.in','parul.misra@orane.in','Subject: asd\n\nMessage:\n<p>Greetings ewe,<br />\r\nThis is to inform that there is a new opening you could be interested in.<br />\r\nGo to Herofin at earliest to apply for the same.<br />\r\nThanks.<br />\r\nrecruitment team.</p>\\n<br />\\n<br /><span style=\\\"font-size: 10pt;\\\">Powered by <a href=\\\"http://www.opencats.org\" alt=\\\"OpenCATS \"\n                    . \"Applicant Tracking System\\\">OpenCATS</a> (Free ATS)</span>',1,180,'2022-11-08 08:11:15'),(86,'mayur.mhetre@orane.in','parul.misra@orane.in','Subject: asd\n\nMessage:\n<p>Greetings ewe,<br />\r\nThis is to inform that there is a new opening you could be interested in.<br />\r\nGo to Herofin at earliest to apply for the same.<br />\r\nThanks.<br />\r\nrecruitment team.</p>\\n<br />\\n<br /><span style=\\\"font-size: 10pt;\\\">Powered by <a href=\\\"http://www.opencats.org\" alt=\\\"OpenCATS \"\n                    . \"Applicant Tracking System\\\">OpenCATS</a> (Free ATS)</span>',1,180,'2022-11-08 08:15:29'),(87,'mayur.mhetre@orane.in','parul.misra@orane.in','Subject: asd\n\nMessage:\n<p>Greetings ewe,<br />\r\nThis is to inform that there is a new opening you could be interested in.<br />\r\nGo to Herofin at earliest to apply for the same.<br />\r\nThanks.<br />\r\nrecruitment team.</p>\\n<br />\\n<br /><span style=\\\"font-size: 10pt;\\\">Powered by <a href=\\\"http://www.opencats.org\" alt=\\\"OpenCATS \"\n                    . \"Applicant Tracking System\\\">OpenCATS</a> (Free ATS)</span>',1,180,'2022-11-08 08:15:32'),(88,'mayur.mhetre@orane.in','parishparab@gmail.com','Subject: asdasd\n\nMessage:\n<p>Greetings ,<br />\r\nThis is to inform that there is a new opening you could be interested in.<br />\r\nGo to Herofin at earliest to apply for the same.<br />\r\nThanks.<br />\r\nrecruitment team.</p>\\n<br />\\n<br /><span style=\\\"font-size: 10pt;\\\">Powered by <a href=\\\"http://www.opencats.org\" alt=\\\"OpenCATS \"\n                    . \"Applicant Tracking System\\\">OpenCATS</a> (Free ATS)</span>',1,180,'2022-11-08 08:36:03'),(89,'mayur.mhetre@orane.in','parishparab@gmail.com','Subject: asdasd\n\nMessage:\n<p>Greetings ,<br />\r\nThis is to inform that there is a new opening you could be interested in.<br />\r\nGo to Herofin at earliest to apply for the same.<br />\r\nThanks.<br />\r\nrecruitment team.</p>\\n<br />\\n<br /><span style=\\\"font-size: 10pt;\\\">Powered by <a href=\\\"http://www.opencats.org\" alt=\\\"OpenCATS \"\n                    . \"Applicant Tracking System\\\">OpenCATS</a> (Free ATS)</span>',1,180,'2022-11-08 08:36:58'),(90,'parul.misra@gmail.com','mayurvm001@gmail.com','Subject: CATS Test E-Mail\n\nMessage:\nThis is a CATS test e-mail in HTML format.\\n<br />\\n<br /><span style=\\\"font-size: 10pt;\\\">Powered by <a href=\\\"http://www.opencats.org\" alt=\\\"OpenCATS \"\n                    . \"Applicant Tracking System\\\">OpenCATS</a> (Free ATS)</span>',1,1,'2022-11-08 08:39:38'),(91,'parul.misra@gmail.com','parishparab@gmail.com','Subject: CATS Test E-Mail\n\nMessage:\nThis is a CATS test e-mail in HTML format.\\n<br />\\n<br /><span style=\\\"font-size: 10pt;\\\">Powered by <a href=\\\"http://www.opencats.org\" alt=\\\"OpenCATS \"\n                    . \"Applicant Tracking System\\\">OpenCATS</a> (Free ATS)</span>',1,1,'2022-11-08 08:40:00'),(92,'mayur.mhetre@orane.in','parishparab@gmail.com','Subject: asdasd\n\nMessage:\n<p>Greetings ,<br />\r\nThis is to inform that there is a new opening you could be interested in.<br />\r\nGo to Herofin at earliest to apply for the same.<br />\r\nThanks.<br />\r\nrecruitment team.</p>\\n<br />\\n<br /><span style=\\\"font-size: 10pt;\\\">Powered by <a href=\\\"http://www.opencats.org\" alt=\\\"OpenCATS \"\n                    . \"Applicant Tracking System\\\">OpenCATS</a> (Free ATS)</span>',1,180,'2022-11-08 08:41:58'),(93,'parul.misra@gmail.com','mayurvm001@gmail.com','Subject: CATS Test E-Mail\n\nMessage:\nThis is a CATS test e-mail in HTML format.\\n<br />\\n<br /><span style=\\\"font-size: 10pt;\\\">Powered by <a href=\\\"http://www.opencats.org\" alt=\\\"OpenCATS \"\n                    . \"Applicant Tracking System\\\">OpenCATS</a> (Free ATS)</span>',1,1,'2022-11-08 08:42:05'),(94,'parul.misra@gmail.com','parishparab@gmail.com','Subject: CATS Test E-Mail\n\nMessage:\nThis is a CATS test e-mail in HTML format.\\n<br />\\n<br /><span style=\\\"font-size: 10pt;\\\">Powered by <a href=\\\"http://www.opencats.org\" alt=\\\"OpenCATS \"\n                    . \"Applicant Tracking System\\\">OpenCATS</a> (Free ATS)</span>',1,1,'2022-11-08 08:42:19'),(95,'parul.misra@gmail.com','mayurmhetre001@gmail.com','Subject: CATS Test E-Mail\n\nMessage:\nThis is a CATS test e-mail in HTML format.\\n<br />\\n<br /><span style=\\\"font-size: 10pt;\\\">Powered by <a href=\\\"http://www.opencats.org\" alt=\\\"OpenCATS \"\n                    . \"Applicant Tracking System\\\">OpenCATS</a> (Free ATS)</span>',1,1,'2022-11-08 08:42:47'),(96,'parul.misra@gmail.com','mayurmhetre001@gmail.com','Subject: CATS Test E-Mail\n\nMessage:\nThis is a CATS test e-mail in HTML format.\\n<br />\\n<br /><span style=\\\"font-size: 10pt;\\\">Powered by <a href=\\\"http://www.opencats.org\" alt=\\\"OpenCATS \"\n                    . \"Applicant Tracking System\\\">OpenCATS</a> (Free ATS)</span>',1,1,'2022-11-08 08:43:15'),(97,'parul.misra@gmail.com','tanejak45@gmail.com','Subject: CATS Test E-Mail\n\nMessage:\nThis is a CATS test e-mail in HTML format.\\n<br />\\n<br /><span style=\\\"font-size: 10pt;\\\">Powered by <a href=\\\"http://www.opencats.org\" alt=\\\"OpenCATS \"\n                    . \"Applicant Tracking System\\\">OpenCATS</a> (Free ATS)</span>',1,1,'2022-11-09 07:48:36'),(98,'parul.misra@gmail.com','parishparab@gmail.com','Subject: CATS Test E-Mail\n\nMessage:\nThis is a CATS test e-mail in HTML format.\\n<br />\\n<br /><span style=\\\"font-size: 10pt;\\\">Powered by <a href=\\\"http://www.opencats.org\" alt=\\\"OpenCATS \"\n                    . \"Applicant Tracking System\\\">OpenCATS</a> (Free ATS)</span>',1,1,'2022-11-09 08:54:26'),(99,'parul.misra@myjoining.in','parishparab@gmail.com','Subject: CATS Test E-Mail\n\nMessage:\nThis is a CATS test e-mail in HTML format.\\n<br />\\n<br /><span style=\\\"font-size: 10pt;\\\">Powered by <a href=\\\"http://www.opencats.org\" alt=\\\"OpenCATS \"\n                    . \"Applicant Tracking System\\\">OpenCATS</a> (Free ATS)</span>',1,1,'2022-11-09 10:17:12'),(100,'parul.misra@myjoining.in','parishparab@gmail.com','Subject: CATS Test E-Mail\n\nMessage:\nThis is a CATS test e-mail in HTML format.\\n<br />\\n<br /><span style=\\\"font-size: 10pt;\\\">Powered by <a href=\\\"http://www.opencats.org\" alt=\\\"OpenCATS \"\n                    . \"Applicant Tracking System\\\">OpenCATS</a> (Free ATS)</span>',1,1,'2022-11-09 10:39:13'),(101,'parul.misra@orane.in','parul.misra@orane.in','Subject: test\n\nMessage:\n<p>test</p>',1251,180,'2022-11-09 12:48:47'),(102,'parul.misra@myjoining.in','parishparab@gmail.com','Subject: CATS Test E-Mail\n\nMessage:\nThis is a CATS test e-mail in HTML format.\\n<br />\\n<br /><span style=\\\"font-size: 10pt;\\\">Powered by <a href=\\\"http://www.opencats.org\" alt=\\\"OpenCATS \"\n                    . \"Applicant Tracking System\\\">OpenCATS</a> (Free ATS)</span>',1,1,'2022-11-10 01:55:20'),(103,'parul.misra@myjoining.in','parikshit.parab09@gmail.com','Subject: CATS Test E-Mail\n\nMessage:\nThis is a CATS test e-mail in HTML format.\\n<br />\\n<br /><span style=\\\"font-size: 10pt;\\\">Powered by <a href=\\\"http://www.opencats.org\" alt=\\\"OpenCATS \"\n                    . \"Applicant Tracking System\\\">OpenCATS</a> (Free ATS)</span>',1,1,'2022-11-10 01:58:58'),(104,'admin@testdomain.com','parishparab@gmail.com','Subject: Matter\n\nMessage:\n<p>Matter</p>',1,180,'2022-11-10 02:00:00'),(105,'admin@testdomain.com','parishparab@gmail.com','Subject: asd\n\nMessage:\n<p>asd</p>',1,180,'2022-11-10 02:00:46'),(106,'parul.misra@orane.in','parul.misra@orane.in','Subject: test\n\nMessage:\n<p>sdafda</p>',1251,180,'2022-11-10 03:51:39'),(107,'parul.misra@myjoining.in','akhlaque.ahmad@orane.in','Subject: CATS Test E-Mail\n\nMessage:\nThis is a CATS test e-mail in HTML format.\\n<br />\\n<br /><span style=\\\"font-size: 10pt;\\\">Powered by <a href=\\\"http://www.opencats.org\" alt=\\\"OpenCATS \"\n                    . \"Applicant Tracking System\\\">OpenCATS</a> (Free ATS)</span>',1,1,'2022-11-10 07:22:28'),(108,'mayur.mhetre@orane.in','mayurvm001@gmail.com','Subject: CATS Test E-Mail\n\nMessage:\nThis is a CATS test e-mail in HTML format.\\n<br />\\n<br /><span style=\\\"font-size: 10pt;\\\">Powered by <a href=\\\"http://www.opencats.org\" alt=\\\"OpenCATS \"\n                    . \"Applicant Tracking System\\\">OpenCATS</a> (Free ATS)</span>',1,1,'2022-11-10 12:00:23'),(109,'parul.misra@orane.in','parul.misra@orane.in','Subject: ats test\n\nMessage:\n<p>ats test 1</p>',1251,180,'2022-11-11 05:05:34'),(110,'mayur.mhetre@orane.in','mayurvm001@gmail.com','Subject: CATS Test E-Mail\n\nMessage:\nThis is a CATS test e-mail in HTML format.\\n<br />\\n<br /><span style=\\\"font-size: 10pt;\\\">Powered by <a href=\\\"http://www.opencats.org\" alt=\\\"OpenCATS \"\n                    . \"Applicant Tracking System\\\">OpenCATS</a> (Free ATS)</span>',1,1,'2022-11-14 06:52:30'),(111,'parul.misra@gmail.com','mayurvm001@gmail.com','Subject: CATS Test E-Mail\n\nMessage:\nThis is a CATS test e-mail in HTML format.\\n<br />\\n<br /><span style=\\\"font-size: 10pt;\\\">Powered by <a href=\\\"http://www.opencats.org\" alt=\\\"OpenCATS \"\n                    . \"Applicant Tracking System\\\">OpenCATS</a> (Free ATS)</span>',1,1,'2022-11-14 06:53:26'),(112,'parul.misra@gmail.com','mayurvm001@gmail.com','Subject: CATS Test E-Mail\n\nMessage:\nThis is a CATS test e-mail in HTML format.\\n<br />\\n<br /><span style=\\\"font-size: 10pt;\\\">Powered by <a href=\\\"http://www.opencats.org\" alt=\\\"OpenCATS \"\n                    . \"Applicant Tracking System\\\">OpenCATS</a> (Free ATS)</span>',1,1,'2022-11-14 06:53:28'),(113,'mayurmhetre001@gmail.com','mayurvm001@gmail.com','Subject: CATS Test E-Mail\n\nMessage:\nThis is a CATS test e-mail in HTML format.\\n<br />\\n<br /><span style=\\\"font-size: 10pt;\\\">Powered by <a href=\\\"http://www.opencats.org\" alt=\\\"OpenCATS \"\n                    . \"Applicant Tracking System\\\">OpenCATS</a> (Free ATS)</span>',1,1,'2022-11-14 06:53:52'),(114,'mayurmhetre001@gmail.com','mayurvm001@gmail.com','Subject: CATS Test E-Mail\n\nMessage:\nThis is a CATS test e-mail in HTML format.\\n<br />\\n<br /><span style=\\\"font-size: 10pt;\\\">Powered by <a href=\\\"http://www.opencats.org\" alt=\\\"OpenCATS \"\n                    . \"Applicant Tracking System\\\">OpenCATS</a> (Free ATS)</span>',1,1,'2022-11-14 06:53:52'),(115,'mayurmhetre001@gmail.com','mayurvm001@gmail.com','Subject: CATS Test E-Mail\n\nMessage:\nThis is a CATS test e-mail in HTML format.\\n<br />\\n<br /><span style=\\\"font-size: 10pt;\\\">Powered by <a href=\\\"http://www.opencats.org\" alt=\\\"OpenCATS \"\n                    . \"Applicant Tracking System\\\">OpenCATS</a> (Free ATS)</span>',1,1,'2022-11-14 06:53:53'),(116,'mayurmhetre001@gmail.com','mayurvm001@gmail.com','Subject: CATS Test E-Mail\n\nMessage:\nThis is a CATS test e-mail in HTML format.\\n<br />\\n<br /><span style=\\\"font-size: 10pt;\\\">Powered by <a href=\\\"http://www.opencats.org\" alt=\\\"OpenCATS \"\n                    . \"Applicant Tracking System\\\">OpenCATS</a> (Free ATS)</span>',1,1,'2022-11-14 06:53:54'),(117,'mayurmhetre001@gmail.com','mayurvm001@gmail.com','Subject: CATS Test E-Mail\n\nMessage:\nThis is a CATS test e-mail in HTML format.\\n<br />\\n<br /><span style=\\\"font-size: 10pt;\\\">Powered by <a href=\\\"http://www.opencats.org\" alt=\\\"OpenCATS \"\n                    . \"Applicant Tracking System\\\">OpenCATS</a> (Free ATS)</span>',1,1,'2022-11-14 06:53:54'),(118,'parul.misra@myjoining.in','mayurvm001@gmail.com','Subject: CATS Test E-Mail\n\nMessage:\nThis is a CATS test e-mail in HTML format.\\n<br />\\n<br /><span style=\\\"font-size: 10pt;\\\">Powered by <a href=\\\"http://www.opencats.org\" alt=\\\"OpenCATS \"\n                    . \"Applicant Tracking System\\\">OpenCATS</a> (Free ATS)</span>',1,1,'2022-11-14 07:52:51'),(119,'parul.misra@myjoining.in','mayurmhetre001@gmail.com','Subject: CATS Test E-Mail\n\nMessage:\nThis is a CATS test e-mail in HTML format.\\n<br />\\n<br /><span style=\\\"font-size: 10pt;\\\">Powered by <a href=\\\"http://www.opencats.org\" alt=\\\"OpenCATS \"\n                    . \"Applicant Tracking System\\\">OpenCATS</a> (Free ATS)</span>',1,1,'2022-11-14 07:54:26'),(120,'parul.misra@myjoining.in','mayurmhetre001@gmail.com','Subject: CATS Test E-Mail\n\nMessage:\nThis is a CATS test e-mail in HTML format.\\n<br />\\n<br /><span style=\\\"font-size: 10pt;\\\">Powered by <a href=\\\"http://www.opencats.org\" alt=\\\"OpenCATS \"\n                    . \"Applicant Tracking System\\\">OpenCATS</a> (Free ATS)</span>',1,1,'2022-11-14 07:55:21'),(121,'parul.misra@myjoining.in','mayurvm001@gmail.com','Subject: CATS Test E-Mail\n\nMessage:\nThis is a CATS test e-mail in HTML format.\\n<br />\\n<br /><span style=\\\"font-size: 10pt;\\\">Powered by <a href=\\\"http://www.opencats.org\" alt=\\\"OpenCATS \"\n                    . \"Applicant Tracking System\\\">OpenCATS</a> (Free ATS)</span>',1,1,'2022-11-14 07:58:07'),(122,'testing.orane@gmail.com','mayurvm001@gmail.com','Subject: CATS Test E-Mail\n\nMessage:\nThis is a CATS test e-mail in HTML format.\\n<br />\\n<br /><span style=\\\"font-size: 10pt;\\\">Powered by <a href=\\\"http://www.opencats.org\" alt=\\\"OpenCATS \"\n                    . \"Applicant Tracking System\\\">OpenCATS</a> (Free ATS)</span>',1,1,'2022-11-14 09:55:42'),(123,'mayur.mhetre@orane.in','mayurvm001@gmail.com','Subject: CATS Test E-Mail\n\nMessage:\nThis is a CATS test e-mail in HTML format.\\n<br />\\n<br /><span style=\\\"font-size: 10pt;\\\">Powered by <a href=\\\"http://www.opencats.org\" alt=\\\"OpenCATS \"\n                    . \"Applicant Tracking System\\\">OpenCATS</a> (Free ATS)</span>',1,1,'2022-11-14 10:01:03'),(124,'admin@testdomain.com','parishparab@gmail.com','Subject: asd\n\nMessage:\n<p>asd</p>',1,180,'2022-11-16 09:11:21'),(125,'mayur.mhetre@orane.in','mayurvm001@gmail.com','Subject: CATS Test E-Mail\n\nMessage:\nThis is a CATS test e-mail in HTML format.\\n<br />\\n<br /><span style=\\\"font-size: 10pt;\\\">Powered by <a href=\\\"http://www.opencats.org\" alt=\\\"OpenCATS \"\n                    . \"Applicant Tracking System\\\">OpenCATS</a> (Free ATS)</span>',1,1,'2022-11-16 09:11:30'),(126,'mayur.mhetre@myjoining.in','parishparab@gmail.com','Subject: CATS Test E-Mail\n\nMessage:\nThis is a CATS test e-mail in HTML format.\\n<br />\\n<br /><span style=\\\"font-size: 10pt;\\\">Powered by <a href=\\\"http://www.opencats.org\" alt=\\\"OpenCATS \"\n                    . \"Applicant Tracking System\\\">OpenCATS</a> (Free ATS)</span>',1,1,'2022-11-16 09:12:36'),(127,'testing.orane@gmail.com','mayurvm001@gmail.com','Subject: CATS Test E-Mail\n\nMessage:\nThis is a CATS test e-mail in HTML format.\\n<br />\\n<br /><span style=\\\"font-size: 10pt;\\\">Powered by <a href=\\\"http://www.opencats.org\" alt=\\\"OpenCATS \"\n                    . \"Applicant Tracking System\\\">OpenCATS</a> (Free ATS)</span>',1,1,'2022-11-16 09:18:47'),(128,'testing.orane@gmail.com','mayurvm001@gmail.com','Subject: CATS Test E-Mail\n\nMessage:\nThis is a CATS test e-mail in HTML format.\\n<br />\\n<br /><span style=\\\"font-size: 10pt;\\\">Powered by <a href=\\\"http://www.opencats.org\" alt=\\\"OpenCATS \"\n                    . \"Applicant Tracking System\\\">OpenCATS</a> (Free ATS)</span>',1,1,'2022-11-16 09:24:45'),(129,'testing.orane@gmail.com','mayurvm001@gmail.com','Subject: CATS Test E-Mail\n\nMessage:\nThis is a CATS test e-mail in HTML format.\\n<br />\\n<br /><span style=\\\"font-size: 10pt;\\\">Powered by <a href=\\\"http://www.opencats.org\" alt=\\\"OpenCATS \"\n                    . \"Applicant Tracking System\\\">OpenCATS</a> (Free ATS)</span>',1,1,'2022-11-16 09:25:39'),(130,'testing.orane@gmail.com','mayurvm001@gmail.com','Subject: CATS Test E-Mail\n\nMessage:\nThis is a CATS test e-mail in HTML format.\\n<br />\\n<br /><span style=\\\"font-size: 10pt;\\\">Powered by <a href=\\\"http://www.opencats.org\" alt=\\\"OpenCATS \"\n                    . \"Applicant Tracking System\\\">OpenCATS</a> (Free ATS)</span>',1,1,'2022-11-16 09:25:40'),(131,'testing.orane@gmail.com','mayurvm001@gmail.com','Subject: CATS Test E-Mail\n\nMessage:\nThis is a CATS test e-mail in HTML format.\\n<br />\\n<br /><span style=\\\"font-size: 10pt;\\\">Powered by <a href=\\\"http://www.opencats.org\" alt=\\\"OpenCATS \"\n                    . \"Applicant Tracking System\\\">OpenCATS</a> (Free ATS)</span>',1,1,'2022-11-16 09:25:41'),(132,'testing.orane@gmail.com','mayurmhetre001@gmail.com','Subject: CATS Test E-Mail\n\nMessage:\nThis is a CATS test e-mail in HTML format.\\n<br />\\n<br /><span style=\\\"font-size: 10pt;\\\">Powered by <a href=\\\"http://www.opencats.org\" alt=\\\"OpenCATS \"\n                    . \"Applicant Tracking System\\\">OpenCATS</a> (Free ATS)</span>',1,1,'2022-11-16 09:26:43'),(133,'mayur.mhetre@myjoining.in','mayurvm001@gmail.com','Subject: CATS Test E-Mail\n\nMessage:\nThis is a CATS test e-mail in HTML format.\\n<br />\\n<br /><span style=\\\"font-size: 10pt;\\\">Powered by <a href=\\\"http://www.opencats.org\" alt=\\\"OpenCATS \"\n                    . \"Applicant Tracking System\\\">OpenCATS</a> (Free ATS)</span>',1,1,'2022-11-16 09:29:51'),(134,'mayur.mhetre@orane.in','mayurvm001@gmail.com','Subject: CATS Test E-Mail\n\nMessage:\nThis is a CATS test e-mail in HTML format.\\n<br />\\n<br /><span style=\\\"font-size: 10pt;\\\">Powered by <a href=\\\"http://www.opencats.org\" alt=\\\"OpenCATS \"\n                    . \"Applicant Tracking System\\\">OpenCATS</a> (Free ATS)</span>',1,1,'2022-11-16 09:49:04'),(135,'mayur.mhetre@orane.in','mayurvm001@gmail.com','Subject: CATS Test E-Mail\n\nMessage:\nThis is a CATS test e-mail in HTML format.\\n<br />\\n<br /><span style=\\\"font-size: 10pt;\\\">Powered by <a href=\\\"http://www.opencats.org\" alt=\\\"OpenCATS \"\n                    . \"Applicant Tracking System\\\">OpenCATS</a> (Free ATS)</span>',1,1,'2022-11-21 05:09:01'),(136,'mayur.mhetre@orane.in','parul.misra@orane.in','Subject: CATS Test E-Mail\n\nMessage:\nThis is a CATS test e-mail in HTML format.\\n<br />\\n<br /><span style=\\\"font-size: 10pt;\\\">Powered by <a href=\\\"http://www.opencats.org\" alt=\\\"OpenCATS \"\n                    . \"Applicant Tracking System\\\">OpenCATS</a> (Free ATS)</span>',1,1,'2022-11-21 06:19:38'),(137,'mayur.mhetre@orane.in','parul.misra@gmail.com','Subject: CATS Test E-Mail\n\nMessage:\nThis is a CATS test e-mail in HTML format.\\n<br />\\n<br /><span style=\\\"font-size: 10pt;\\\">Powered by <a href=\\\"http://www.opencats.org\" alt=\\\"OpenCATS \"\n                    . \"Applicant Tracking System\\\">OpenCATS</a> (Free ATS)</span>',1,1,'2022-11-21 06:21:07'),(138,'mayur.mhetre@orane.in','mayurvm001@gmail.com','Subject: CATS Test E-Mail\n\nMessage:\nThis is a CATS test e-mail in HTML format.\\n<br />\\n<br /><span style=\\\"font-size: 10pt;\\\">Powered by <a href=\\\"http://www.opencats.org\" alt=\\\"OpenCATS \"\n                    . \"Applicant Tracking System\\\">OpenCATS</a> (Free ATS)</span>',1,1,'2022-11-21 12:03:20'),(139,'mayur.mhetre@orane.in','parul.misra@orane.in','Subject: CATS Test E-Mail\n\nMessage:\nThis is a CATS test e-mail in HTML format.\\n<br />\\n<br /><span style=\\\"font-size: 10pt;\\\">Powered by <a href=\\\"http://www.opencats.org\" alt=\\\"OpenCATS \"\n                    . \"Applicant Tracking System\\\">OpenCATS</a> (Free ATS)</span>',1251,1,'2022-11-22 07:33:25'),(140,'mayur.mhetre@orane.in','parul.misra@orane.in','Subject: CATS Test E-Mail\n\nMessage:\nThis is a CATS test e-mail in HTML format.\\n<br />\\n<br /><span style=\\\"font-size: 10pt;\\\">Powered by <a href=\\\"http://www.opencats.org\" alt=\\\"OpenCATS \"\n                    . \"Applicant Tracking System\\\">OpenCATS</a> (Free ATS)</span>',1251,1,'2022-11-29 08:10:10'),(141,'mayur.mhetre@orane.in','parul.misra@orane.in','Subject: Job Application Status Change\n\nMessage:\n* Auto generated message. Please DO NOT reply *\r\n29-11-22 12:15 PM\r\n\r\nDear krishan Singh,\r\n\r\nThis E-Mail is a notification that we have updated your status in our database has been changed for the position Territory Manager (Herofin).\r\n\r\nYour previous status was <B>Application Rejected</B>.\r\nYour new status is <B>Offered</B>.\r\n\r\nTake care,\r\nParul Misra\r\nHerofin\\n<br />\\n<br /><span style=\\\"font-size: 10pt;\\\">Powered by <a href=\\\"http://www.opencats.org\" alt=\\\"OpenCATS \"\n                    . \"Applicant Tracking System\\\">OpenCATS</a> (Free ATS)</span>',1251,1,'2022-11-29 12:16:08'),(142,'mayur.mhetre@orane.in','mayurvm001@gmail.com','Subject: awfqergqrg\n\nMessage:\n<p>Greetings ,<br />\r\nThis is to inform that there is a new opening you could be interested in.<br />\r\nGo to Herofin at earliest to apply for the same.<br />\r\nThanks.<br />\r\nrecruitment team.</p>\\n<br />\\n<br /><span style=\\\"font-size: 10pt;\\\">Powered by <a href=\\\"http://www.opencats.org\" alt=\\\"OpenCATS \"\n                    . \"Applicant Tracking System\\\">OpenCATS</a> (Free ATS)</span>',1,180,'2022-11-29 12:25:28'),(143,'mayur.mhetre@orane.in','mayurvm001@gmail.com','Subject: awfqergqrg\n\nMessage:\n<p>Greetings ,<br />\r\nThis is to inform that there is a new opening you could be interested in.<br />\r\nGo to Herofin at earliest to apply for the same.<br />\r\nThanks.<br />\r\nrecruitment team.</p>\\n<br />\\n<br /><span style=\\\"font-size: 10pt;\\\">Powered by <a href=\\\"http://www.opencats.org\" alt=\\\"OpenCATS \"\n                    . \"Applicant Tracking System\\\">OpenCATS</a> (Free ATS)</span>',1,180,'2022-11-29 12:25:29'),(144,'mayur.mhetre@orane.in','myurvm001@gmail.com','Subject: aetgstg\n\nMessage:\n<p>Greetings ,<br />\r\nThis is to inform that there is a new opening you could be interested in.<br />\r\nGo to Herofin at earliest to apply for the same.<br />\r\nThanks.<br />\r\nrecruitment team.</p>\\n<br />\\n<br /><span style=\\\"font-size: 10pt;\\\">Powered by <a href=\\\"http://www.opencats.org\" alt=\\\"OpenCATS \"\n                    . \"Applicant Tracking System\\\">OpenCATS</a> (Free ATS)</span>',1,180,'2022-11-29 12:27:53'),(145,'mayur.mhetre@orane.in','mayurvm001@gmail.com','Subject: dfbsdfb\n\nMessage:\n<p>Greetings ,<br />\r\nThis is to inform that there is a new opening you could be interested in.<br />\r\nGo to Herofin at earliest to apply for the same.<br />\r\nThanks.<br />\r\nrecruitment team.</p>\\n<br />\\n<br /><span style=\\\"font-size: 10pt;\\\">Powered by <a href=\\\"http://www.opencats.org\" alt=\\\"OpenCATS \"\n                    . \"Applicant Tracking System\\\">OpenCATS</a> (Free ATS)</span>',1,180,'2022-11-29 12:29:04'),(146,'mayur.mhetre@orane.in','parul.misra@orane.in','Subject: Hello\n\nMessage:\n<p>Greetings ,<br />\r\nThis is to inform that there is a new opening you could be interested in.<br />\r\nGo to Herofin at earliest to apply for the same.<br />\r\nThanks.<br />\r\nrecruitment team.</p>\\n<br />\\n<br /><span style=\\\"font-size: 10pt;\\\">Powered by <a href=\\\"http://www.opencats.org\" alt=\\\"OpenCATS \"\n                    . \"Applicant Tracking System\\\">OpenCATS</a> (Free ATS)</span>',1251,180,'2022-11-29 12:38:03'),(147,'mayur.mhetre@orane.in','parul.misra@orane.in','Subject: New position\n\nMessage:\n<p>Greetings ,<br />\r\nThis is to inform that there is a new opening you could be interested in.<br />\r\nGo to Herofin at earliest to apply for the same.<br />\r\nThanks.<br />\r\nrecruitment team.</p>\\n<br />\\n<br /><span style=\\\"font-size: 10pt;\\\">Powered by <a href=\\\"http://www.opencats.org\" alt=\\\"OpenCATS \"\n                    . \"Applicant Tracking System\\\">OpenCATS</a> (Free ATS)</span>',1251,180,'2022-11-29 13:06:11'),(148,'mayur.mhetre@orane.in','parul.misra@orane.in','Subject: Job Application Status Change\n\nMessage:\n* Auto generated message. Please DO NOT reply *\r\n29-11-22 1:07 PM\r\n\r\nDear ewe ADad,\r\n\r\nThis E-Mail is a notification that we have updated your status in our database has been changed for the position Developer (External Hiring).\r\n\r\nYour previous status was <B>Application Rejected</B>.\r\nYour new status is <B>Move To Pre-Assessment</B>.\r\n\r\nTake care,\r\nParul Misra\r\nHerofin\\n<br />\\n<br /><span style=\\\"font-size: 10pt;\\\">Powered by <a href=\\\"http://www.opencats.org\" alt=\\\"OpenCATS \"\n                    . \"Applicant Tracking System\\\">OpenCATS</a> (Free ATS)</span>',1251,1,'2022-11-29 13:07:53'),(149,'mayur.mhetre@orane.in','abcd@njuh.com','Subject: Job Application Status Change\n\nMessage:\n* Auto generated message. Please DO NOT reply *\r\n29-11-22 1:14 PM\r\n\r\nDear abcd arwqrq,\r\n\r\nThis E-Mail is a notification that we have updated your status in our database has been changed for the position Territory Manager (Herofin).\r\n\r\nYour previous status was <B>Application Rejected</B>.\r\nYour new status is <B>Move To Pre-Assessment</B>.\r\n\r\nTake care,\r\nParul Misra\r\nHerofin\\n<br />\\n<br /><span style=\\\"font-size: 10pt;\\\">Powered by <a href=\\\"http://www.opencats.org\" alt=\\\"OpenCATS \"\n                    . \"Applicant Tracking System\\\">OpenCATS</a> (Free ATS)</span>',1251,1,'2022-11-29 13:14:40'),(150,'mayur.mhetre@orane.in','kjnh@kjn.com','Subject: Job Application Status Change\n\nMessage:\n* Auto generated message. Please DO NOT reply *\r\n30-11-22 4:50 AM\r\n\r\nDear Sheetal Arora,\r\n\r\nThis E-Mail is a notification that we have updated your status in our database has been changed for the position Admin (External Hiring).\r\n\r\nYour previous status was <B>Application Rejected</B>.\r\nYour new status is <B>Offered</B>.\r\n\r\nTake care,\r\nParul Misra\r\nHerofin\\n<br />\\n<br /><span style=\\\"font-size: 10pt;\\\">Powered by <a href=\\\"http://www.opencats.org\" alt=\\\"OpenCATS \"\n                    . \"Applicant Tracking System\\\">OpenCATS</a> (Free ATS)</span>',1251,1,'2022-11-30 04:50:20'),(151,'mayur.mhetre@orane.in','chandra.purohit@herofincorp.com','Subject: New Position\n\nMessage:\n<p>Greetings ,<br />\r\nThis is to inform that there is a new opening you could be interested in.<br />\r\nGo to Herofin at earliest to apply for the same.<br />\r\nThanks.<br />\r\nrecruitment team.</p>\\n<br />\\n<br /><span style=\\\"font-size: 10pt;\\\">Powered by <a href=\\\"http://www.opencats.org\" alt=\\\"OpenCATS \"\n                    . \"Applicant Tracking System\\\">OpenCATS</a> (Free ATS)</span>',1251,180,'2022-11-30 05:57:59'),(152,'mayur.mhetre@orane.in','chandra.purohit@herofincorp.com','Subject: Test link\n\nMessage:\n<p>Greetings ,<br />\r\nThis is to inform that there is a new opening you could be interested in.<br />\r\nGo to&nbsp;</p><p><a href=\"https://herofincorp.myjoining.in/\">Herofin Corp</a></p><p>https://herofincorp.myjoining.in/</p><p>at earliest to apply for the same.<br />\r\nThanks.<br />\r\nrecruitment team.</p>\\n<br />\\n<br /><span style=\\\"font-size: 10pt;\\\">Powered by <a href=\\\"http://www.opencats.org\" alt=\\\"OpenCATS \"\n                    . \"Applicant Tracking System\\\">OpenCATS</a> (Free ATS)</span>',1251,180,'2022-11-30 06:00:18'),(153,'mayur.mhetre@orane.in','vimal@oim.com','Subject: Job Application Status Change\n\nMessage:\n* Auto generated message. Please DO NOT reply *\r\n30-11-22 6:09 AM\r\n\r\nDear Vimal Kishore,\r\n\r\nThis E-Mail is a notification that we have updated your status in our database has been changed for the position Engineer (External Hiring).\r\n\r\nYour previous status was <B>Application Rejected</B>.\r\nYour new status is <B>Offered</B>.\r\n\r\nTake care,\r\nParul Misra\r\nHerofin\\n<br />\\n<br /><span style=\\\"font-size: 10pt;\\\">Powered by <a href=\\\"http://www.opencats.org\" alt=\\\"OpenCATS \"\n                    . \"Applicant Tracking System\\\">OpenCATS</a> (Free ATS)</span>',1251,1,'2022-11-30 06:10:01'),(154,'mayur.mhetre@orane.in','parul.misra@orane.in','Subject: CATS Notification: Contact Ownership Change\n\nMessage:\n30-11-22 7:00 AM\r\n\r\nDear Parul Misra,\r\n\r\nThis E-Mail is a notification that a Contact has been assigned to you.\r\n\r\nContact Name: Dharm Dharm\r\nContact Client: Herofin\r\nContact URL: <a href=\"http://ats.myjoining.in/index.php?m=contacts&amp;a=show&amp;contactID=3\">http://ats.myjoining.in/index.php?m=contacts&amp;a=show&amp;contactID=3</a>\r\n\r\nTake care,\r\nCATS \r\nHerofin\\n<br />\\n<br /><span style=\\\"font-size: 10pt;\\\">Powered by <a href=\\\"http://www.opencats.org\" alt=\\\"OpenCATS \"\n                    . \"Applicant Tracking System\\\">OpenCATS</a> (Free ATS)</span>',1251,1,'2022-11-30 07:00:17'),(155,'mayur.mhetre@orane.in','parul.misra@orane.in','Subject: CATS Notification: Contact Ownership Change\n\nMessage:\n30-11-22 7:00 AM\r\n\r\nDear Parul Misra,\r\n\r\nThis E-Mail is a notification that a Contact has been assigned to you.\r\n\r\nContact Name: Dharm Dharm\r\nContact Client: Herofin\r\nContact URL: <a href=\"http://ats.myjoining.in/index.php?m=contacts&amp;a=show&amp;contactID=3\">http://ats.myjoining.in/index.php?m=contacts&amp;a=show&amp;contactID=3</a>\r\n\r\nTake care,\r\nCATS \r\nHerofin\\n<br />\\n<br /><span style=\\\"font-size: 10pt;\\\">Powered by <a href=\\\"http://www.opencats.org\" alt=\\\"OpenCATS \"\n                    . \"Applicant Tracking System\\\">OpenCATS</a> (Free ATS)</span>',1251,1,'2022-11-30 07:00:18'),(156,'mayur.mhetre@orane.in','kjnh@kjn.com','Subject: Job Application Status Change\n\nMessage:\n* Auto generated message. Please DO NOT reply *\r\n30-11-22 7:18 AM\r\n\r\nDear Sheetal Arora,\r\n\r\nThis E-Mail is a notification that we have updated your status in our database has been changed for the position Accountant (External Hiring).\r\n\r\nYour previous status was <B>Appn Rej-Drop Out</B>.\r\nYour new status is <B>Shortlisted for Evaluation</B>.\r\n\r\nTake care,\r\nParul Misra\r\nHerofin\\n<br />\\n<br /><span style=\\\"font-size: 10pt;\\\">Powered by <a href=\\\"http://www.opencats.org\" alt=\\\"OpenCATS \"\n                    . \"Applicant Tracking System\\\">OpenCATS</a> (Free ATS)</span>',1251,1,'2022-11-30 07:18:49'),(157,'mayur.mhetre@orane.in','kjnh@kjn.com','Subject: Job Application Status Change\n\nMessage:\n* Auto generated message. Please DO NOT reply *\r\n30-11-22 7:19 AM\r\n\r\nDear Sheetal Arora,\r\n\r\nThis E-Mail is a notification that we have updated your status in our database has been changed for the position Accountant (External Hiring).\r\n\r\nYour previous status was <B>Shortlisted for Evaluation</B>.\r\nYour new status is <B>Interviewing</B>.\r\n\r\nTake care,\r\nParul Misra\r\nHerofin\\n<br />\\n<br /><span style=\\\"font-size: 10pt;\\\">Powered by <a href=\\\"http://www.opencats.org\" alt=\\\"OpenCATS \"\n                    . \"Applicant Tracking System\\\">OpenCATS</a> (Free ATS)</span>',1251,1,'2022-11-30 07:19:25'),(158,'mayur.mhetre@orane.in','chandra.purohit@herofincorp.com','Subject: Thank You for Your Application\n\nMessage:\n* This is an auto-generated message. Please do not reply. *\r\n30-11-22 9:53 AM\r\n\r\nDear Dheeraj Chaturvedi,\r\n\r\nThank you for applying to the Intern position with our online career portal! Your application has been entered into our system and someone will review it shortly.\r\n\r\n--\r\nHerofin\\n<br />\\n<br /><span style=\\\"font-size: 10pt;\\\">Powered by <a href=\\\"http://www.opencats.org\" alt=\\\"OpenCATS \"\n                    . \"Applicant Tracking System\\\">OpenCATS</a> (Free ATS)</span>',1250,1,'2022-11-30 09:53:07'),(159,'mayur.mhetre@orane.in','parul.misra@orane.in','Subject: CATS - A Candidate Has Applied to Your Job Order\n\nMessage:\n30-11-22 9:53 AM\r\n\r\nDear Parul Misra,\r\n\r\nThis e-mail is a notification that a candidate has applied to your job order through the online candidate portal.\r\n\r\nJob Order: Intern\r\nCandidate Name: Dheeraj Chaturvedi\r\nCandidate URL: <a href=\"http://ats.myjoining.in/index.php?m=candidates&amp;a=show&amp;candidateID=20\">http://ats.myjoining.in/index.php?m=candidates&amp;a=show&amp;candidateID=20</a>\r\nJob Order URL: <a href=\"http://ats.myjoining.in/index.php?m=joborders&amp;a=show&amp;jobOrderID=15\">http://ats.myjoining.in/index.php?m=joborders&amp;a=show&amp;jobOrderID=15</a>\r\n\r\n--\r\nCATS\r\nHerofin\\n<br />\\n<br /><span style=\\\"font-size: 10pt;\\\">Powered by <a href=\\\"http://www.opencats.org\" alt=\\\"OpenCATS \"\n                    . \"Applicant Tracking System\\\">OpenCATS</a> (Free ATS)</span>',1250,1,'2022-11-30 09:53:09'),(160,'mayur.mhetre@orane.in','xhfn@ji.com','Subject: New Position-Developer\n\nMessage:\n<p>Greetings ,<br />\r\nThis is to inform that there is a new opening you could be interested in.<br />\r\nGo to Herofin at earliest to apply for the same.<br />\r\nThanks.<br />\r\nrecruitment team.</p>\\n<br />\\n<br /><span style=\\\"font-size: 10pt;\\\">Powered by <a href=\\\"http://www.opencats.org\" alt=\\\"OpenCATS \"\n                    . \"Applicant Tracking System\\\">OpenCATS</a> (Free ATS)</span>',1251,180,'2022-12-06 04:10:52'),(161,'mayur.mhetre@orane.in','jkk@nk.com','Subject: New Position-Developer\n\nMessage:\n<p>Greetings ,<br />\r\nThis is to inform that there is a new opening you could be interested in.<br />\r\nGo to Herofin at earliest to apply for the same.<br />\r\nThanks.<br />\r\nrecruitment team.</p>\\n<br />\\n<br /><span style=\\\"font-size: 10pt;\\\">Powered by <a href=\\\"http://www.opencats.org\" alt=\\\"OpenCATS \"\n                    . \"Applicant Tracking System\\\">OpenCATS</a> (Free ATS)</span>',1251,180,'2022-12-06 04:10:53'),(162,'mayur.mhetre@orane.in','dgfkejgfk@jgkdsfhkw.com','Subject: Thank You for Your Application\n\nMessage:\n* This is an auto-generated message. Please do not reply. *\r\n06-12-22 4:17 AM\r\n\r\nDear bncnc mnvmnv,v,\r\n\r\nThank you for applying to the Developer position with our online career portal! Your application has been entered into our system and someone will review it shortly.\r\n\r\n--\r\nHerofin\\n<br />\\n<br /><span style=\\\"font-size: 10pt;\\\">Powered by <a href=\\\"http://www.opencats.org\" alt=\\\"OpenCATS \"\n                    . \"Applicant Tracking System\\\">OpenCATS</a> (Free ATS)</span>',1250,1,'2022-12-06 04:17:27'),(163,'mayur.mhetre@orane.in','parul.misra@orane.in','Subject: CATS - A Candidate Has Applied to Your Job Order\n\nMessage:\n06-12-22 4:17 AM\r\n\r\nDear Parul Misra,\r\n\r\nThis e-mail is a notification that a candidate has applied to your job order through the online candidate portal.\r\n\r\nJob Order: Developer\r\nCandidate Name: bncnc mnvmnv,v\r\nCandidate URL: <a href=\"http://ats.myjoining.in/index.php?m=candidates&amp;a=show&amp;candidateID=29\">http://ats.myjoining.in/index.php?m=candidates&amp;a=show&amp;candidateID=29</a>\r\nJob Order URL: <a href=\"http://ats.myjoining.in/index.php?m=joborders&amp;a=show&amp;jobOrderID=21\">http://ats.myjoining.in/index.php?m=joborders&amp;a=show&amp;jobOrderID=21</a>\r\n\r\n--\r\nCATS\r\nHerofin\\n<br />\\n<br /><span style=\\\"font-size: 10pt;\\\">Powered by <a href=\\\"http://www.opencats.org\" alt=\\\"OpenCATS \"\n                    . \"Applicant Tracking System\\\">OpenCATS</a> (Free ATS)</span>',1250,1,'2022-12-06 04:17:28'),(164,'mayur.mhetre@orane.in','parul.misra@xvdtc.com','Subject: Job Application Status Change\n\nMessage:\n* Auto generated message. Please DO NOT reply *\r\n07-12-22 4:03 AM\r\n\r\nDear Anjaneya vara Inavolu,\r\n\r\nThis E-Mail is a notification that we have updated your status in our database has been changed for the position Developer (External Hiring).\r\n\r\nYour previous status was <B>Applicant Not interested</B>.\r\nYour new status is <B>Rejected – HR Interview</B>.\r\n\r\nTake care,\r\nParul Misra\r\nHerofin\\n<br />\\n<br /><span style=\\\"font-size: 10pt;\\\">Powered by <a href=\\\"http://www.opencats.org\" alt=\\\"OpenCATS \"\n                    . \"Applicant Tracking System\\\">OpenCATS</a> (Free ATS)</span>',1251,1,'2022-12-07 04:03:52'),(165,'mayur.mhetre@orane.in','kjnh@kjn.com','Subject: Job Application Status Change\n\nMessage:\n* Auto generated message. Please DO NOT reply *\r\n07-12-22 4:17 AM\r\n\r\nDear Sheetal Arora,\r\n\r\nThis E-Mail is a notification that we have updated your status in our database has been changed for the position Developer (External Hiring).\r\n\r\nYour previous status was <B>Rejected – Candidate Not Fit</B>.\r\nYour new status is <B>Interview Completed</B>.\r\n\r\nTake care,\r\nParul Misra\r\nHerofin\\n<br />\\n<br /><span style=\\\"font-size: 10pt;\\\">Powered by <a href=\\\"http://www.opencats.org\" alt=\\\"OpenCATS \"\n                    . \"Applicant Tracking System\\\">OpenCATS</a> (Free ATS)</span>',1251,1,'2022-12-07 04:19:01'),(166,'mayur.mhetre@orane.in','chandra.purohit@herofincorp.com','Subject: test1\n\nMessage:\n<p>Greetings ,<br />\r\nThis is to inform that there is a new opening you could be interested in.<br />\r\nGo to Herofin at earliest to apply for the same.<br />\r\nThanks.<br />\r\nrecruitment team.</p>\\n<br />\\n<br /><span style=\\\"font-size: 10pt;\\\">Powered by <a href=\\\"http://www.opencats.org\" alt=\\\"OpenCATS \"\n                    . \"Applicant Tracking System\\\">OpenCATS</a> (Free ATS)</span>',1251,180,'2022-12-08 06:17:04'),(167,'mayur.mhetre@orane.in','chandra.purohit@herofincorp.com','Subject: test mail\n\nMessage:\n<p>Greetings ,<br />\r\nThis is to inform that there is a new opening you could be interested in.<br />\r\nGo to <a href=\"https://ats.myjoining.in/careers/\">https://ats.myjoining.in/careers/</a> at earliest to apply for the same.<br />\r\nThanks.<br />\r\nrecruitment team.</p>\\n<br />\\n<br /><span style=\\\"font-size: 10pt;\\\">Powered by <a href=\\\"http://www.opencats.org\" alt=\\\"OpenCATS \"\n                    . \"Applicant Tracking System\\\">OpenCATS</a> (Free ATS)</span>',1251,180,'2022-12-08 06:25:55'),(168,'mayur.mhetre@orane.in','chandra.purohit@herofincorp.com','Subject: test mail\n\nMessage:\n<p>Greetings ,<br />\r\nThis is to inform that there is a new opening you could be interested in.<br />\r\nGo to <a href=\"https://ats.myjoining.in/careers/\">https://ats.myjoining.in/careers/</a> at earliest to apply for the same.<br />\r\nThanks.<br />\r\nrecruitment team.</p>\\n<br />\\n<br /><span style=\\\"font-size: 10pt;\\\">Powered by <a href=\\\"http://www.opencats.org\" alt=\\\"OpenCATS \"\n                    . \"Applicant Tracking System\\\">OpenCATS</a> (Free ATS)</span>',1251,180,'2022-12-08 06:25:58'),(169,'mayur.mhetre@orane.in','chandra.purohit@herofincorp.com','Subject: test mail\n\nMessage:\n<p>Greetings ,<br />\r\nThis is to inform that there is a new opening you could be interested in.<br />\r\nGo to <a href=\"https://ats.myjoining.in/careers/\">https://ats.myjoining.in/careers/</a> at earliest to apply for the same.<br />\r\nThanks.<br />\r\nrecruitment team.</p>\\n<br />\\n<br /><span style=\\\"font-size: 10pt;\\\">Powered by <a href=\\\"http://www.opencats.org\" alt=\\\"OpenCATS \"\n                    . \"Applicant Tracking System\\\">OpenCATS</a> (Free ATS)</span>',1251,180,'2022-12-08 06:26:03'),(170,'mayur.mhetre@orane.in','chandra.purohit@herofincorp.com','Subject: test mail\n\nMessage:\n<p>Greetings ,<br />\r\nThis is to inform that there is a new opening you could be interested in.<br />\r\nGo to <a href=\"https://ats.myjoining.in/careers/\">https://ats.myjoining.in/careers/</a> at earliest to apply for the same.<br />\r\nThanks.<br />\r\nrecruitment team.</p>\\n<br />\\n<br /><span style=\\\"font-size: 10pt;\\\">Powered by <a href=\\\"http://www.opencats.org\" alt=\\\"OpenCATS \"\n                    . \"Applicant Tracking System\\\">OpenCATS</a> (Free ATS)</span>',1251,180,'2022-12-08 06:26:04'),(171,'mayur.mhetre@orane.in','chandra.purohit@herofincorp.com','Subject: test mail\n\nMessage:\n<p>Greetings ,<br />\r\nThis is to inform that there is a new opening you could be interested in.<br />\r\nGo to <a href=\"https://ats.myjoining.in/careers/\">https://ats.myjoining.in/careers/</a> at earliest to apply for the same.<br />\r\nThanks.<br />\r\nrecruitment team.</p>\\n<br />\\n<br /><span style=\\\"font-size: 10pt;\\\">Powered by <a href=\\\"http://www.opencats.org\" alt=\\\"OpenCATS \"\n                    . \"Applicant Tracking System\\\">OpenCATS</a> (Free ATS)</span>',1251,180,'2022-12-08 06:26:06'),(172,'mayur.mhetre@orane.in','chandra.purohit@herofincorp.com','Subject: test mail\n\nMessage:\n<p>Greetings ,<br />\r\nThis is to inform that there is a new opening you could be interested in.<br />\r\nGo to <a href=\"https://ats.myjoining.in/careers/\">https://ats.myjoining.in/careers/</a> at earliest to apply for the same.<br />\r\nThanks.<br />\r\nrecruitment team.</p>\\n<br />\\n<br /><span style=\\\"font-size: 10pt;\\\">Powered by <a href=\\\"http://www.opencats.org\" alt=\\\"OpenCATS \"\n                    . \"Applicant Tracking System\\\">OpenCATS</a> (Free ATS)</span>',1251,180,'2022-12-08 06:26:07'),(173,'mayur.mhetre@orane.in','chandra.purohit@herofincorp.com','Subject: test mail\n\nMessage:\n<p>Greetings ,<br />\r\nThis is to inform that there is a new opening you could be interested in.<br />\r\nGo to <a href=\"https://ats.myjoining.in/careers/\">https://ats.myjoining.in/careers/</a> at earliest to apply for the same.<br />\r\nThanks.<br />\r\nrecruitment team.</p>\\n<br />\\n<br /><span style=\\\"font-size: 10pt;\\\">Powered by <a href=\\\"http://www.opencats.org\" alt=\\\"OpenCATS \"\n                    . \"Applicant Tracking System\\\">OpenCATS</a> (Free ATS)</span>',1251,180,'2022-12-08 06:26:09'),(174,'mayur.mhetre@orane.in','chandra.purohit@herofincorp.com','Subject: test mail\n\nMessage:\n<p>Greetings ,<br />\r\nThis is to inform that there is a new opening you could be interested in.<br />\r\nGo to <a href=\"https://ats.myjoining.in/careers/\">https://ats.myjoining.in/careers/</a> at earliest to apply for the same.<br />\r\nThanks.<br />\r\nrecruitment team.</p>\\n<br />\\n<br /><span style=\\\"font-size: 10pt;\\\">Powered by <a href=\\\"http://www.opencats.org\" alt=\\\"OpenCATS \"\n                    . \"Applicant Tracking System\\\">OpenCATS</a> (Free ATS)</span>',1251,180,'2022-12-08 06:26:10'),(175,'mayur.mhetre@orane.in','chandra.purohit@herofincorp.com','Subject: test mail\n\nMessage:\n<p>Greetings ,<br />\r\nThis is to inform that there is a new opening you could be interested in.<br />\r\nGo to <a href=\"https://ats.myjoining.in/careers/\">https://ats.myjoining.in/careers/</a> at earliest to apply for the same.<br />\r\nThanks.<br />\r\nrecruitment team.</p>\\n<br />\\n<br /><span style=\\\"font-size: 10pt;\\\">Powered by <a href=\\\"http://www.opencats.org\" alt=\\\"OpenCATS \"\n                    . \"Applicant Tracking System\\\">OpenCATS</a> (Free ATS)</span>',1251,180,'2022-12-08 06:26:11'),(176,'mayur.mhetre@orane.in','chandra.purohit@herofincorp.com','Subject: test mail\n\nMessage:\n<p>Greetings ,<br />\r\nThis is to inform that there is a new opening you could be interested in.<br />\r\nGo to <a href=\"https://ats.myjoining.in/careers/\">https://ats.myjoining.in/careers/</a> at earliest to apply for the same.<br />\r\nThanks.<br />\r\nrecruitment team.</p>\\n<br />\\n<br /><span style=\\\"font-size: 10pt;\\\">Powered by <a href=\\\"http://www.opencats.org\" alt=\\\"OpenCATS \"\n                    . \"Applicant Tracking System\\\">OpenCATS</a> (Free ATS)</span>',1251,180,'2022-12-08 06:26:12'),(177,'mayur.mhetre@orane.in','chandra.purohit@herofincorp.com','Subject: test mail\n\nMessage:\n<p>Greetings ,<br />\r\nThis is to inform that there is a new opening you could be interested in.<br />\r\nGo to <a href=\"https://ats.myjoining.in/careers/\">https://ats.myjoining.in/careers/</a> at earliest to apply for the same.<br />\r\nThanks.<br />\r\nrecruitment team.</p>\\n<br />\\n<br /><span style=\\\"font-size: 10pt;\\\">Powered by <a href=\\\"http://www.opencats.org\" alt=\\\"OpenCATS \"\n                    . \"Applicant Tracking System\\\">OpenCATS</a> (Free ATS)</span>',1251,180,'2022-12-08 06:26:13'),(178,'mayur.mhetre@orane.in','jugng@kin.com','Subject: Job Application Status Change\n\nMessage:\n* Auto generated message. Please DO NOT reply *\r\n08-12-22 6:29 AM\r\n\r\nDear Kish Singh,\r\n\r\nThis E-Mail is a notification that we have updated your status in our database has been changed for the position Consultant (External Hiring).\r\n\r\nYour previous status was <B>Rejected – Candidate Not Fit</B>.\r\nYour new status is <B>Backup profile</B>.\r\n\r\nTake care,\r\nParul Misra\r\nHerofin\\n<br />\\n<br /><span style=\\\"font-size: 10pt;\\\">Powered by <a href=\\\"http://www.opencats.org\" alt=\\\"OpenCATS \"\n                    . \"Applicant Tracking System\\\">OpenCATS</a> (Free ATS)</span>',1251,1,'2022-12-08 06:29:23'),(179,'mayur.mhetre@orane.in','test@test.com','Subject: Thank You for Your Application\n\nMessage:\n* This is an auto-generated message. Please do not reply. *\r\n08-12-22 10:11 AM\r\n\r\nDear Guest test,\r\n\r\nThank you for applying to the Developer position with our online career portal! Your application has been entered into our system and someone will review it shortly.\r\n\r\n--\r\nHerofin\\n<br />\\n<br /><span style=\\\"font-size: 10pt;\\\">Powered by <a href=\\\"http://www.opencats.org\" alt=\\\"OpenCATS \"\n                    . \"Applicant Tracking System\\\">OpenCATS</a> (Free ATS)</span>',1250,1,'2022-12-08 10:11:42'),(180,'mayur.mhetre@orane.in','parul.misra@orane.in','Subject: CATS - A Candidate Has Applied to Your Job Order\n\nMessage:\n08-12-22 10:11 AM\r\n\r\nDear Parul Misra,\r\n\r\nThis e-mail is a notification that a candidate has applied to your job order through the online candidate portal.\r\n\r\nJob Order: Developer\r\nCandidate Name: Guest test\r\nCandidate URL: <a href=\"http://ats.myjoining.in/index.php?m=candidates&amp;a=show&amp;candidateID=31\">http://ats.myjoining.in/index.php?m=candidates&amp;a=show&amp;candidateID=31</a>\r\nJob Order URL: <a href=\"http://ats.myjoining.in/index.php?m=joborders&amp;a=show&amp;jobOrderID=21\">http://ats.myjoining.in/index.php?m=joborders&amp;a=show&amp;jobOrderID=21</a>\r\n\r\n--\r\nCATS\r\nHerofin\\n<br />\\n<br /><span style=\\\"font-size: 10pt;\\\">Powered by <a href=\\\"http://www.opencats.org\" alt=\\\"OpenCATS \"\n                    . \"Applicant Tracking System\\\">OpenCATS</a> (Free ATS)</span>',1250,1,'2022-12-08 10:11:43'),(181,'mayur.mhetre@orane.in','parul.misra@gmail.com','Subject: Thank You for Your Application\n\nMessage:\n* This is an auto-generated message. Please do not reply. *\r\n09-12-22 11:27 AM\r\n\r\nDear vignesh Kumar,\r\n\r\nThank you for applying to the Accountant position with our online career portal! Your application has been entered into our system and someone will review it shortly.\r\n\r\n--\r\nHerofin\\n<br />\\n<br /><span style=\\\"font-size: 10pt;\\\">Powered by <a href=\\\"http://www.opencats.org\" alt=\\\"OpenCATS \"\n                    . \"Applicant Tracking System\\\">OpenCATS</a> (Free ATS)</span>',1250,1,'2022-12-09 11:27:04'),(182,'mayur.mhetre@orane.in','parul.misra@orane.in','Subject: CATS - A Candidate Has Applied to Your Job Order\n\nMessage:\n09-12-22 11:27 AM\r\n\r\nDear Parul Misra,\r\n\r\nThis e-mail is a notification that a candidate has applied to your job order through the online candidate portal.\r\n\r\nJob Order: Accountant\r\nCandidate Name: vignesh Kumar\r\nCandidate URL: <a href=\"http://ats.myjoining.in/index.php?m=candidates&amp;a=show&amp;candidateID=4\">http://ats.myjoining.in/index.php?m=candidates&amp;a=show&amp;candidateID=4</a>\r\nJob Order URL: <a href=\"http://ats.myjoining.in/index.php?m=joborders&amp;a=show&amp;jobOrderID=18\">http://ats.myjoining.in/index.php?m=joborders&amp;a=show&amp;jobOrderID=18</a>\r\n\r\n--\r\nCATS\r\nHerofin\\n<br />\\n<br /><span style=\\\"font-size: 10pt;\\\">Powered by <a href=\\\"http://www.opencats.org\" alt=\\\"OpenCATS \"\n                    . \"Applicant Tracking System\\\">OpenCATS</a> (Free ATS)</span>',1250,1,'2022-12-09 11:27:05'),(183,'mayur.mhetre@orane.in','kjnh@kjn.com','Subject: Thank You for Your Application\n\nMessage:\n* This is an auto-generated message. Please do not reply. *\r\n09-12-22 11:34 AM\r\n\r\nDear Sheetal Arora,\r\n\r\nThank you for applying to the Accountant position with our online career portal! Your application has been entered into our system and someone will review it shortly.\r\n\r\n--\r\nHerofin\\n<br />\\n<br /><span style=\\\"font-size: 10pt;\\\">Powered by <a href=\\\"http://www.opencats.org\" alt=\\\"OpenCATS \"\n                    . \"Applicant Tracking System\\\">OpenCATS</a> (Free ATS)</span>',1250,1,'2022-12-09 11:34:06'),(184,'mayur.mhetre@orane.in','parul.misra@orane.in','Subject: CATS - A Candidate Has Applied to Your Job Order\n\nMessage:\n09-12-22 11:34 AM\r\n\r\nDear Parul Misra,\r\n\r\nThis e-mail is a notification that a candidate has applied to your job order through the online candidate portal.\r\n\r\nJob Order: Accountant\r\nCandidate Name: Sheetal Arora\r\nCandidate URL: <a href=\"http://ats.myjoining.in/index.php?m=candidates&amp;a=show&amp;candidateID=12\">http://ats.myjoining.in/index.php?m=candidates&amp;a=show&amp;candidateID=12</a>\r\nJob Order URL: <a href=\"http://ats.myjoining.in/index.php?m=joborders&amp;a=show&amp;jobOrderID=18\">http://ats.myjoining.in/index.php?m=joborders&amp;a=show&amp;jobOrderID=18</a>\r\n\r\n--\r\nCATS\r\nHerofin\\n<br />\\n<br /><span style=\\\"font-size: 10pt;\\\">Powered by <a href=\\\"http://www.opencats.org\" alt=\\\"OpenCATS \"\n                    . \"Applicant Tracking System\\\">OpenCATS</a> (Free ATS)</span>',1250,1,'2022-12-09 11:34:07'),(185,'mayur.mhetre@orane.in','sqs@khk.com','Subject: Thank You for Your Application\n\nMessage:\n* This is an auto-generated message. Please do not reply. *\r\n12-12-22 4:32 AM\r\n\r\nDear Mj mnvmnv,v,\r\n\r\nThank you for applying to the Accountant position with our online career portal! Your application has been entered into our system and someone will review it shortly.\r\n\r\n--\r\nHerofin\\n<br />\\n<br /><span style=\\\"font-size: 10pt;\\\">Powered by <a href=\\\"http://www.opencats.org\" alt=\\\"OpenCATS \"\n                    . \"Applicant Tracking System\\\">OpenCATS</a> (Free ATS)</span>',1250,1,'2022-12-12 04:32:44'),(186,'mayur.mhetre@orane.in','parul.misra@orane.in','Subject: CATS - A Candidate Has Applied to Your Job Order\n\nMessage:\n12-12-22 4:32 AM\r\n\r\nDear Parul Misra,\r\n\r\nThis e-mail is a notification that a candidate has applied to your job order through the online candidate portal.\r\n\r\nJob Order: Accountant\r\nCandidate Name: Mj mnvmnv,v\r\nCandidate URL: <a href=\"http://ats.myjoining.in/index.php?m=candidates&amp;a=show&amp;candidateID=33\">http://ats.myjoining.in/index.php?m=candidates&amp;a=show&amp;candidateID=33</a>\r\nJob Order URL: <a href=\"http://ats.myjoining.in/index.php?m=joborders&amp;a=show&amp;jobOrderID=18\">http://ats.myjoining.in/index.php?m=joborders&amp;a=show&amp;jobOrderID=18</a>\r\n\r\n--\r\nCATS\r\nHerofin\\n<br />\\n<br /><span style=\\\"font-size: 10pt;\\\">Powered by <a href=\\\"http://www.opencats.org\" alt=\\\"OpenCATS \"\n                    . \"Applicant Tracking System\\\">OpenCATS</a> (Free ATS)</span>',1250,1,'2022-12-12 04:32:45'),(187,'mayur.mhetre@orane.in','sqs@khk.com','Subject: Thank You for Your Application\n\nMessage:\n* This is an auto-generated message. Please do not reply. *\r\n14-12-22 12:09 PM\r\n\r\nDear as weqw,\r\n\r\nThank you for applying to the Developer position with our online career portal! Your application has been entered into our system and someone will review it shortly.\r\n\r\n--\r\nHerofin\\n<br />\\n<br /><span style=\\\"font-size: 10pt;\\\">Powered by <a href=\\\"http://www.opencats.org\" alt=\\\"OpenCATS \"\n                    . \"Applicant Tracking System\\\">OpenCATS</a> (Free ATS)</span>',1250,1,'2022-12-14 12:09:50'),(188,'mayur.mhetre@orane.in','parul.misra@orane.in','Subject: CATS - A Candidate Has Applied to Your Job Order\n\nMessage:\n14-12-22 12:09 PM\r\n\r\nDear Parul Misra,\r\n\r\nThis e-mail is a notification that a candidate has applied to your job order through the online candidate portal.\r\n\r\nJob Order: Developer\r\nCandidate Name: as weqw\r\nCandidate URL: <a href=\"http://ats.myjoining.in/index.php?m=candidates&amp;a=show&amp;candidateID=33\">http://ats.myjoining.in/index.php?m=candidates&amp;a=show&amp;candidateID=33</a>\r\nJob Order URL: <a href=\"http://ats.myjoining.in/index.php?m=joborders&amp;a=show&amp;jobOrderID=14\">http://ats.myjoining.in/index.php?m=joborders&amp;a=show&amp;jobOrderID=14</a>\r\n\r\n--\r\nCATS\r\nHerofin\\n<br />\\n<br /><span style=\\\"font-size: 10pt;\\\">Powered by <a href=\\\"http://www.opencats.org\" alt=\\\"OpenCATS \"\n                    . \"Applicant Tracking System\\\">OpenCATS</a> (Free ATS)</span>',1250,1,'2022-12-14 12:09:52'),(189,'mayur.mhetre@orane.in','wwqwq@hlk.com','Subject: Thank You for Your Application\n\nMessage:\n* This is an auto-generated message. Please do not reply. *\r\n14-12-22 12:22 PM\r\n\r\nDear Nishant Rathore,\r\n\r\nThank you for applying to the Intern position with our online career portal! Your application has been entered into our system and someone will review it shortly.\r\n\r\n--\r\nHerofin\\n<br />\\n<br /><span style=\\\"font-size: 10pt;\\\">Powered by <a href=\\\"http://www.opencats.org\" alt=\\\"OpenCATS \"\n                    . \"Applicant Tracking System\\\">OpenCATS</a> (Free ATS)</span>',1250,1,'2022-12-14 12:22:50'),(190,'mayur.mhetre@orane.in','parul.misra@orane.in','Subject: CATS - A Candidate Has Applied to Your Job Order\n\nMessage:\n14-12-22 12:22 PM\r\n\r\nDear Parul Misra,\r\n\r\nThis e-mail is a notification that a candidate has applied to your job order through the online candidate portal.\r\n\r\nJob Order: Intern\r\nCandidate Name: Nishant Rathore\r\nCandidate URL: <a href=\"http://ats.myjoining.in/index.php?m=candidates&amp;a=show&amp;candidateID=35\">http://ats.myjoining.in/index.php?m=candidates&amp;a=show&amp;candidateID=35</a>\r\nJob Order URL: <a href=\"http://ats.myjoining.in/index.php?m=joborders&amp;a=show&amp;jobOrderID=15\">http://ats.myjoining.in/index.php?m=joborders&amp;a=show&amp;jobOrderID=15</a>\r\n\r\n--\r\nCATS\r\nHerofin\\n<br />\\n<br /><span style=\\\"font-size: 10pt;\\\">Powered by <a href=\\\"http://www.opencats.org\" alt=\\\"OpenCATS \"\n                    . \"Applicant Tracking System\\\">OpenCATS</a> (Free ATS)</span>',1250,1,'2022-12-14 12:22:51'),(191,'mayur.mhetre@orane.in','parul.misra@orane.in','Subject: Thank You for Your Application\n\nMessage:\n* This is an auto-generated message. Please do not reply. *\r\n15-12-22 3:59 AM\r\n\r\nDear Vijay Singh,\r\n\r\nThank you for applying to the Consultant position with our online career portal! Your application has been entered into our system and someone will review it shortly.\r\n\r\n--\r\nHerofin\\n<br />\\n<br /><span style=\\\"font-size: 10pt;\\\">Powered by <a href=\\\"http://www.opencats.org\" alt=\\\"OpenCATS \"\n                    . \"Applicant Tracking System\\\">OpenCATS</a> (Free ATS)</span>',1250,1,'2022-12-15 03:59:58'),(192,'mayur.mhetre@orane.in','parul.misra@orane.in','Subject: CATS - A Candidate Has Applied to Your Job Order\n\nMessage:\n15-12-22 3:59 AM\r\n\r\nDear Parul Misra,\r\n\r\nThis e-mail is a notification that a candidate has applied to your job order through the online candidate portal.\r\n\r\nJob Order: Consultant\r\nCandidate Name: Vijay Singh\r\nCandidate URL: <a href=\"http://ats.myjoining.in/index.php?m=candidates&amp;a=show&amp;candidateID=2\">http://ats.myjoining.in/index.php?m=candidates&amp;a=show&amp;candidateID=2</a>\r\nJob Order URL: <a href=\"http://ats.myjoining.in/index.php?m=joborders&amp;a=show&amp;jobOrderID=22\">http://ats.myjoining.in/index.php?m=joborders&amp;a=show&amp;jobOrderID=22</a>\r\n\r\n--\r\nCATS\r\nHerofin\\n<br />\\n<br /><span style=\\\"font-size: 10pt;\\\">Powered by <a href=\\\"http://www.opencats.org\" alt=\\\"OpenCATS \"\n                    . \"Applicant Tracking System\\\">OpenCATS</a> (Free ATS)</span>',1250,1,'2022-12-15 03:59:59'),(193,'mayur.mhetre@orane.in','parul.misra@xyz.com','Subject: Job Application Status Change\n\nMessage:\n* Auto generated message. Please DO NOT reply *\r\n15-12-22 8:33 AM\r\n\r\nDear Akash Wadhwa,\r\n\r\nThis E-Mail is a notification that we have updated your status in our database has been changed for the position Assistant Consultant (Herofin).\r\n\r\nYour previous status was <B></B>.\r\nYour new status is <B>To be Offered</B>.\r\n\r\nTake care,\r\nParul Misra\r\nHerofin\\n<br />\\n<br /><span style=\\\"font-size: 10pt;\\\">Powered by <a href=\\\"http://www.opencats.org\" alt=\\\"OpenCATS \"\n                    . \"Applicant Tracking System\\\">OpenCATS</a> (Free ATS)</span>',1251,1,'2022-12-15 08:33:24'),(194,'mayur.mhetre@orane.in','sqs@khk.com','Subject: Thank You for Your Application\n\nMessage:\n* This is an auto-generated message. Please do not reply. *\r\n15-12-22 12:31 PM\r\n\r\nDear Mj mnvmnv,v,\r\n\r\nThank you for applying to the Developer position with our online career portal! Your application has been entered into our system and someone will review it shortly.\r\n\r\n--\r\nHerofin\\n<br />\\n<br /><span style=\\\"font-size: 10pt;\\\">Powered by <a href=\\\"http://www.opencats.org\" alt=\\\"OpenCATS \"\n                    . \"Applicant Tracking System\\\">OpenCATS</a> (Free ATS)</span>',1250,1,'2022-12-15 12:31:58'),(195,'mayur.mhetre@orane.in','parul.misra@orane.in','Subject: CATS - A Candidate Has Applied to Your Job Order\n\nMessage:\n15-12-22 12:31 PM\r\n\r\nDear Parul Misra,\r\n\r\nThis e-mail is a notification that a candidate has applied to your job order through the online candidate portal.\r\n\r\nJob Order: Developer\r\nCandidate Name: Mj mnvmnv,v\r\nCandidate URL: <a href=\"http://ats.myjoining.in/index.php?m=candidates&amp;a=show&amp;candidateID=33\">http://ats.myjoining.in/index.php?m=candidates&amp;a=show&amp;candidateID=33</a>\r\nJob Order URL: <a href=\"http://ats.myjoining.in/index.php?m=joborders&amp;a=show&amp;jobOrderID=14\">http://ats.myjoining.in/index.php?m=joborders&amp;a=show&amp;jobOrderID=14</a>\r\n\r\n--\r\nCATS\r\nHerofin\\n<br />\\n<br /><span style=\\\"font-size: 10pt;\\\">Powered by <a href=\\\"http://www.opencats.org\" alt=\\\"OpenCATS \"\n                    . \"Applicant Tracking System\\\">OpenCATS</a> (Free ATS)</span>',1250,1,'2022-12-15 12:32:00'),(196,'mayur.mhetre@orane.in','sqs@khk.com','Subject: Thank You for Your Application\n\nMessage:\n* This is an auto-generated message. Please do not reply. *\r\n15-12-22 12:36 PM\r\n\r\nDear Mj mnvmnv,v,\r\n\r\nThank you for applying to the Consultant position with our online career portal! Your application has been entered into our system and someone will review it shortly.\r\n\r\n--\r\nHerofin\\n<br />\\n<br /><span style=\\\"font-size: 10pt;\\\">Powered by <a href=\\\"http://www.opencats.org\" alt=\\\"OpenCATS \"\n                    . \"Applicant Tracking System\\\">OpenCATS</a> (Free ATS)</span>',1250,1,'2022-12-15 12:36:43'),(197,'mayur.mhetre@orane.in','parul.misra@orane.in','Subject: CATS - A Candidate Has Applied to Your Job Order\n\nMessage:\n15-12-22 12:36 PM\r\n\r\nDear Parul Misra,\r\n\r\nThis e-mail is a notification that a candidate has applied to your job order through the online candidate portal.\r\n\r\nJob Order: Consultant\r\nCandidate Name: Mj mnvmnv,v\r\nCandidate URL: <a href=\"http://ats.myjoining.in/index.php?m=candidates&amp;a=show&amp;candidateID=33\">http://ats.myjoining.in/index.php?m=candidates&amp;a=show&amp;candidateID=33</a>\r\nJob Order URL: <a href=\"http://ats.myjoining.in/index.php?m=joborders&amp;a=show&amp;jobOrderID=22\">http://ats.myjoining.in/index.php?m=joborders&amp;a=show&amp;jobOrderID=22</a>\r\n\r\n--\r\nCATS\r\nHerofin\\n<br />\\n<br /><span style=\\\"font-size: 10pt;\\\">Powered by <a href=\\\"http://www.opencats.org\" alt=\\\"OpenCATS \"\n                    . \"Applicant Tracking System\\\">OpenCATS</a> (Free ATS)</span>',1250,1,'2022-12-15 12:36:44'),(198,'mayur.mhetre@orane.in','sqs@khk.com','Subject: Thank You for Your Application\n\nMessage:\n* This is an auto-generated message. Please do not reply. *\r\n15-12-22 12:44 PM\r\n\r\nDear Mj mnvmnv,v,\r\n\r\nThank you for applying to the Consultant position with our online career portal! Your application has been entered into our system and someone will review it shortly.\r\n\r\n--\r\nHerofin\\n<br />\\n<br /><span style=\\\"font-size: 10pt;\\\">Powered by <a href=\\\"http://www.opencats.org\" alt=\\\"OpenCATS \"\n                    . \"Applicant Tracking System\\\">OpenCATS</a> (Free ATS)</span>',1250,1,'2022-12-15 12:44:23'),(199,'mayur.mhetre@orane.in','parul.misra@orane.in','Subject: CATS - A Candidate Has Applied to Your Job Order\n\nMessage:\n15-12-22 12:44 PM\r\n\r\nDear Parul Misra,\r\n\r\nThis e-mail is a notification that a candidate has applied to your job order through the online candidate portal.\r\n\r\nJob Order: Consultant\r\nCandidate Name: Mj mnvmnv,v\r\nCandidate URL: <a href=\"http://ats.myjoining.in/index.php?m=candidates&amp;a=show&amp;candidateID=33\">http://ats.myjoining.in/index.php?m=candidates&amp;a=show&amp;candidateID=33</a>\r\nJob Order URL: <a href=\"http://ats.myjoining.in/index.php?m=joborders&amp;a=show&amp;jobOrderID=22\">http://ats.myjoining.in/index.php?m=joborders&amp;a=show&amp;jobOrderID=22</a>\r\n\r\n--\r\nCATS\r\nHerofin\\n<br />\\n<br /><span style=\\\"font-size: 10pt;\\\">Powered by <a href=\\\"http://www.opencats.org\" alt=\\\"OpenCATS \"\n                    . \"Applicant Tracking System\\\">OpenCATS</a> (Free ATS)</span>',1250,1,'2022-12-15 12:44:24'),(200,'mayur.mhetre@orane.in','mayur.mhetre@orane.in','Subject: Thank You for Your Application\n\nMessage:\n* This is an auto-generated message. Please do not reply. *\r\n19-12-22 8:37 AM\r\n\r\nDear Mayur af,\r\n\r\nThank you for applying to the Consultant position with our online career portal! Your application has been entered into our system and someone will review it shortly.\r\n\r\n--\r\nHerofin\\n<br />\\n<br /><span style=\\\"font-size: 10pt;\\\">Powered by <a href=\\\"http://www.opencats.org\" alt=\\\"OpenCATS \"\n                    . \"Applicant Tracking System\\\">OpenCATS</a> (Free ATS)</span>',1250,1,'2022-12-19 08:37:16'),(201,'mayur.mhetre@orane.in','parul.misra@orane.in','Subject: CATS - A Candidate Has Applied to Your Job Order\n\nMessage:\n19-12-22 8:37 AM\r\n\r\nDear Parul Misra,\r\n\r\nThis e-mail is a notification that a candidate has applied to your job order through the online candidate portal.\r\n\r\nJob Order: Consultant\r\nCandidate Name: Mayur af\r\nCandidate URL: <a href=\"http://ats.myjoining.in/index.php?m=candidates&amp;a=show&amp;candidateID=37\">http://ats.myjoining.in/index.php?m=candidates&amp;a=show&amp;candidateID=37</a>\r\nJob Order URL: <a href=\"http://ats.myjoining.in/index.php?m=joborders&amp;a=show&amp;jobOrderID=22\">http://ats.myjoining.in/index.php?m=joborders&amp;a=show&amp;jobOrderID=22</a>\r\n\r\n\r\n--\r\nCATS\r\nHerofin\\n<br />\\n<br /><span style=\\\"font-size: 10pt;\\\">Powered by <a href=\\\"http://www.opencats.org\" alt=\\\"OpenCATS \"\n                    . \"Applicant Tracking System\\\">OpenCATS</a> (Free ATS)</span>',1250,1,'2022-12-19 08:37:17'),(202,'mayur.mhetre@orane.in','chandra.purohit@herofincorp.com','Subject: ATS test\n\nMessage:\n<p>Greetings Test candidate,<br />\r\nThis is to inform that there is a new opening you could be interested in.<br />\r\nGo to <a href=\"https://ats.myjoining.in/careers/\">https://ats.myjoining.in/careers/</a> at earliest to apply for the same.<br />\r\nThanks.<br />\r\nrecruitment team.</p>\\n<br />\\n<br /><span style=\\\"font-size: 10pt;\\\">Powered by <a href=\\\"http://www.opencats.org\" alt=\\\"OpenCATS \"\n                    . \"Applicant Tracking System\\\">OpenCATS</a> (Free ATS)</span>',1251,180,'2022-12-20 06:05:45'),(203,'mayur.mhetre@orane.in','chandrapurohit@herofincorp.com','Subject: Job Application Status Change\n\nMessage:\n* Auto generated message. Please DO NOT reply *\r\n20-12-22 6:13 AM\r\n\r\nDear Prakash Purohit,\r\n\r\nThis E-Mail is a notification that we have updated your status in our database has been changed for the position Territory Manager - UCL (External Hiring).\r\n\r\nYour previous status was <B></B>.\r\nYour new status is <B>Backup profile</B>.\r\n\r\nTake care,\r\nParul Misra\r\nHerofin\\n<br />\\n<br /><span style=\\\"font-size: 10pt;\\\">Powered by <a href=\\\"http://www.opencats.org\" alt=\\\"OpenCATS \"\n                    . \"Applicant Tracking System\\\">OpenCATS</a> (Free ATS)</span>',1251,1,'2022-12-20 06:14:17'),(204,'mayur.mhetre@orane.in','chandra.purohit@herofincorp.com','Subject: Job Application Status Change\n\nMessage:\n* Auto generated message. Please DO NOT reply *\r\n20-12-22 6:14 AM\r\n\r\nDear Chandra Prakash Purohit,\r\n\r\nThis E-Mail is a notification that we have updated your status in our database has been changed for the position Territory Manager - UCL (External Hiring).\r\n\r\nYour previous status was <B></B>.\r\nYour new status is <B>Interview Completed</B>.\r\n\r\nTake care,\r\nParul Misra\r\nHerofin\\n<br />\\n<br /><span style=\\\"font-size: 10pt;\\\">Powered by <a href=\\\"http://www.opencats.org\" alt=\\\"OpenCATS \"\n                    . \"Applicant Tracking System\\\">OpenCATS</a> (Free ATS)</span>',1251,1,'2022-12-20 06:14:38'),(205,'mayur.mhetre@orane.in','ankush.talwar@heroficnorp.com','Subject: test\n\nMessage:\n<p>Greetings ,<br />\r\nThis is to inform that there is a new opening you could be interested in.<br />\r\nGo to ATS.carresr at earliest to apply for the same.<br />\r\nThanks.<br />\r\nrecruitment team.</p>\\n<br />\\n<br /><span style=\\\"font-size: 10pt;\\\">Powered by <a href=\\\"http://www.opencats.org\" alt=\\\"OpenCATS \"\n                    . \"Applicant Tracking System\\\">OpenCATS</a> (Free ATS)</span>',1251,180,'2022-12-20 06:20:11'),(206,'mayur.mhetre@orane.in','ankush.talwar@herofincorp.com','Subject: test\n\nMessage:\n<p>Greetings ,<br />\r\nThis is to inform that there is a new opening you could be interested in.<br />\r\nGo to Herofin at earliest to apply for the same.<br />\r\nThanks.<br />\r\nrecruitment team.</p>\\n<br />\\n<br /><span style=\\\"font-size: 10pt;\\\">Powered by <a href=\\\"http://www.opencats.org\" alt=\\\"OpenCATS \"\n                    . \"Applicant Tracking System\\\">OpenCATS</a> (Free ATS)</span>',1251,180,'2022-12-20 06:21:43'),(207,'mayur.mhetre@orane.in','chandrapurohit@herofincorp.com','Subject: Job Application Status Change\n\nMessage:\n* Auto generated message. Please DO NOT reply *\r\n20-12-22 6:26 AM\r\n\r\nDear Prakash Purohit,\r\n\r\nThis E-Mail is a notification that we have updated your status in our database has been changed for the position Territory Manager - UCL (External Hiring).\r\n\r\nYour previous status was <B>Backup profile</B>.\r\nYour new status is <B>Interview Completed</B>.\r\n\r\nTake care,\r\nParul Misra\r\nHerofin\\n<br />\\n<br /><span style=\\\"font-size: 10pt;\\\">Powered by <a href=\\\"http://www.opencats.org\" alt=\\\"OpenCATS \"\n                    . \"Applicant Tracking System\\\">OpenCATS</a> (Free ATS)</span>',1251,1,'2022-12-20 06:26:51'),(208,'mayur.mhetre@orane.in','gurpreet@test.com','Subject: Thank You for Your Application\n\nMessage:\n* This is an auto-generated message. Please do not reply. *\r\n20-12-22 7:14 AM\r\n\r\nDear Gurpreet Bath,\r\n\r\nThank you for applying to the Developer position with our online career portal! Your application has been entered into our system and someone will review it shortly.\r\n\r\n--\r\nHerofin\\n<br />\\n<br /><span style=\\\"font-size: 10pt;\\\">Powered by <a href=\\\"http://www.opencats.org\" alt=\\\"OpenCATS \"\n                    . \"Applicant Tracking System\\\">OpenCATS</a> (Free ATS)</span>',1250,1,'2022-12-20 07:14:37'),(209,'mayur.mhetre@orane.in','parul.misra@orane.in','Subject: CATS - A Candidate Has Applied to Your Job Order\n\nMessage:\n20-12-22 7:14 AM\r\n\r\nDear Parul Misra,\r\n\r\nThis e-mail is a notification that a candidate has applied to your job order through the online candidate portal.\r\n\r\nJob Order: Developer\r\nCandidate Name: Gurpreet Bath\r\nCandidate URL: <a href=\"http://ats.myjoining.in/index.php?m=candidates&amp;a=show&amp;candidateID=39\">http://ats.myjoining.in/index.php?m=candidates&amp;a=show&amp;candidateID=39</a>\r\nJob Order URL: <a href=\"http://ats.myjoining.in/index.php?m=joborders&amp;a=show&amp;jobOrderID=21\">http://ats.myjoining.in/index.php?m=joborders&amp;a=show&amp;jobOrderID=21</a>\r\n\r\n\r\n--\r\nCATS\r\nHerofin\\n<br />\\n<br /><span style=\\\"font-size: 10pt;\\\">Powered by <a href=\\\"http://www.opencats.org\" alt=\\\"OpenCATS \"\n                    . \"Applicant Tracking System\\\">OpenCATS</a> (Free ATS)</span>',1250,1,'2022-12-20 07:14:38'),(210,'mayur.mhetre@orane.in','parul.misra@gmail.com','Subject: Thank You for Your Application\n\nMessage:\n* This is an auto-generated message. Please do not reply. *\r\n21-12-22 6:09 AM\r\n\r\nDear Rakesh Singh,\r\n\r\nThank you for applying to the Manager position with our online career portal! Your application has been entered into our system and someone will review it shortly.\r\n\r\n--\r\nHerofin\\n<br />\\n<br /><span style=\\\"font-size: 10pt;\\\">Powered by <a href=\\\"http://www.opencats.org\" alt=\\\"OpenCATS \"\n                    . \"Applicant Tracking System\\\">OpenCATS</a> (Free ATS)</span>',1250,1,'2022-12-21 06:09:47'),(211,'mayur.mhetre@orane.in','parul.misra@orane.in','Subject: CATS - A Candidate Has Applied to Your Job Order\n\nMessage:\n21-12-22 6:09 AM\r\n\r\nDear Parul Misra,\r\n\r\nThis e-mail is a notification that a candidate has applied to your job order through the online candidate portal.\r\n\r\nJob Order: Manager\r\nCandidate Name: Rakesh Singh\r\nCandidate URL: <a href=\"http://ats.myjoining.in/index.php?m=candidates&amp;a=show&amp;candidateID=4\">http://ats.myjoining.in/index.php?m=candidates&amp;a=show&amp;candidateID=4</a>\r\nJob Order URL: <a href=\"http://ats.myjoining.in/index.php?m=joborders&amp;a=show&amp;jobOrderID=26\">http://ats.myjoining.in/index.php?m=joborders&amp;a=show&amp;jobOrderID=26</a>\r\n<p>Candidate has applied to the organization in the past for the following positions: </p> <p>Assistant Manager,Accountant</p>\r\n\r\n--\r\nCATS\r\nHerofin\\n<br />\\n<br /><span style=\\\"font-size: 10pt;\\\">Powered by <a href=\\\"http://www.opencats.org\" alt=\\\"OpenCATS \"\n                    . \"Applicant Tracking System\\\">OpenCATS</a> (Free ATS)</span>',1250,1,'2022-12-21 06:09:47'),(212,'mayur.mhetre@orane.in','lomij@hyn.com','Subject: Job Application Status Change\n\nMessage:\n* Auto generated message. Please DO NOT reply *\r\n21-12-22 6:16 AM\r\n\r\nDear Mohan Singh,\r\n\r\nThis E-Mail is a notification that we have updated your status in our database has been changed for the position Manager (External Hiring).\r\n\r\nYour previous status was <B></B>.\r\nYour new status is <B>Backup profile</B>.\r\n\r\nTake care,\r\nParul Misra\r\nHerofin\\n<br />\\n<br /><span style=\\\"font-size: 10pt;\\\">Powered by <a href=\\\"http://www.opencats.org\" alt=\\\"OpenCATS \"\n                    . \"Applicant Tracking System\\\">OpenCATS</a> (Free ATS)</span>',1251,1,'2022-12-21 06:18:08'),(213,'mayur.mhetre@orane.in','njuythg@juin.com','Subject: Thank You for Your Application\n\nMessage:\n* This is an auto-generated message. Please do not reply. *\r\n21-12-22 7:07 AM\r\n\r\nDear krishan Kumar,\r\n\r\nThank you for applying to the Territory Manager - UCL position with our online career portal! Your application has been entered into our system and someone will review it shortly.\r\n\r\n--\r\nHerofin\\n<br />\\n<br /><span style=\\\"font-size: 10pt;\\\">Powered by <a href=\\\"http://www.opencats.org\" alt=\\\"OpenCATS \"\n                    . \"Applicant Tracking System\\\">OpenCATS</a> (Free ATS)</span>',1250,1,'2022-12-21 07:07:14'),(214,'mayur.mhetre@orane.in','parul.misra@orane.in','Subject: CATS - A Candidate Has Applied to Your Job Order\n\nMessage:\n21-12-22 7:07 AM\r\n\r\nDear Parul Misra,\r\n\r\nThis e-mail is a notification that a candidate has applied to your job order through the online candidate portal.\r\n\r\nJob Order: Territory Manager - UCL\r\nCandidate Name: krishan Kumar\r\nCandidate URL: <a href=\"http://ats.myjoining.in/index.php?m=candidates&amp;a=show&amp;candidateID=43\">http://ats.myjoining.in/index.php?m=candidates&amp;a=show&amp;candidateID=43</a>\r\nJob Order URL: <a href=\"http://ats.myjoining.in/index.php?m=joborders&amp;a=show&amp;jobOrderID=25\">http://ats.myjoining.in/index.php?m=joborders&amp;a=show&amp;jobOrderID=25</a>\r\n\r\n\r\n--\r\nCATS\r\nHerofin\\n<br />\\n<br /><span style=\\\"font-size: 10pt;\\\">Powered by <a href=\\\"http://www.opencats.org\" alt=\\\"OpenCATS \"\n                    . \"Applicant Tracking System\\\">OpenCATS</a> (Free ATS)</span>',1250,1,'2022-12-21 07:07:15'),(215,'mayur.mhetre@orane.in','njuythg@juin.com','Subject: Job Application Status Change\n\nMessage:\n* Auto generated message. Please DO NOT reply *\r\n21-12-22 7:15 AM\r\n\r\nDear  ,\r\n\r\nThis E-Mail is a notification that we have updated your status in our database has been changed for the position Territory Manager - UCL (External Hiring).\r\n\r\nYour previous status was <B></B>.\r\nYour new status is <B>Interview Completed</B>.\r\n\r\nTake care,\r\nParul Misra\r\nHerofin\\n<br />\\n<br /><span style=\\\"font-size: 10pt;\\\">Powered by <a href=\\\"http://www.opencats.org\" alt=\\\"OpenCATS \"\n                    . \"Applicant Tracking System\\\">OpenCATS</a> (Free ATS)</span>',1251,1,'2022-12-21 07:16:09'),(216,'mayur.mhetre@orane.in','parul.misra@orane.in','Subject: Job Application Status Change\n\nMessage:\n* Auto generated message. Please DO NOT reply *\r\n21-12-22 7:15 AM\r\n\r\nDear  ,\r\n\r\nThis E-Mail is a notification that we have updated your status in our database has been changed for the position Territory Manager - UCL (External Hiring).\r\n\r\nYour previous status was <B></B>.\r\nYour new status is <B>Interview Completed</B>.\r\n\r\nTake care,\r\nParul Misra\r\nHerofin\\n<br />\\n<br /><span style=\\\"font-size: 10pt;\\\">Powered by <a href=\\\"http://www.opencats.org\" alt=\\\"OpenCATS \"\n                    . \"Applicant Tracking System\\\">OpenCATS</a> (Free ATS)</span>',1251,1,'2022-12-21 07:16:10'),(217,'mayur.mhetre@orane.in','parul.misra@gmail.com','Subject: Thank You for Your Application\n\nMessage:\n* This is an auto-generated message. Please do not reply. *\r\n05-01-23 7:57 AM\r\n\r\nDear Rakesh Singh,\r\n\r\nThank you for applying to the Territory Manager - UCL position with our online career portal! Your application has been entered into our system and someone will review it shortly.\r\n\r\n--\r\nHerofin\\n<br />\\n<br /><span style=\\\"font-size: 10pt;\\\">Powered by <a href=\\\"http://www.opencats.org\" alt=\\\"OpenCATS \"\n                    . \"Applicant Tracking System\\\">OpenCATS</a> (Free ATS)</span>',1250,1,'2023-01-05 13:27:13'),(218,'mayur.mhetre@orane.in','parul.misra@orane.in','Subject: CATS - A Candidate Has Applied to Your Job Order\n\nMessage:\n05-01-23 7:57 AM\r\n\r\nDear Parul Misra,\r\n\r\nThis e-mail is a notification that a candidate has applied to your job order through the online candidate portal.\r\n\r\nJob Order: Territory Manager - UCL\r\nCandidate Name: Rakesh Singh\r\nCandidate URL: <a href=\"http://ats.myjoining.in/index.php?m=candidates&amp;a=show&amp;candidateID=4\">http://ats.myjoining.in/index.php?m=candidates&amp;a=show&amp;candidateID=4</a>\r\nJob Order URL: <a href=\"http://ats.myjoining.in/index.php?m=joborders&amp;a=show&amp;jobOrderID=25\">http://ats.myjoining.in/index.php?m=joborders&amp;a=show&amp;jobOrderID=25</a>\r\n<p>Candidate has applied to the organization in the past for the following positions: </p> <p>Assistant Manager,Accountant,Manager</p>\r\n\r\n--\r\nCATS\r\nHerofin\\n<br />\\n<br /><span style=\\\"font-size: 10pt;\\\">Powered by <a href=\\\"http://www.opencats.org\" alt=\\\"OpenCATS \"\n                    . \"Applicant Tracking System\\\">OpenCATS</a> (Free ATS)</span>',1250,1,'2023-01-05 13:27:14'),(219,'mayur.mhetre@orane.in','vikas@jng.com','Subject: Thank You for Your Application\n\nMessage:\n* This is an auto-generated message. Please do not reply. *\r\n06-01-23 10:03 AM\r\n\r\nDear Vikas Lal,\r\n\r\nThank you for applying to the Developer position with our online career portal! Your application has been entered into our system and someone will review it shortly.\r\n\r\n--\r\nHerofin\\n<br />\\n<br /><span style=\\\"font-size: 10pt;\\\">Powered by <a href=\\\"http://www.opencats.org\" alt=\\\"OpenCATS \"\n                    . \"Applicant Tracking System\\\">OpenCATS</a> (Free ATS)</span>',1250,1,'2023-01-06 15:33:25'),(220,'mayur.mhetre@orane.in','parul.misra@orane.in','Subject: CATS - A Candidate Has Applied to Your Job Order\n\nMessage:\n06-01-23 10:03 AM\r\n\r\nDear Parul Misra,\r\n\r\nThis e-mail is a notification that a candidate has applied to your job order through the online candidate portal.\r\n\r\nJob Order: Developer\r\nCandidate Name: Vikas Lal\r\nCandidate URL: <a href=\"http://ats.myjoining.in/index.php?m=candidates&amp;a=show&amp;candidateID=10\">http://ats.myjoining.in/index.php?m=candidates&amp;a=show&amp;candidateID=10</a>\r\nJob Order URL: <a href=\"http://ats.myjoining.in/index.php?m=joborders&amp;a=show&amp;jobOrderID=21\">http://ats.myjoining.in/index.php?m=joborders&amp;a=show&amp;jobOrderID=21</a>\r\n<p>Candidate has applied to the organization in the past for the following positions: </p> <p>Assistant Manager</p>\r\n\r\n--\r\nCATS\r\nHerofin\\n<br />\\n<br /><span style=\\\"font-size: 10pt;\\\">Powered by <a href=\\\"http://www.opencats.org\" alt=\\\"OpenCATS \"\n                    . \"Applicant Tracking System\\\">OpenCATS</a> (Free ATS)</span>',1250,1,'2023-01-06 15:33:25'),(221,'mayur.mhetre@orane.in','werwerq@hsgfjwk.com','Subject: Thank You for Your Application\n\nMessage:\n* This is an auto-generated message. Please do not reply. *\r\n09-01-23 5:52 AM\r\n\r\nDear Rajesh singh,\r\n\r\nThank you for applying to the Consultant-North position with our online career portal! Your application has been entered into our system and someone will review it shortly.\r\n\r\n--\r\nHerofin\\n<br />\\n<br /><span style=\\\"font-size: 10pt;\\\">Powered by <a href=\\\"http://www.opencats.org\" alt=\\\"OpenCATS \"\n                    . \"Applicant Tracking System\\\">OpenCATS</a> (Free ATS)</span>',1250,1,'2023-01-09 11:22:43'),(222,'mayur.mhetre@orane.in','parul.misra@orane.in','Subject: CATS - A Candidate Has Applied to Your Job Order\n\nMessage:\n09-01-23 5:52 AM\r\n\r\nDear rohan Singh,\r\n\r\nThis e-mail is a notification that a candidate has applied to your job order through the online candidate portal.\r\n\r\nJob Order: Consultant-North\r\nCandidate Name: Rajesh singh\r\nCandidate URL: <a href=\"http://ats.myjoining.in/index.php?m=candidates&amp;a=show&amp;candidateID=57\">http://ats.myjoining.in/index.php?m=candidates&amp;a=show&amp;candidateID=57</a>\r\nJob Order URL: <a href=\"http://ats.myjoining.in/index.php?m=joborders&amp;a=show&amp;jobOrderID=2\">http://ats.myjoining.in/index.php?m=joborders&amp;a=show&amp;jobOrderID=2</a>\r\n\r\n\r\n--\r\nCATS\r\nHerofin\\n<br />\\n<br /><span style=\\\"font-size: 10pt;\\\">Powered by <a href=\\\"http://www.opencats.org\" alt=\\\"OpenCATS \"\n                    . \"Applicant Tracking System\\\">OpenCATS</a> (Free ATS)</span>',1250,1,'2023-01-09 11:22:44'),(223,'mayur.mhetre@orane.in','werwerq@hsgfjwk.com','Subject: Job Application Status Change\n\nMessage:\n* Auto generated message. Please DO NOT reply *\r\n09-01-23 5:55 AM\r\n\r\nDear Rajesh singh,\r\n\r\nThis E-Mail is a notification that we have updated your status in our database has been changed for the position Consultant-North (Herofin).\r\n\r\nYour previous status was <B></B>.\r\nYour new status is <B>Rejected – Business Interview</B>.\r\n\r\nTake care,\r\nParul Misra\r\nHerofin\\n<br />\\n<br /><span style=\\\"font-size: 10pt;\\\">Powered by <a href=\\\"http://www.opencats.org\" alt=\\\"OpenCATS \"\n                    . \"Applicant Tracking System\\\">OpenCATS</a> (Free ATS)</span>',1251,1,'2023-01-09 11:26:30'),(224,'mayur.mhetre@orane.in','parul.misra@gmail.com','Subject: Job notification\n\nMessage:\nDear Team,\r\n\r\nThis is to notify you that a new Job Posting is available : Testing g -\r\n\r\nYou can go <a href=\"http://ats.myjoining.in/index.php?m=careers&amp;p=showJob&ID=28\">Here</a> for more details.\r\n\r\nRequest your action for sourcing applications for the same.\r\n\r\nRgds,\r\nRecruitment team\\n<br />\\n<br /><span style=\\\"font-size: 10pt;\\\">Powered by <a href=\\\"http://www.opencats.org\" alt=\\\"OpenCATS \"\n                    . \"Applicant Tracking System\\\">OpenCATS</a> (Free ATS)</span>',1,1,'2023-01-09 11:33:12'),(225,'mayur.mhetre@orane.in','parul.misra@orane.in','Subject: Job notification\n\nMessage:\nDear Team,\r\n\r\nThis is to notify you that a new Job Posting is available : Testing g -\r\n\r\nYou can go <a href=\"http://ats.myjoining.in/index.php?m=careers&amp;p=showJob&ID=28\">Here</a> for more details.\r\n\r\nRequest your action for sourcing applications for the same.\r\n\r\nRgds,\r\nRecruitment team\\n<br />\\n<br /><span style=\\\"font-size: 10pt;\\\">Powered by <a href=\\\"http://www.opencats.org\" alt=\\\"OpenCATS \"\n                    . \"Applicant Tracking System\\\">OpenCATS</a> (Free ATS)</span>',1,1,'2023-01-09 11:33:13'),(226,'mayur.mhetre@orane.in','parul.misra@orane.in','Subject: Job notification\n\nMessage:\nDear Team,\r\n\r\nThis is to notify you that a new Job Posting is available : General Manager -\r\n\r\nYou can go <a href=\"http://ats.myjoining.in/index.php?m=careers&amp;p=showJob&ID=29\">Here</a> for more details.\r\n\r\nRequest your action for sourcing applications for the same.\r\n\r\nRgds,\r\nRecruitment team\\n<br />\\n<br /><span style=\\\"font-size: 10pt;\\\">Powered by <a href=\\\"http://www.opencats.org\" alt=\\\"OpenCATS \"\n                    . \"Applicant Tracking System\\\">OpenCATS</a> (Free ATS)</span>',1251,1,'2023-01-09 11:47:19'),(227,'mayur.mhetre@orane.in','parul.misra@gmail.com','Subject: Job notification\n\nMessage:\nDear Team,\r\n\r\nThis is to notify you that a new Job Posting is available : General Manager -\r\n\r\nYou can go <a href=\"http://ats.myjoining.in/index.php?m=careers&amp;p=showJob&ID=29\">Here</a> for more details.\r\n\r\nRequest your action for sourcing applications for the same.\r\n\r\nRgds,\r\nRecruitment team\\n<br />\\n<br /><span style=\\\"font-size: 10pt;\\\">Powered by <a href=\\\"http://www.opencats.org\" alt=\\\"OpenCATS \"\n                    . \"Applicant Tracking System\\\">OpenCATS</a> (Free ATS)</span>',1251,1,'2023-01-09 11:47:20'),(228,'mayur.mhetre@orane.in','parul.misra@orane.in','Subject: Job notification\n\nMessage:\nDear Team,\r\n\r\nThis is to notify you that a new Job Posting is available : General Manager -\r\n\r\nYou can go <a href=\"http://ats.myjoining.in/index.php?m=careers&amp;p=showJob&ID=29\">Here</a> for more details.\r\n\r\nRequest your action for sourcing applications for the same.\r\n\r\nRgds,\r\nRecruitment team\\n<br />\\n<br /><span style=\\\"font-size: 10pt;\\\">Powered by <a href=\\\"http://www.opencats.org\" alt=\\\"OpenCATS \"\n                    . \"Applicant Tracking System\\\">OpenCATS</a> (Free ATS)</span>',1251,1,'2023-01-09 11:47:21'),(229,'mayur.mhetre@orane.in','jouoi@kimn.com','Subject: Thank You for Your Application\n\nMessage:\n* This is an auto-generated message. Please do not reply. *\r\n09-01-23 6:21 AM\r\n\r\nDear Vanada sawant,\r\n\r\nThank you for applying to the General Manager position with our online career portal! Your application has been entered into our system and someone will review it shortly.\r\n\r\n--\r\nHerofin\\n<br />\\n<br /><span style=\\\"font-size: 10pt;\\\">Powered by <a href=\\\"http://www.opencats.org\" alt=\\\"OpenCATS \"\n                    . \"Applicant Tracking System\\\">OpenCATS</a> (Free ATS)</span>',1250,1,'2023-01-09 11:51:45'),(230,'mayur.mhetre@orane.in','parul.misra@orane.in','Subject: CATS - A Candidate Has Applied to Your Job Order\n\nMessage:\n09-01-23 6:21 AM\r\n\r\nDear Parul Misra,\r\n\r\nThis e-mail is a notification that a candidate has applied to your job order through the online candidate portal.\r\n\r\nJob Order: General Manager\r\nCandidate Name: Vanada sawant\r\nCandidate URL: <a href=\"http://ats.myjoining.in/index.php?m=candidates&amp;a=show&amp;candidateID=58\">http://ats.myjoining.in/index.php?m=candidates&amp;a=show&amp;candidateID=58</a>\r\nJob Order URL: <a href=\"http://ats.myjoining.in/index.php?m=joborders&amp;a=show&amp;jobOrderID=29\">http://ats.myjoining.in/index.php?m=joborders&amp;a=show&amp;jobOrderID=29</a>\r\n\r\n\r\n--\r\nCATS\r\nHerofin\\n<br />\\n<br /><span style=\\\"font-size: 10pt;\\\">Powered by <a href=\\\"http://www.opencats.org\" alt=\\\"OpenCATS \"\n                    . \"Applicant Tracking System\\\">OpenCATS</a> (Free ATS)</span>',1250,1,'2023-01-09 11:51:46'),(231,'mayur.mhetre@orane.in','jouoi@kimn.com','Subject: Job Application Status Change\n\nMessage:\n* Auto generated message. Please DO NOT reply *\r\n09-01-23 6:23 AM\r\n\r\nDear Vanada sawant,\r\n\r\nThis E-Mail is a notification that we have updated your status in our database has been changed for the position General Manager (External Hiring).\r\n\r\nYour previous status was <B></B>.\r\nYour new status is <B>Rejected – HR Interview</B>.\r\n\r\nTake care,\r\nParul Misra\r\nHerofin\\n<br />\\n<br /><span style=\\\"font-size: 10pt;\\\">Powered by <a href=\\\"http://www.opencats.org\" alt=\\\"OpenCATS \"\n                    . \"Applicant Tracking System\\\">OpenCATS</a> (Free ATS)</span>',1251,1,'2023-01-09 11:53:33'),(232,'mayur.mhetre@orane.in','wew@ewrew.com','Subject: Job Application Status Change\n\nMessage:\n* Auto generated message. Please DO NOT reply *\r\n09-01-23 11:28 AM\r\n\r\nDear Vidyut Bagel,\r\n\r\nThis E-Mail is a notification that we have updated your status in our database has been changed for the position General Manager (External Hiring).\r\n\r\nYour previous status was <B></B>.\r\nYour new status is <B>Rejected – Candidate Not Fit</B>.\r\n\r\nTake care,\r\nParul Misra\r\nHerofin\\n<br />\\n<br /><span style=\\\"font-size: 10pt;\\\">Powered by <a href=\\\"http://www.opencats.org\" alt=\\\"OpenCATS \"\n                    . \"Applicant Tracking System\\\">OpenCATS</a> (Free ATS)</span>',1251,1,'2023-01-09 16:58:45'),(233,'mayur.mhetre@orane.in','parul.misra@orane.in','Subject: Job notification\n\nMessage:\nDear Team,\r\n\r\nThis is to notify you that a new Job Posting is available : Junior Developer -\r\n\r\nYou can go <a href=\"http://ats.myjoining.in/index.php?m=careers&amp;p=showJob&ID=30\">Here</a> for more details.\r\n\r\nRequest your action for sourcing applications for the same.\r\n\r\nRgds,\r\nRecruitment team\\n<br />\\n<br /><span style=\\\"font-size: 10pt;\\\">Powered by <a href=\\\"http://www.opencats.org\" alt=\\\"OpenCATS \"\n                    . \"Applicant Tracking System\\\">OpenCATS</a> (Free ATS)</span>',1251,1,'2023-01-09 17:17:40'),(234,'mayur.mhetre@orane.in','parul.misra@gmail.com','Subject: Job notification\n\nMessage:\nDear Team,\r\n\r\nThis is to notify you that a new Job Posting is available : Junior Developer -\r\n\r\nYou can go <a href=\"http://ats.myjoining.in/index.php?m=careers&amp;p=showJob&ID=30\">Here</a> for more details.\r\n\r\nRequest your action for sourcing applications for the same.\r\n\r\nRgds,\r\nRecruitment team\\n<br />\\n<br /><span style=\\\"font-size: 10pt;\\\">Powered by <a href=\\\"http://www.opencats.org\" alt=\\\"OpenCATS \"\n                    . \"Applicant Tracking System\\\">OpenCATS</a> (Free ATS)</span>',1251,1,'2023-01-09 17:17:41'),(235,'mayur.mhetre@orane.in','parul.misra@orane.in','Subject: Job notification\n\nMessage:\nDear Team,\r\n\r\nThis is to notify you that a new Job Posting is available : Junior Developer -\r\n\r\nYou can go <a href=\"http://ats.myjoining.in/index.php?m=careers&amp;p=showJob&ID=30\">Here</a> for more details.\r\n\r\nRequest your action for sourcing applications for the same.\r\n\r\nRgds,\r\nRecruitment team\\n<br />\\n<br /><span style=\\\"font-size: 10pt;\\\">Powered by <a href=\\\"http://www.opencats.org\" alt=\\\"OpenCATS \"\n                    . \"Applicant Tracking System\\\">OpenCATS</a> (Free ATS)</span>',1251,1,'2023-01-09 17:17:42'),(236,'mayur.mhetre@orane.in','jouoi@kimn.com','Subject: Thank You for Your Application\n\nMessage:\n* This is an auto-generated message. Please do not reply. *\r\n09-01-23 11:56 AM\r\n\r\nDear kavita krishna,\r\n\r\nThank you for applying to the Junior Developer position with our online career portal! Your application has been entered into our system and someone will review it shortly.\r\n\r\n--\r\nHerofin\\n<br />\\n<br /><span style=\\\"font-size: 10pt;\\\">Powered by <a href=\\\"http://www.opencats.org\" alt=\\\"OpenCATS \"\n                    . \"Applicant Tracking System\\\">OpenCATS</a> (Free ATS)</span>',1250,1,'2023-01-09 17:26:10'),(237,'mayur.mhetre@orane.in','parul.misra@orane.in','Subject: CATS - A Candidate Has Applied to Your Job Order\n\nMessage:\n09-01-23 11:56 AM\r\n\r\nDear Parul Misra,\r\n\r\nThis e-mail is a notification that a candidate has applied to your job order through the online candidate portal.\r\n\r\nJob Order: Junior Developer\r\nCandidate Name: kavita krishna\r\nCandidate URL: <a href=\"http://ats.myjoining.in/index.php?m=candidates&amp;a=show&amp;candidateID=58\">http://ats.myjoining.in/index.php?m=candidates&amp;a=show&amp;candidateID=58</a>\r\nJob Order URL: <a href=\"http://ats.myjoining.in/index.php?m=joborders&amp;a=show&amp;jobOrderID=30\">http://ats.myjoining.in/index.php?m=joborders&amp;a=show&amp;jobOrderID=30</a>\r\n<p>Candidate has applied to the organization in the past for the following positions: </p> <p>General Manager</p>\r\n\r\n--\r\nCATS\r\nHerofin\\n<br />\\n<br /><span style=\\\"font-size: 10pt;\\\">Powered by <a href=\\\"http://www.opencats.org\" alt=\\\"OpenCATS \"\n                    . \"Applicant Tracking System\\\">OpenCATS</a> (Free ATS)</span>',1250,1,'2023-01-09 17:26:11'),(238,'mayur.mhetre@orane.in','jjgkgk@hgfjhfj.com','Subject: Thank You for Your Application\n\nMessage:\n* This is an auto-generated message. Please do not reply. *\r\n10-01-23 4:07 AM\r\n\r\nDear Neetika Singh,\r\n\r\nThank you for applying to the Junior Developer position with our online career portal! Your application has been entered into our system and someone will review it shortly.\r\n\r\n--\r\nHerofin\\n<br />\\n<br /><span style=\\\"font-size: 10pt;\\\">Powered by <a href=\\\"http://www.opencats.org\" alt=\\\"OpenCATS \"\n                    . \"Applicant Tracking System\\\">OpenCATS</a> (Free ATS)</span>',1250,1,'2023-01-10 09:37:40'),(239,'mayur.mhetre@orane.in','parul.misra@orane.in','Subject: CATS - A Candidate Has Applied to Your Job Order\n\nMessage:\n10-01-23 4:07 AM\r\n\r\nDear Parul Misra,\r\n\r\nThis e-mail is a notification that a candidate has applied to your job order through the online candidate portal.\r\n\r\nJob Order: Junior Developer\r\nCandidate Name: Neetika Singh\r\nCandidate URL: <a href=\"http://ats.myjoining.in/index.php?m=candidates&amp;a=show&amp;candidateID=60\">http://ats.myjoining.in/index.php?m=candidates&amp;a=show&amp;candidateID=60</a>\r\nJob Order URL: <a href=\"http://ats.myjoining.in/index.php?m=joborders&amp;a=show&amp;jobOrderID=30\">http://ats.myjoining.in/index.php?m=joborders&amp;a=show&amp;jobOrderID=30</a>\r\n\r\n\r\n--\r\nCATS\r\nHerofin\\n<br />\\n<br /><span style=\\\"font-size: 10pt;\\\">Powered by <a href=\\\"http://www.opencats.org\" alt=\\\"OpenCATS \"\n                    . \"Applicant Tracking System\\\">OpenCATS</a> (Free ATS)</span>',1250,1,'2023-01-10 09:37:41'),(240,'mayur.mhetre@orane.in','jjgkgk@hgfjhfj.com','Subject: Job Application Status Change\n\nMessage:\n* Auto generated message. Please DO NOT reply *\r\n10-01-23 4:08 AM\r\n\r\nDear Neetika Singh,\r\n\r\nThis E-Mail is a notification that we have updated your status in our database has been changed for the position Junior Developer (External Hiring).\r\n\r\nYour previous status was <B></B>.\r\nYour new status is <B>Interview Completed</B>.\r\n\r\nTake care,\r\nParul Misra\r\nHerofin\\n<br />\\n<br /><span style=\\\"font-size: 10pt;\\\">Powered by <a href=\\\"http://www.opencats.org\" alt=\\\"OpenCATS \"\n                    . \"Applicant Tracking System\\\">OpenCATS</a> (Free ATS)</span>',1251,1,'2023-01-10 09:38:33'),(241,'mayur.mhetre@orane.in','hljllj@hljl.com','Subject: Job Application Status Change\n\nMessage:\n* Auto generated message. Please DO NOT reply *\r\n10-01-23 5:15 AM\r\n\r\nDear test2 test2,\r\n\r\nThis E-Mail is a notification that we have updated your status in our database has been changed for the position Junior Developer (External Hiring).\r\n\r\nYour previous status was <B></B>.\r\nYour new status is <B>Interview Completed</B>.\r\n\r\nTake care,\r\nParul Misra\r\nHerofin\\n<br />\\n<br /><span style=\\\"font-size: 10pt;\\\">Powered by <a href=\\\"http://www.opencats.org\" alt=\\\"OpenCATS \"\n                    . \"Applicant Tracking System\\\">OpenCATS</a> (Free ATS)</span>',1251,1,'2023-01-10 10:45:12'),(242,'mayur.mhetre@orane.in','hjgkg@k.com','Subject: Job Application Status Change\n\nMessage:\n* Auto generated message. Please DO NOT reply *\r\n10-01-23 5:15 AM\r\n\r\nDear Cand1 test1,\r\n\r\nThis E-Mail is a notification that we have updated your status in our database has been changed for the position Junior Developer (External Hiring).\r\n\r\nYour previous status was <B></B>.\r\nYour new status is <B>Interview Completed</B>.\r\n\r\nTake care,\r\nParul Misra\r\nHerofin\\n<br />\\n<br /><span style=\\\"font-size: 10pt;\\\">Powered by <a href=\\\"http://www.opencats.org\" alt=\\\"OpenCATS \"\n                    . \"Applicant Tracking System\\\">OpenCATS</a> (Free ATS)</span>',1251,1,'2023-01-10 10:45:30'),(243,'mayur.mhetre@orane.in','jouoi@kimn.com','Subject: Job Application Status Change\n\nMessage:\n* Auto generated message. Please DO NOT reply *\r\n10-01-23 5:15 AM\r\n\r\nDear Vanada sawant,\r\n\r\nThis E-Mail is a notification that we have updated your status in our database has been changed for the position Junior Developer (External Hiring).\r\n\r\nYour previous status was <B></B>.\r\nYour new status is <B>Interview Completed</B>.\r\n\r\nTake care,\r\nParul Misra\r\nHerofin\\n<br />\\n<br /><span style=\\\"font-size: 10pt;\\\">Powered by <a href=\\\"http://www.opencats.org\" alt=\\\"OpenCATS \"\n                    . \"Applicant Tracking System\\\">OpenCATS</a> (Free ATS)</span>',1251,1,'2023-01-10 10:45:48'),(244,'mayur.mhetre@orane.in','khkhl@jgkh.com','Subject: Thank You for Your Application\n\nMessage:\n* This is an auto-generated message. Please do not reply. *\r\n10-01-23 5:53 AM\r\n\r\nDear jugal kishore,\r\n\r\nThank you for applying to the Junior Developer position with our online career portal! Your application has been entered into our system and someone will review it shortly.\r\n\r\n--\r\nHerofin\\n<br />\\n<br /><span style=\\\"font-size: 10pt;\\\">Powered by <a href=\\\"http://www.opencats.org\" alt=\\\"OpenCATS \"\n                    . \"Applicant Tracking System\\\">OpenCATS</a> (Free ATS)</span>',1250,1,'2023-01-10 11:23:16'),(245,'mayur.mhetre@orane.in','parul.misra@orane.in','Subject: CATS - A Candidate Has Applied to Your Job Order\n\nMessage:\n10-01-23 5:53 AM\r\n\r\nDear Parul Misra,\r\n\r\nThis e-mail is a notification that a candidate has applied to your job order through the online candidate portal.\r\n\r\nJob Order: Junior Developer\r\nCandidate Name: jugal kishore\r\nCandidate URL: <a href=\"http://ats.myjoining.in/index.php?m=candidates&amp;a=show&amp;candidateID=63\">http://ats.myjoining.in/index.php?m=candidates&amp;a=show&amp;candidateID=63</a>\r\nJob Order URL: <a href=\"http://ats.myjoining.in/index.php?m=joborders&amp;a=show&amp;jobOrderID=30\">http://ats.myjoining.in/index.php?m=joborders&amp;a=show&amp;jobOrderID=30</a>\r\n\r\n\r\n--\r\nCATS\r\nHerofin\\n<br />\\n<br /><span style=\\\"font-size: 10pt;\\\">Powered by <a href=\\\"http://www.opencats.org\" alt=\\\"OpenCATS \"\n                    . \"Applicant Tracking System\\\">OpenCATS</a> (Free ATS)</span>',1250,1,'2023-01-10 11:23:16'),(246,'mayur.mhetre@orane.in','kjlj@jlkjl.com','Subject: Thank You for Your Application\n\nMessage:\n* This is an auto-generated message. Please do not reply. *\r\n10-01-23 5:55 AM\r\n\r\nDear sagun mehta,\r\n\r\nThank you for applying to the Junior Developer position with our online career portal! Your application has been entered into our system and someone will review it shortly.\r\n\r\n--\r\nHerofin\\n<br />\\n<br /><span style=\\\"font-size: 10pt;\\\">Powered by <a href=\\\"http://www.opencats.org\" alt=\\\"OpenCATS \"\n                    . \"Applicant Tracking System\\\">OpenCATS</a> (Free ATS)</span>',1250,1,'2023-01-10 11:25:16'),(247,'mayur.mhetre@orane.in','parul.misra@orane.in','Subject: CATS - A Candidate Has Applied to Your Job Order\n\nMessage:\n10-01-23 5:55 AM\r\n\r\nDear Parul Misra,\r\n\r\nThis e-mail is a notification that a candidate has applied to your job order through the online candidate portal.\r\n\r\nJob Order: Junior Developer\r\nCandidate Name: sagun mehta\r\nCandidate URL: <a href=\"http://ats.myjoining.in/index.php?m=candidates&amp;a=show&amp;candidateID=64\">http://ats.myjoining.in/index.php?m=candidates&amp;a=show&amp;candidateID=64</a>\r\nJob Order URL: <a href=\"http://ats.myjoining.in/index.php?m=joborders&amp;a=show&amp;jobOrderID=30\">http://ats.myjoining.in/index.php?m=joborders&amp;a=show&amp;jobOrderID=30</a>\r\n\r\n\r\n--\r\nCATS\r\nHerofin\\n<br />\\n<br /><span style=\\\"font-size: 10pt;\\\">Powered by <a href=\\\"http://www.opencats.org\" alt=\\\"OpenCATS \"\n                    . \"Applicant Tracking System\\\">OpenCATS</a> (Free ATS)</span>',1250,1,'2023-01-10 11:25:17'),(248,'mayur.mhetre@orane.in','parul.misra@orane.in','Subject: Job notification\n\nMessage:\nDear Team,\r\n\r\nThis is to notify you that a new Job Posting is available : Sales Manager -\r\n\r\nYou can go <a href=\"http://ats.myjoining.in/index.php?m=careers&amp;p=showJob&ID=31\">Here</a> for more details.\r\n\r\nRequest your action for sourcing applications for the same.\r\n\r\nRgds,\r\nRecruitment team\\n<br />\\n<br /><span style=\\\"font-size: 10pt;\\\">Powered by <a href=\\\"http://www.opencats.org\" alt=\\\"OpenCATS \"\n                    . \"Applicant Tracking System\\\">OpenCATS</a> (Free ATS)</span>',1251,1,'2023-01-10 11:43:16'),(249,'mayur.mhetre@orane.in','chandra.purohit@herofincorp.com','Subject: Job notification\n\nMessage:\nDear Team,\r\n\r\nThis is to notify you that a new Job Posting is available : Sales Manager -\r\n\r\nYou can go <a href=\"http://ats.myjoining.in/index.php?m=careers&amp;p=showJob&ID=31\">Here</a> for more details.\r\n\r\nRequest your action for sourcing applications for the same.\r\n\r\nRgds,\r\nRecruitment team\\n<br />\\n<br /><span style=\\\"font-size: 10pt;\\\">Powered by <a href=\\\"http://www.opencats.org\" alt=\\\"OpenCATS \"\n                    . \"Applicant Tracking System\\\">OpenCATS</a> (Free ATS)</span>',1251,1,'2023-01-10 11:43:17'),(250,'mayur.mhetre@orane.in','parul.misra@gmail.com','Subject: Job notification\n\nMessage:\nDear Team,\r\n\r\nThis is to notify you that a new Job Posting is available : Sales Manager -\r\n\r\nYou can go <a href=\"http://ats.myjoining.in/index.php?m=careers&amp;p=showJob&ID=31\">Here</a> for more details.\r\n\r\nRequest your action for sourcing applications for the same.\r\n\r\nRgds,\r\nRecruitment team\\n<br />\\n<br /><span style=\\\"font-size: 10pt;\\\">Powered by <a href=\\\"http://www.opencats.org\" alt=\\\"OpenCATS \"\n                    . \"Applicant Tracking System\\\">OpenCATS</a> (Free ATS)</span>',1251,1,'2023-01-10 11:43:18'),(251,'mayur.mhetre@orane.in','parul.misra@orane.in','Subject: Job notification\n\nMessage:\nDear Team,\r\n\r\nThis is to notify you that a new Job Posting is available : Sales Manager -\r\n\r\nYou can go <a href=\"http://ats.myjoining.in/index.php?m=careers&amp;p=showJob&ID=31\">Here</a> for more details.\r\n\r\nRequest your action for sourcing applications for the same.\r\n\r\nRgds,\r\nRecruitment team\\n<br />\\n<br /><span style=\\\"font-size: 10pt;\\\">Powered by <a href=\\\"http://www.opencats.org\" alt=\\\"OpenCATS \"\n                    . \"Applicant Tracking System\\\">OpenCATS</a> (Free ATS)</span>',1251,1,'2023-01-10 11:43:19'),(252,'mayur.mhetre@orane.in','parul.misra@orane.in','Subject: Job notification\n\nMessage:\nDear Team,\r\n\r\nThis is to notify you that a new Job Posting is available : Sales Manager -\r\n\r\nYou can go <a href=\"http://ats.myjoining.in/index.php?m=careers&amp;p=showJob&ID=31\">Here</a> for more details.\r\n\r\nRequest your action for sourcing applications for the same.\r\n\r\nRgds,\r\nRecruitment team\\n<br />\\n<br /><span style=\\\"font-size: 10pt;\\\">Powered by <a href=\\\"http://www.opencats.org\" alt=\\\"OpenCATS \"\n                    . \"Applicant Tracking System\\\">OpenCATS</a> (Free ATS)</span>',1251,1,'2023-01-10 11:44:01'),(253,'mayur.mhetre@orane.in','chandra.purohit@herofincorp.com','Subject: Job notification\n\nMessage:\nDear Team,\r\n\r\nThis is to notify you that a new Job Posting is available : Sales Manager -\r\n\r\nYou can go <a href=\"http://ats.myjoining.in/index.php?m=careers&amp;p=showJob&ID=31\">Here</a> for more details.\r\n\r\nRequest your action for sourcing applications for the same.\r\n\r\nRgds,\r\nRecruitment team\\n<br />\\n<br /><span style=\\\"font-size: 10pt;\\\">Powered by <a href=\\\"http://www.opencats.org\" alt=\\\"OpenCATS \"\n                    . \"Applicant Tracking System\\\">OpenCATS</a> (Free ATS)</span>',1251,1,'2023-01-10 11:44:02'),(254,'mayur.mhetre@orane.in','parul.misra@gmail.com','Subject: Job notification\n\nMessage:\nDear Team,\r\n\r\nThis is to notify you that a new Job Posting is available : Sales Manager -\r\n\r\nYou can go <a href=\"http://ats.myjoining.in/index.php?m=careers&amp;p=showJob&ID=31\">Here</a> for more details.\r\n\r\nRequest your action for sourcing applications for the same.\r\n\r\nRgds,\r\nRecruitment team\\n<br />\\n<br /><span style=\\\"font-size: 10pt;\\\">Powered by <a href=\\\"http://www.opencats.org\" alt=\\\"OpenCATS \"\n                    . \"Applicant Tracking System\\\">OpenCATS</a> (Free ATS)</span>',1251,1,'2023-01-10 11:44:03'),(255,'mayur.mhetre@orane.in','parul.misra@orane.in','Subject: Job notification\n\nMessage:\nDear Team,\r\n\r\nThis is to notify you that a new Job Posting is available : Sales Manager -\r\n\r\nYou can go <a href=\"http://ats.myjoining.in/index.php?m=careers&amp;p=showJob&ID=31\">Here</a> for more details.\r\n\r\nRequest your action for sourcing applications for the same.\r\n\r\nRgds,\r\nRecruitment team\\n<br />\\n<br /><span style=\\\"font-size: 10pt;\\\">Powered by <a href=\\\"http://www.opencats.org\" alt=\\\"OpenCATS \"\n                    . \"Applicant Tracking System\\\">OpenCATS</a> (Free ATS)</span>',1251,1,'2023-01-10 11:44:04'),(256,'mayur.mhetre@orane.in','chandra.purohit@herofincorp.com','Subject: Thank You for Your Application\n\nMessage:\n* This is an auto-generated message. Please do not reply. *\r\n10-01-23 6:20 AM\r\n\r\nDear Chandra Purohit,\r\n\r\nThank you for applying to the Sales Manager position with our online career portal! Your application has been entered into our system and someone will review it shortly.\r\n\r\n--\r\nHerofin\\n<br />\\n<br /><span style=\\\"font-size: 10pt;\\\">Powered by <a href=\\\"http://www.opencats.org\" alt=\\\"OpenCATS \"\n                    . \"Applicant Tracking System\\\">OpenCATS</a> (Free ATS)</span>',1250,1,'2023-01-10 11:50:58'),(257,'mayur.mhetre@orane.in','parul.misra@orane.in','Subject: CATS - A Candidate Has Applied to Your Job Order\n\nMessage:\n10-01-23 6:20 AM\r\n\r\nDear Parul Misra,\r\n\r\nThis e-mail is a notification that a candidate has applied to your job order through the online candidate portal.\r\n\r\nJob Order: Sales Manager\r\nCandidate Name: Chandra Purohit\r\nCandidate URL: <a href=\"http://ats.myjoining.in/index.php?m=candidates&amp;a=show&amp;candidateID=20\">http://ats.myjoining.in/index.php?m=candidates&amp;a=show&amp;candidateID=20</a>\r\nJob Order URL: <a href=\"http://ats.myjoining.in/index.php?m=joborders&amp;a=show&amp;jobOrderID=31\">http://ats.myjoining.in/index.php?m=joborders&amp;a=show&amp;jobOrderID=31</a>\r\n<p>Candidate has applied to the organization in the past for the following positions: </p> <p>Territory Manager,Developer,Intern,Territory Manager - UCL</p>\r\n\r\n--\r\nCATS\r\nHerofin\\n<br />\\n<br /><span style=\\\"font-size: 10pt;\\\">Powered by <a href=\\\"http://www.opencats.org\" alt=\\\"OpenCATS \"\n                    . \"Applicant Tracking System\\\">OpenCATS</a> (Free ATS)</span>',1250,1,'2023-01-10 11:50:59'),(258,'mayur.mhetre@orane.in','gurpreet@test.com','Subject: Thank You for Your Application\n\nMessage:\n* This is an auto-generated message. Please do not reply. *\r\n10-01-23 6:24 AM\r\n\r\nDear Gurpreet Test,\r\n\r\nThank you for applying to the Junior Developer position with our online career portal! Your application has been entered into our system and someone will review it shortly.\r\n\r\n--\r\nHerofin\\n<br />\\n<br /><span style=\\\"font-size: 10pt;\\\">Powered by <a href=\\\"http://www.opencats.org\" alt=\\\"OpenCATS \"\n                    . \"Applicant Tracking System\\\">OpenCATS</a> (Free ATS)</span>',1250,1,'2023-01-10 11:54:03'),(259,'mayur.mhetre@orane.in','parul.misra@orane.in','Subject: CATS - A Candidate Has Applied to Your Job Order\n\nMessage:\n10-01-23 6:24 AM\r\n\r\nDear Parul Misra,\r\n\r\nThis e-mail is a notification that a candidate has applied to your job order through the online candidate portal.\r\n\r\nJob Order: Junior Developer\r\nCandidate Name: Gurpreet Test\r\nCandidate URL: <a href=\"http://ats.myjoining.in/index.php?m=candidates&amp;a=show&amp;candidateID=39\">http://ats.myjoining.in/index.php?m=candidates&amp;a=show&amp;candidateID=39</a>\r\nJob Order URL: <a href=\"http://ats.myjoining.in/index.php?m=joborders&amp;a=show&amp;jobOrderID=30\">http://ats.myjoining.in/index.php?m=joborders&amp;a=show&amp;jobOrderID=30</a>\r\n<p>Candidate has applied to the organization in the past for the following positions: </p> <p>Developer</p>\r\n\r\n--\r\nCATS\r\nHerofin\\n<br />\\n<br /><span style=\\\"font-size: 10pt;\\\">Powered by <a href=\\\"http://www.opencats.org\" alt=\\\"OpenCATS \"\n                    . \"Applicant Tracking System\\\">OpenCATS</a> (Free ATS)</span>',1250,1,'2023-01-10 11:54:04'),(260,'mayur.mhetre@orane.in','chandra.purohit@herofincorp.com','Subject: Job Application Status Change\n\nMessage:\n* Auto generated message. Please DO NOT reply *\r\n10-01-23 6:33 AM\r\n\r\nDear Chandra Prakash Purohit,\r\n\r\nThis E-Mail is a notification that we have updated your status in our database has been changed for the position Sales Manager (External Hiring).\r\n\r\nYour previous status was <B></B>.\r\nYour new status is <B>Rejected – Business Interview</B>.\r\n\r\nTake care,\r\nParul Misra\r\nHerofin\\n<br />\\n<br /><span style=\\\"font-size: 10pt;\\\">Powered by <a href=\\\"http://www.opencats.org\" alt=\\\"OpenCATS \"\n                    . \"Applicant Tracking System\\\">OpenCATS</a> (Free ATS)</span>',1251,1,'2023-01-10 12:03:21'),(261,'mayur.mhetre@orane.in','parul.misra@orane.in','Subject: Job notification\n\nMessage:\nDear Team,\r\n\r\nThis is to notify you that a new Job Posting is available : Cluster Manager -\r\n\r\nYou can go <a href=\"http://ats.myjoining.in/index.php?m=careers&amp;p=showJob&ID=32\">Here</a> for more details.\r\n\r\nRequest your action for sourcing applications for the same.\r\n\r\nRgds,\r\nRecruitment team\\n<br />\\n<br /><span style=\\\"font-size: 10pt;\\\">Powered by <a href=\\\"http://www.opencats.org\" alt=\\\"OpenCATS \"\n                    . \"Applicant Tracking System\\\">OpenCATS</a> (Free ATS)</span>',1251,1,'2023-01-10 12:53:03'),(262,'mayur.mhetre@orane.in','chandra.purohit@herofincorp.com','Subject: Job notification\n\nMessage:\nDear Team,\r\n\r\nThis is to notify you that a new Job Posting is available : Cluster Manager -\r\n\r\nYou can go <a href=\"http://ats.myjoining.in/index.php?m=careers&amp;p=showJob&ID=32\">Here</a> for more details.\r\n\r\nRequest your action for sourcing applications for the same.\r\n\r\nRgds,\r\nRecruitment team\\n<br />\\n<br /><span style=\\\"font-size: 10pt;\\\">Powered by <a href=\\\"http://www.opencats.org\" alt=\\\"OpenCATS \"\n                    . \"Applicant Tracking System\\\">OpenCATS</a> (Free ATS)</span>',1251,1,'2023-01-10 12:53:04'),(263,'mayur.mhetre@orane.in','parul.misra@gmail.com','Subject: Job notification\n\nMessage:\nDear Team,\r\n\r\nThis is to notify you that a new Job Posting is available : Cluster Manager -\r\n\r\nYou can go <a href=\"http://ats.myjoining.in/index.php?m=careers&amp;p=showJob&ID=32\">Here</a> for more details.\r\n\r\nRequest your action for sourcing applications for the same.\r\n\r\nRgds,\r\nRecruitment team\\n<br />\\n<br /><span style=\\\"font-size: 10pt;\\\">Powered by <a href=\\\"http://www.opencats.org\" alt=\\\"OpenCATS \"\n                    . \"Applicant Tracking System\\\">OpenCATS</a> (Free ATS)</span>',1251,1,'2023-01-10 12:53:05'),(264,'mayur.mhetre@orane.in','parul.misra@orane.in','Subject: Job notification\n\nMessage:\nDear Team,\r\n\r\nThis is to notify you that a new Job Posting is available : Cluster Manager -\r\n\r\nYou can go <a href=\"http://ats.myjoining.in/index.php?m=careers&amp;p=showJob&ID=32\">Here</a> for more details.\r\n\r\nRequest your action for sourcing applications for the same.\r\n\r\nRgds,\r\nRecruitment team\\n<br />\\n<br /><span style=\\\"font-size: 10pt;\\\">Powered by <a href=\\\"http://www.opencats.org\" alt=\\\"OpenCATS \"\n                    . \"Applicant Tracking System\\\">OpenCATS</a> (Free ATS)</span>',1251,1,'2023-01-10 12:53:05'),(265,'mayur.mhetre@orane.in','palvika.charan@herofincorp.com','Subject: Test for application\n\nMessage:\n<p>Greetings,</p><p><br />\r\nThis is to inform that there is a new opening you could be interested in.</p><p>Go to https://ats.myjoining.in/careers/ at earliest to apply for the same.</p><p>Thanks.<br />\r\nrecruitment team.</p>\\n<br />\\n<br /><span style=\\\"font-size: 10pt;\\\">Powered by <a href=\\\"http://www.opencats.org\" alt=\\\"OpenCATS \"\n                    . \"Applicant Tracking System\\\">OpenCATS</a> (Free ATS)</span>',1251,180,'2023-01-10 12:57:51'),(266,'mayur.mhetre@orane.in','charanpalvika989@gmail.com','Subject: Thank You for Your Application\n\nMessage:\n* This is an auto-generated message. Please do not reply. *\r\n01-10-23 7:35 AM\r\n\r\nDear Palvika Charan,\r\n\r\nThank you for applying to the Cluster Manager position with our online career portal! Your application has been entered into our system and someone will review it shortly.\r\n\r\n--\r\nHerofin\\n<br />\\n<br /><span style=\\\"font-size: 10pt;\\\">Powered by <a href=\\\"http://www.opencats.org\" alt=\\\"OpenCATS \"\n                    . \"Applicant Tracking System\\\">OpenCATS</a> (Free ATS)</span>',1250,1,'2023-01-10 13:05:16'),(267,'mayur.mhetre@orane.in','parul.misra@orane.in','Subject: CATS - A Candidate Has Applied to Your Job Order\n\nMessage:\n01-10-23 7:35 AM\r\n\r\nDear Parul Misra,\r\n\r\nThis e-mail is a notification that a candidate has applied to your job order through the online candidate portal.\r\n\r\nJob Order: Cluster Manager\r\nCandidate Name: Palvika Charan\r\nCandidate URL: <a href=\"http://ats.myjoining.in/index.php?m=candidates&amp;a=show&amp;candidateID=65\">http://ats.myjoining.in/index.php?m=candidates&amp;a=show&amp;candidateID=65</a>\r\nJob Order URL: <a href=\"http://ats.myjoining.in/index.php?m=joborders&amp;a=show&amp;jobOrderID=32\">http://ats.myjoining.in/index.php?m=joborders&amp;a=show&amp;jobOrderID=32</a>\r\n\r\n\r\n--\r\nCATS\r\nHerofin\\n<br />\\n<br /><span style=\\\"font-size: 10pt;\\\">Powered by <a href=\\\"http://www.opencats.org\" alt=\\\"OpenCATS \"\n                    . \"Applicant Tracking System\\\">OpenCATS</a> (Free ATS)</span>',1250,1,'2023-01-10 13:05:17'),(268,'mayur.mhetre@orane.in','parul.misra@orane.in','Subject: Job notification\n\nMessage:\nDear Team,\r\n\r\nThis is to notify you that a new Job Posting is available : Relationship Manager -\r\n\r\nYou can go <a href=\"http://ats.myjoining.in/index.php?m=careers&amp;p=showJob&ID=33\">Here</a> for more details.\r\n\r\nRequest your action for sourcing applications for the same.\r\n\r\nRgds,\r\nRecruitment team\\n<br />\\n<br /><span style=\\\"font-size: 10pt;\\\">Powered by <a href=\\\"http://www.opencats.org\" alt=\\\"OpenCATS \"\n                    . \"Applicant Tracking System\\\">OpenCATS</a> (Free ATS)</span>',1251,1,'2023-01-10 13:17:00'),(269,'mayur.mhetre@orane.in','chandra.purohit@herofincorp.com','Subject: Job notification\n\nMessage:\nDear Team,\r\n\r\nThis is to notify you that a new Job Posting is available : Relationship Manager -\r\n\r\nYou can go <a href=\"http://ats.myjoining.in/index.php?m=careers&amp;p=showJob&ID=33\">Here</a> for more details.\r\n\r\nRequest your action for sourcing applications for the same.\r\n\r\nRgds,\r\nRecruitment team\\n<br />\\n<br /><span style=\\\"font-size: 10pt;\\\">Powered by <a href=\\\"http://www.opencats.org\" alt=\\\"OpenCATS \"\n                    . \"Applicant Tracking System\\\">OpenCATS</a> (Free ATS)</span>',1251,1,'2023-01-10 13:17:00'),(270,'mayur.mhetre@orane.in','parul.misra@gmail.com','Subject: Job notification\n\nMessage:\nDear Team,\r\n\r\nThis is to notify you that a new Job Posting is available : Relationship Manager -\r\n\r\nYou can go <a href=\"http://ats.myjoining.in/index.php?m=careers&amp;p=showJob&ID=33\">Here</a> for more details.\r\n\r\nRequest your action for sourcing applications for the same.\r\n\r\nRgds,\r\nRecruitment team\\n<br />\\n<br /><span style=\\\"font-size: 10pt;\\\">Powered by <a href=\\\"http://www.opencats.org\" alt=\\\"OpenCATS \"\n                    . \"Applicant Tracking System\\\">OpenCATS</a> (Free ATS)</span>',1251,1,'2023-01-10 13:17:01'),(271,'mayur.mhetre@orane.in','parul.misra@orane.in','Subject: Job notification\n\nMessage:\nDear Team,\r\n\r\nThis is to notify you that a new Job Posting is available : Relationship Manager -\r\n\r\nYou can go <a href=\"http://ats.myjoining.in/index.php?m=careers&amp;p=showJob&ID=33\">Here</a> for more details.\r\n\r\nRequest your action for sourcing applications for the same.\r\n\r\nRgds,\r\nRecruitment team\\n<br />\\n<br /><span style=\\\"font-size: 10pt;\\\">Powered by <a href=\\\"http://www.opencats.org\" alt=\\\"OpenCATS \"\n                    . \"Applicant Tracking System\\\">OpenCATS</a> (Free ATS)</span>',1251,1,'2023-01-10 13:17:02'),(272,'mayur.mhetre@orane.in','parul.misra@orane.in','Subject: Job notification\n\nMessage:\nDear Team,\r\n\r\nThis is to notify you that a new Job Posting is available : Relationship Manager -\r\n\r\nYou can go <a href=\"http://ats.myjoining.in/index.php?m=careers&amp;p=showJob&ID=33\">Here</a> for more details.\r\n\r\nRequest your action for sourcing applications for the same.\r\n\r\nRgds,\r\nRecruitment team\\n<br />\\n<br /><span style=\\\"font-size: 10pt;\\\">Powered by <a href=\\\"http://www.opencats.org\" alt=\\\"OpenCATS \"\n                    . \"Applicant Tracking System\\\">OpenCATS</a> (Free ATS)</span>',1251,1,'2023-01-10 13:20:05'),(273,'mayur.mhetre@orane.in','chandra.purohit@herofincorp.com','Subject: Job notification\n\nMessage:\nDear Team,\r\n\r\nThis is to notify you that a new Job Posting is available : Relationship Manager -\r\n\r\nYou can go <a href=\"http://ats.myjoining.in/index.php?m=careers&amp;p=showJob&ID=33\">Here</a> for more details.\r\n\r\nRequest your action for sourcing applications for the same.\r\n\r\nRgds,\r\nRecruitment team\\n<br />\\n<br /><span style=\\\"font-size: 10pt;\\\">Powered by <a href=\\\"http://www.opencats.org\" alt=\\\"OpenCATS \"\n                    . \"Applicant Tracking System\\\">OpenCATS</a> (Free ATS)</span>',1251,1,'2023-01-10 13:20:05'),(274,'mayur.mhetre@orane.in','parul.misra@gmail.com','Subject: Job notification\n\nMessage:\nDear Team,\r\n\r\nThis is to notify you that a new Job Posting is available : Relationship Manager -\r\n\r\nYou can go <a href=\"http://ats.myjoining.in/index.php?m=careers&amp;p=showJob&ID=33\">Here</a> for more details.\r\n\r\nRequest your action for sourcing applications for the same.\r\n\r\nRgds,\r\nRecruitment team\\n<br />\\n<br /><span style=\\\"font-size: 10pt;\\\">Powered by <a href=\\\"http://www.opencats.org\" alt=\\\"OpenCATS \"\n                    . \"Applicant Tracking System\\\">OpenCATS</a> (Free ATS)</span>',1251,1,'2023-01-10 13:20:06'),(275,'mayur.mhetre@orane.in','parul.misra@orane.in','Subject: Job notification\n\nMessage:\nDear Team,\r\n\r\nThis is to notify you that a new Job Posting is available : Relationship Manager -\r\n\r\nYou can go <a href=\"http://ats.myjoining.in/index.php?m=careers&amp;p=showJob&ID=33\">Here</a> for more details.\r\n\r\nRequest your action for sourcing applications for the same.\r\n\r\nRgds,\r\nRecruitment team\\n<br />\\n<br /><span style=\\\"font-size: 10pt;\\\">Powered by <a href=\\\"http://www.opencats.org\" alt=\\\"OpenCATS \"\n                    . \"Applicant Tracking System\\\">OpenCATS</a> (Free ATS)</span>',1251,1,'2023-01-10 13:20:07'),(276,'mayur.mhetre@orane.in','mayurvm001@gmail.com','Subject: CATS Test E-Mail\n\nMessage:\nThis is a CATS test e-mail in HTML format.\\n<br />\\n<br /><span style=\\\"font-size: 10pt;\\\">Powered by <a href=\\\"http://www.opencats.org\" alt=\\\"OpenCATS \"\n                    . \"Applicant Tracking System\\\">OpenCATS</a> (Free ATS)</span>',1,1,'2023-01-10 13:23:42'),(277,'mayur.mhetre@orane.in','charanpalvika989@gmail.com','Subject: Job Application Status Change\n\nMessage:\n* Auto generated message. Please DO NOT reply *\r\n10-01-23 7:55 AM\r\n\r\nDear Palvika Charan,\r\n\r\nThis E-Mail is a notification that we have updated your status in our database has been changed for the position Cluster Manager (External Hiring).\r\n\r\nYour previous status was <B></B>.\r\nYour new status is <B>Interview Completed</B>.\r\n\r\nTake care,\r\nParul Misra\r\nHerofin\\n<br />\\n<br /><span style=\\\"font-size: 10pt;\\\">Powered by <a href=\\\"http://www.opencats.org\" alt=\\\"OpenCATS \"\n                    . \"Applicant Tracking System\\\">OpenCATS</a> (Free ATS)</span>',1251,1,'2023-01-10 13:25:42'),(278,'mayur.mhetre@orane.in','chandra.purohit@herofincorp.com','Subject: Job Application Status Change\n\nMessage:\n* Auto generated message. Please DO NOT reply *\r\n10-01-23 7:56 AM\r\n\r\nDear Chandra Prakash Purohit,\r\n\r\nThis E-Mail is a notification that we have updated your status in our database has been changed for the position Cluster Manager (External Hiring).\r\n\r\nYour previous status was <B></B>.\r\nYour new status is <B>Rejected – Candidate Not Fit</B>.\r\n\r\nTake care,\r\nParul Misra\r\nHerofin\\n<br />\\n<br /><span style=\\\"font-size: 10pt;\\\">Powered by <a href=\\\"http://www.opencats.org\" alt=\\\"OpenCATS \"\n                    . \"Applicant Tracking System\\\">OpenCATS</a> (Free ATS)</span>',1251,1,'2023-01-10 13:27:22'),(279,'mayur.mhetre@orane.in','charanpalvika989@gmail.com','Subject: Job Application Status Change\n\nMessage:\n* Auto generated message. Please DO NOT reply *\r\n10-01-23 9:31 AM\r\n\r\nDear Palvika Charan,\r\n\r\nThis E-Mail is a notification that we have updated your status in our database has been changed for the position Cluster Manager (External Hiring).\r\n\r\nYour previous status was <B>Interview Completed</B>.\r\nYour new status is <B>Rejected – Business Interview</B>.\r\n\r\nTake care,\r\nParul Misra\r\nHerofin\\n<br />\\n<br /><span style=\\\"font-size: 10pt;\\\">Powered by <a href=\\\"http://www.opencats.org\" alt=\\\"OpenCATS \"\n                    . \"Applicant Tracking System\\\">OpenCATS</a> (Free ATS)</span>',1251,1,'2023-01-10 15:03:52'),(280,'mayur.mhetre@orane.in','charanpalvika989@gmail.com','Subject: Job Application Status Change\n\nMessage:\n* Auto generated message. Please DO NOT reply *\r\n10-01-23 9:34 AM\r\n\r\nDear Palvika Charan,\r\n\r\nThis E-Mail is a notification that we have updated your status in our database has been changed for the position Cluster Manager (External Hiring).\r\n\r\nYour previous status was <B>Rejected – Business Interview</B>.\r\nYour new status is <B>To be Offered</B>.\r\n\r\nTake care,\r\nParul Misra\r\nHerofin\\n<br />\\n<br /><span style=\\\"font-size: 10pt;\\\">Powered by <a href=\\\"http://www.opencats.org\" alt=\\\"OpenCATS \"\n                    . \"Applicant Tracking System\\\">OpenCATS</a> (Free ATS)</span>',1251,1,'2023-01-10 15:04:34'),(281,'mayur.mhetre@orane.in','chandra.purohit@herofincorp.com','Subject: Job Application Status Change\n\nMessage:\n* Auto generated message. Please DO NOT reply *\r\n10-01-23 9:39 AM\r\n\r\nDear Chandra Prakash Purohit,\r\n\r\nThis E-Mail is a notification that we have updated your status in our database has been changed for the position Cluster Manager (External Hiring).\r\n\r\nYour previous status was <B>Interview Completed</B>.\r\nYour new status is <B>Rejected – Business Interview</B>.\r\n\r\nTake care,\r\nParul Misra\r\nHerofin\\n<br />\\n<br /><span style=\\\"font-size: 10pt;\\\">Powered by <a href=\\\"http://www.opencats.org\" alt=\\\"OpenCATS \"\n                    . \"Applicant Tracking System\\\">OpenCATS</a> (Free ATS)</span>',1251,1,'2023-01-10 15:09:48'),(282,'mayur.mhetre@orane.in','parul.misra@orane.in','Subject: Job notification\n\nMessage:\nDear Team,\r\n\r\nThis is to notify you that a new Job Posting is available : Cluster Manager -\r\n\r\nYou can go <a href=\"http://ats.myjoining.in/index.php?m=careers&amp;p=showJob&ID=32\">Here</a> for more details.\r\n\r\nRequest your action for sourcing applications for the same.\r\n\r\nRgds,\r\nRecruitment team\\n<br />\\n<br /><span style=\\\"font-size: 10pt;\\\">Powered by <a href=\\\"http://www.opencats.org\" alt=\\\"OpenCATS \"\n                    . \"Applicant Tracking System\\\">OpenCATS</a> (Free ATS)</span>',1251,1,'2023-01-10 15:23:08'),(283,'mayur.mhetre@orane.in','chandra.purohit@herofincorp.com','Subject: Job notification\n\nMessage:\nDear Team,\r\n\r\nThis is to notify you that a new Job Posting is available : Cluster Manager -\r\n\r\nYou can go <a href=\"http://ats.myjoining.in/index.php?m=careers&amp;p=showJob&ID=32\">Here</a> for more details.\r\n\r\nRequest your action for sourcing applications for the same.\r\n\r\nRgds,\r\nRecruitment team\\n<br />\\n<br /><span style=\\\"font-size: 10pt;\\\">Powered by <a href=\\\"http://www.opencats.org\" alt=\\\"OpenCATS \"\n                    . \"Applicant Tracking System\\\">OpenCATS</a> (Free ATS)</span>',1251,1,'2023-01-10 15:23:09'),(284,'mayur.mhetre@orane.in','parul.misra@gmail.com','Subject: Job notification\n\nMessage:\nDear Team,\r\n\r\nThis is to notify you that a new Job Posting is available : Cluster Manager -\r\n\r\nYou can go <a href=\"http://ats.myjoining.in/index.php?m=careers&amp;p=showJob&ID=32\">Here</a> for more details.\r\n\r\nRequest your action for sourcing applications for the same.\r\n\r\nRgds,\r\nRecruitment team\\n<br />\\n<br /><span style=\\\"font-size: 10pt;\\\">Powered by <a href=\\\"http://www.opencats.org\" alt=\\\"OpenCATS \"\n                    . \"Applicant Tracking System\\\">OpenCATS</a> (Free ATS)</span>',1251,1,'2023-01-10 15:23:10'),(285,'mayur.mhetre@orane.in','parul.misra@orane.in','Subject: Job notification\n\nMessage:\nDear Team,\r\n\r\nThis is to notify you that a new Job Posting is available : Cluster Manager -\r\n\r\nYou can go <a href=\"http://ats.myjoining.in/index.php?m=careers&amp;p=showJob&ID=32\">Here</a> for more details.\r\n\r\nRequest your action for sourcing applications for the same.\r\n\r\nRgds,\r\nRecruitment team\\n<br />\\n<br /><span style=\\\"font-size: 10pt;\\\">Powered by <a href=\\\"http://www.opencats.org\" alt=\\\"OpenCATS \"\n                    . \"Applicant Tracking System\\\">OpenCATS</a> (Free ATS)</span>',1251,1,'2023-01-10 15:23:11'),(286,'mayur.mhetre@orane.in','chandra.purohit@herofincorp.com','Subject: Job Application Status Change\n\nMessage:\n* Auto generated message. Please DO NOT reply *\r\n\r\n10-01-23 11:08 AM\r\n\r\nDear Chandra Prakash Purohit,\r\n\r\nThis E-Mail is a notification about a status change to your application for the position Cluster Manager (External Hiring).\r\n\r\nThe current status of your application is <B>Applicant Not interested</B>.\r\n\r\n(To share feedback with us : - Please visit https://forms.office.com/r/ZUruGeYmqR )\r\n\r\nBest Regards,\r\nParul Misra\r\nHerofin\r\nHFCL\\n<br />\\n<br /><span style=\\\"font-size: 10pt;\\\">Powered by <a href=\\\"http://www.opencats.org\" alt=\\\"OpenCATS \"\n                    . \"Applicant Tracking System\\\">OpenCATS</a> (Free ATS)</span>',1251,1,'2023-01-10 16:38:55'),(287,'mayur.mhetre@orane.in','chandra.purohit@herofincorp.com','Subject: Job Application Status Change\n\nMessage:\n* Auto generated message. Please DO NOT reply *\r\n\r\n10-01-23 11:29 AM\r\n\r\nDear Chandra Prakash Purohit,\r\n\r\nThis E-Mail is a notification about a status change to your application for the position Sales Manager (External Hiring).\r\n\r\nThe current status of your application is <B>Applicant Not interested</B>.\r\n\r\n(To share feedback with us : - Please visit https://forms.office.com/r/ZUruGeYmqR )\r\n\r\nBest Regards,\r\nParul Misra\r\nHerofin\r\nHFCL\\n<br />\\n<br /><span style=\\\"font-size: 10pt;\\\">Powered by <a href=\\\"http://www.opencats.org\" alt=\\\"OpenCATS \"\n                    . \"Applicant Tracking System\\\">OpenCATS</a> (Free ATS)</span>',1251,1,'2023-01-10 17:00:11'),(288,'mayur.mhetre@orane.in','parul.misra@orane.in','Subject: Job notification\n\nMessage:\nHello,\r\n\r\nThis is to notify you that a New Job Posting is available : Sales Manager - for providing candidate profiles.\r\n\r\nYou can go <a href=\"http://ats.myjoining.in/index.php?m=careers&amp;p=showJob&ID=31\">Here</a> for more details.\r\n\r\nRequest your action for sourcing applications for the same at the earliest.\r\n\r\nThanks,\r\nRecruitment Team\r\nHero Fincorp\r\nParul Misra\\n<br />\\n<br /><span style=\\\"font-size: 10pt;\\\">Powered by <a href=\\\"http://www.opencats.org\" alt=\\\"OpenCATS \"\n                    . \"Applicant Tracking System\\\">OpenCATS</a> (Free ATS)</span>',1251,1,'2023-01-10 17:24:17'),(289,'mayur.mhetre@orane.in','chandra.purohit@herofincorp.com','Subject: Job notification\n\nMessage:\nHello,\r\n\r\nThis is to notify you that a New Job Posting is available : Sales Manager - for providing candidate profiles.\r\n\r\nYou can go <a href=\"http://ats.myjoining.in/index.php?m=careers&amp;p=showJob&ID=31\">Here</a> for more details.\r\n\r\nRequest your action for sourcing applications for the same at the earliest.\r\n\r\nThanks,\r\nRecruitment Team\r\nHero Fincorp\r\nParul Misra\\n<br />\\n<br /><span style=\\\"font-size: 10pt;\\\">Powered by <a href=\\\"http://www.opencats.org\" alt=\\\"OpenCATS \"\n                    . \"Applicant Tracking System\\\">OpenCATS</a> (Free ATS)</span>',1251,1,'2023-01-10 17:24:18'),(290,'mayur.mhetre@orane.in','parul.misra@gmail.com','Subject: Job notification\n\nMessage:\nHello,\r\n\r\nThis is to notify you that a New Job Posting is available : Sales Manager - for providing candidate profiles.\r\n\r\nYou can go <a href=\"http://ats.myjoining.in/index.php?m=careers&amp;p=showJob&ID=31\">Here</a> for more details.\r\n\r\nRequest your action for sourcing applications for the same at the earliest.\r\n\r\nThanks,\r\nRecruitment Team\r\nHero Fincorp\r\nParul Misra\\n<br />\\n<br /><span style=\\\"font-size: 10pt;\\\">Powered by <a href=\\\"http://www.opencats.org\" alt=\\\"OpenCATS \"\n                    . \"Applicant Tracking System\\\">OpenCATS</a> (Free ATS)</span>',1251,1,'2023-01-10 17:24:20'),(291,'mayur.mhetre@orane.in','parul.misra@orane.in','Subject: Job notification\n\nMessage:\nHello,\r\n\r\nThis is to notify you that a New Job Posting is available : Sales Manager - for providing candidate profiles.\r\n\r\nYou can go <a href=\"http://ats.myjoining.in/index.php?m=careers&amp;p=showJob&ID=31\">Here</a> for more details.\r\n\r\nRequest your action for sourcing applications for the same at the earliest.\r\n\r\nThanks,\r\nRecruitment Team\r\nHero Fincorp\r\nParul Misra\\n<br />\\n<br /><span style=\\\"font-size: 10pt;\\\">Powered by <a href=\\\"http://www.opencats.org\" alt=\\\"OpenCATS \"\n                    . \"Applicant Tracking System\\\">OpenCATS</a> (Free ATS)</span>',1251,1,'2023-01-10 17:24:20'),(292,'mayur.mhetre@orane.in','parul.misra@orane.in','Subject: Job notification\n\nMessage:\nHello,\r\n\r\nThis is to notify you that a New Job Posting is available : Sales Manager - for providing candidate profiles.\r\n\r\nYou can go <a href=\"http://ats.myjoining.in/index.php?m=careers&amp;p=showJob&ID=31\">Here</a> for more details.\r\n\r\nRequest your action for sourcing applications for the same at the earliest.\r\n\r\nThanks,\r\nRecruitment Team\r\nHero Fincorp\r\nParul Misra\\n<br />\\n<br /><span style=\\\"font-size: 10pt;\\\">Powered by <a href=\\\"http://www.opencats.org\" alt=\\\"OpenCATS \"\n                    . \"Applicant Tracking System\\\">OpenCATS</a> (Free ATS)</span>',1251,1,'2023-01-10 17:34:40'),(293,'mayur.mhetre@orane.in','chandra.purohit@herofincorp.com','Subject: Job notification\n\nMessage:\nHello,\r\n\r\nThis is to notify you that a New Job Posting is available : Sales Manager - for providing candidate profiles.\r\n\r\nYou can go <a href=\"http://ats.myjoining.in/index.php?m=careers&amp;p=showJob&ID=31\">Here</a> for more details.\r\n\r\nRequest your action for sourcing applications for the same at the earliest.\r\n\r\nThanks,\r\nRecruitment Team\r\nHero Fincorp\r\nParul Misra\\n<br />\\n<br /><span style=\\\"font-size: 10pt;\\\">Powered by <a href=\\\"http://www.opencats.org\" alt=\\\"OpenCATS \"\n                    . \"Applicant Tracking System\\\">OpenCATS</a> (Free ATS)</span>',1251,1,'2023-01-10 17:34:42'),(294,'mayur.mhetre@orane.in','parul.misra@gmail.com','Subject: Job notification\n\nMessage:\nHello,\r\n\r\nThis is to notify you that a New Job Posting is available : Sales Manager - for providing candidate profiles.\r\n\r\nYou can go <a href=\"http://ats.myjoining.in/index.php?m=careers&amp;p=showJob&ID=31\">Here</a> for more details.\r\n\r\nRequest your action for sourcing applications for the same at the earliest.\r\n\r\nThanks,\r\nRecruitment Team\r\nHero Fincorp\r\nParul Misra\\n<br />\\n<br /><span style=\\\"font-size: 10pt;\\\">Powered by <a href=\\\"http://www.opencats.org\" alt=\\\"OpenCATS \"\n                    . \"Applicant Tracking System\\\">OpenCATS</a> (Free ATS)</span>',1251,1,'2023-01-10 17:34:42'),(295,'mayur.mhetre@orane.in','parul.misra@orane.in','Subject: Job notification\n\nMessage:\nHello,\r\n\r\nThis is to notify you that a New Job Posting is available : Sales Manager - for providing candidate profiles.\r\n\r\nYou can go <a href=\"http://ats.myjoining.in/index.php?m=careers&amp;p=showJob&ID=31\">Here</a> for more details.\r\n\r\nRequest your action for sourcing applications for the same at the earliest.\r\n\r\nThanks,\r\nRecruitment Team\r\nHero Fincorp\r\nParul Misra\\n<br />\\n<br /><span style=\\\"font-size: 10pt;\\\">Powered by <a href=\\\"http://www.opencats.org\" alt=\\\"OpenCATS \"\n                    . \"Applicant Tracking System\\\">OpenCATS</a> (Free ATS)</span>',1251,1,'2023-01-10 17:34:44'),(296,'mayur.mhetre@orane.in','gurpreet@test.com','Subject: Thank You for Your Application\n\nMessage:\n* This is an auto-generated message. Please do not reply. *\r\n\r\n11-01-23 6:45 AM\r\n\r\nDear Gurpreet Kaur,\r\n\r\nThank you for applying to the Cluster Manager position with our online career portal! \r\n\r\nYour application has been submitted to our system and we will review it shortly.\r\n\r\n--\r\nRegards,\r\nRecruitment Team\r\nHFCL\\n<br />\\n<br /><span style=\\\"font-size: 10pt;\\\">Powered by <a href=\\\"http://www.opencats.org\" alt=\\\"OpenCATS \"\n                    . \"Applicant Tracking System\\\">OpenCATS</a> (Free ATS)</span>',1250,1,'2023-01-11 12:15:18'),(297,'mayur.mhetre@orane.in','parul.misra@orane.in','Subject: CATS - A Candidate Has Applied to Your Job Order\n\nMessage:\n11-01-23 6:45 AM\r\n\r\nDear Parul Misra,\r\n\r\nThis e-mail is a notification that a candidate has applied to your job order through the online candidate portal.\r\n\r\nJob Order: Cluster Manager\r\nCandidate Name: Gurpreet Kaur\r\nCandidate URL: <a href=\"http://ats.myjoining.in/index.php?m=candidates&amp;a=show&amp;candidateID=39\">http://ats.myjoining.in/index.php?m=candidates&amp;a=show&amp;candidateID=39</a>\r\nJob Order URL: <a href=\"http://ats.myjoining.in/index.php?m=joborders&amp;a=show&amp;jobOrderID=32\">http://ats.myjoining.in/index.php?m=joborders&amp;a=show&amp;jobOrderID=32</a>\r\n<p>Candidate has applied to the organization in the past for the following positions: </p> <p>Developer,Junior Developer</p>\r\n\r\n--\r\nCATS\r\nHerofin\\n<br />\\n<br /><span style=\\\"font-size: 10pt;\\\">Powered by <a href=\\\"http://www.opencats.org\" alt=\\\"OpenCATS \"\n                    . \"Applicant Tracking System\\\">OpenCATS</a> (Free ATS)</span>',1250,1,'2023-01-11 12:15:19'),(298,'mayur.mhetre@orane.in','gurpreet@test.com','Subject: Thank You for Your Application\n\nMessage:\n* This is an auto-generated message. Please do not reply. *\r\n\r\n11-01-23 7:59 AM\r\n\r\nDear Gurpreet Bath,\r\n\r\nThank you for applying to the Relationship Manager position with our online career portal! \r\n\r\nYour application has been submitted to our system and we will review it shortly.\r\n\r\n--\r\nRegards,\r\nRecruitment Team\r\nHFCL\\n<br />\\n<br /><span style=\\\"font-size: 10pt;\\\">Powered by <a href=\\\"http://www.opencats.org\" alt=\\\"OpenCATS \"\n                    . \"Applicant Tracking System\\\">OpenCATS</a> (Free ATS)</span>',1250,1,'2023-01-11 13:29:03'),(299,'mayur.mhetre@orane.in','parul.misra@orane.in','Subject: CATS - A Candidate Has Applied to Your Job Order\n\nMessage:\n11-01-23 7:59 AM\r\n\r\nDear Parul Misra,\r\n\r\nThis e-mail is a notification that a candidate has applied to your job order through the online candidate portal.\r\n\r\nJob Order: Relationship Manager\r\nCandidate Name: Gurpreet Bath\r\nCandidate URL: <a href=\"http://ats.myjoining.in/index.php?m=candidates&amp;a=show&amp;candidateID=39\">http://ats.myjoining.in/index.php?m=candidates&amp;a=show&amp;candidateID=39</a>\r\nJob Order URL: <a href=\"http://ats.myjoining.in/index.php?m=joborders&amp;a=show&amp;jobOrderID=33\">http://ats.myjoining.in/index.php?m=joborders&amp;a=show&amp;jobOrderID=33</a>\r\n<p>Candidate has applied to the organization in the past for the following positions: </p> <p>Developer,Junior Developer,Cluster Manager</p>\r\n\r\n--\r\nCATS\r\nHerofin\\n<br />\\n<br /><span style=\\\"font-size: 10pt;\\\">Powered by <a href=\\\"http://www.opencats.org\" alt=\\\"OpenCATS \"\n                    . \"Applicant Tracking System\\\">OpenCATS</a> (Free ATS)</span>',1250,1,'2023-01-11 13:29:03'),(300,'mayur.mhetre@orane.in','sqs@khk.com','Subject: Thank You for Your Application\n\nMessage:\n* This is an auto-generated message. Please do not reply. *\r\n\r\n11-01-23 8:42 AM\r\n\r\nDear Hemant Kumar,\r\n\r\nThank you for applying to the Sales Manager position with our online career portal! \r\n\r\nYour application has been submitted to our system and we will review it shortly.\r\n\r\n--\r\nRegards,\r\nRecruitment Team\r\nHFCL\\n<br />\\n<br /><span style=\\\"font-size: 10pt;\\\">Powered by <a href=\\\"http://www.opencats.org\" alt=\\\"OpenCATS \"\n                    . \"Applicant Tracking System\\\">OpenCATS</a> (Free ATS)</span>',1250,1,'2023-01-11 14:12:29'),(301,'mayur.mhetre@orane.in','parul.misra@orane.in','Subject: CATS - A Candidate Has Applied to Your Job Order\n\nMessage:\n11-01-23 8:42 AM\r\n\r\nDear Parul Misra,\r\n\r\nThis e-mail is a notification that a candidate has applied to your job order through the online candidate portal.\r\n\r\nJob Order: Sales Manager\r\nCandidate Name: Hemant Kumar\r\nCandidate URL: <a href=\"http://ats.myjoining.in/index.php?m=candidates&amp;a=show&amp;candidateID=33\">http://ats.myjoining.in/index.php?m=candidates&amp;a=show&amp;candidateID=33</a>\r\nJob Order URL: <a href=\"http://ats.myjoining.in/index.php?m=joborders&amp;a=show&amp;jobOrderID=31\">http://ats.myjoining.in/index.php?m=joborders&amp;a=show&amp;jobOrderID=31</a>\r\n<p>Candidate has applied to the organization in the past for the following positions: </p> <p>Accountant,Developer,Consultant</p>\r\n\r\n--\r\nCATS\r\nHerofin\\n<br />\\n<br /><span style=\\\"font-size: 10pt;\\\">Powered by <a href=\\\"http://www.opencats.org\" alt=\\\"OpenCATS \"\n                    . \"Applicant Tracking System\\\">OpenCATS</a> (Free ATS)</span>',1250,1,'2023-01-11 14:12:31'),(302,'mayur.mhetre@orane.in','parul.misra@orane.in','Subject: Job notification\n\nMessage:\nHello,\r\n\r\nThis is to notify you that a New Job Posting is available : Area Credit Manager - for providing candidate profiles.\r\n\r\nYou can go <a href=\"http://ats.myjoining.in/index.php?m=careers&amp;p=showJob&ID=27\">Here</a> for more details.\r\n\r\nRequest your action for sourcing applications for the same at the earliest.\r\n\r\nThanks,\r\nRecruitment Team\r\nHero Fincorp\r\nParul Misra\\n<br />\\n<br /><span style=\\\"font-size: 10pt;\\\">Powered by <a href=\\\"http://www.opencats.org\" alt=\\\"OpenCATS \"\n                    . \"Applicant Tracking System\\\">OpenCATS</a> (Free ATS)</span>',1251,1,'2023-01-12 13:11:43'),(303,'mayur.mhetre@orane.in','chandra.purohit@herofincorp.com','Subject: Job notification\n\nMessage:\nHello,\r\n\r\nThis is to notify you that a New Job Posting is available : Area Credit Manager - for providing candidate profiles.\r\n\r\nYou can go <a href=\"http://ats.myjoining.in/index.php?m=careers&amp;p=showJob&ID=27\">Here</a> for more details.\r\n\r\nRequest your action for sourcing applications for the same at the earliest.\r\n\r\nThanks,\r\nRecruitment Team\r\nHero Fincorp\r\nParul Misra\\n<br />\\n<br /><span style=\\\"font-size: 10pt;\\\">Powered by <a href=\\\"http://www.opencats.org\" alt=\\\"OpenCATS \"\n                    . \"Applicant Tracking System\\\">OpenCATS</a> (Free ATS)</span>',1251,1,'2023-01-12 13:11:44'),(304,'mayur.mhetre@orane.in','parul.misra@gmail.com','Subject: Job notification\n\nMessage:\nHello,\r\n\r\nThis is to notify you that a New Job Posting is available : Area Credit Manager - for providing candidate profiles.\r\n\r\nYou can go <a href=\"http://ats.myjoining.in/index.php?m=careers&amp;p=showJob&ID=27\">Here</a> for more details.\r\n\r\nRequest your action for sourcing applications for the same at the earliest.\r\n\r\nThanks,\r\nRecruitment Team\r\nHero Fincorp\r\nParul Misra\\n<br />\\n<br /><span style=\\\"font-size: 10pt;\\\">Powered by <a href=\\\"http://www.opencats.org\" alt=\\\"OpenCATS \"\n                    . \"Applicant Tracking System\\\">OpenCATS</a> (Free ATS)</span>',1251,1,'2023-01-12 13:11:45'),(305,'mayur.mhetre@orane.in','parul.misra@orane.in','Subject: Job notification\n\nMessage:\nHello,\r\n\r\nThis is to notify you that a New Job Posting is available : Area Credit Manager - for providing candidate profiles.\r\n\r\nYou can go <a href=\"http://ats.myjoining.in/index.php?m=careers&amp;p=showJob&ID=27\">Here</a> for more details.\r\n\r\nRequest your action for sourcing applications for the same at the earliest.\r\n\r\nThanks,\r\nRecruitment Team\r\nHero Fincorp\r\nParul Misra\\n<br />\\n<br /><span style=\\\"font-size: 10pt;\\\">Powered by <a href=\\\"http://www.opencats.org\" alt=\\\"OpenCATS \"\n                    . \"Applicant Tracking System\\\">OpenCATS</a> (Free ATS)</span>',1251,1,'2023-01-12 13:11:45'),(306,'mayur.mhetre@orane.in','parul.misra@orane.in','Subject: Job notification\n\nMessage:\nHello,\r\n\r\nThis is to notify you that a New Job Posting is available : Division Head - for providing candidate profiles.\r\n\r\nYou can go <a href=\"http://ats.myjoining.in/index.php?m=careers&amp;p=showJob&ID=34\">Here</a> for more details.\r\n\r\nRequest your action for sourcing applications for the same at the earliest.\r\n\r\nThanks,\r\nRecruitment Team\r\nHero Fincorp\r\nParul Misra\\n<br />\\n<br /><span style=\\\"font-size: 10pt;\\\">Powered by <a href=\\\"http://www.opencats.org\" alt=\\\"OpenCATS \"\n                    . \"Applicant Tracking System\\\">OpenCATS</a> (Free ATS)</span>',1251,1,'2023-01-12 13:12:44'),(307,'mayur.mhetre@orane.in','chandra.purohit@herofincorp.com','Subject: Job notification\n\nMessage:\nHello,\r\n\r\nThis is to notify you that a New Job Posting is available : Division Head - for providing candidate profiles.\r\n\r\nYou can go <a href=\"http://ats.myjoining.in/index.php?m=careers&amp;p=showJob&ID=34\">Here</a> for more details.\r\n\r\nRequest your action for sourcing applications for the same at the earliest.\r\n\r\nThanks,\r\nRecruitment Team\r\nHero Fincorp\r\nParul Misra\\n<br />\\n<br /><span style=\\\"font-size: 10pt;\\\">Powered by <a href=\\\"http://www.opencats.org\" alt=\\\"OpenCATS \"\n                    . \"Applicant Tracking System\\\">OpenCATS</a> (Free ATS)</span>',1251,1,'2023-01-12 13:12:45'),(308,'mayur.mhetre@orane.in','parul.misra@gmail.com','Subject: Job notification\n\nMessage:\nHello,\r\n\r\nThis is to notify you that a New Job Posting is available : Division Head - for providing candidate profiles.\r\n\r\nYou can go <a href=\"http://ats.myjoining.in/index.php?m=careers&amp;p=showJob&ID=34\">Here</a> for more details.\r\n\r\nRequest your action for sourcing applications for the same at the earliest.\r\n\r\nThanks,\r\nRecruitment Team\r\nHero Fincorp\r\nParul Misra\\n<br />\\n<br /><span style=\\\"font-size: 10pt;\\\">Powered by <a href=\\\"http://www.opencats.org\" alt=\\\"OpenCATS \"\n                    . \"Applicant Tracking System\\\">OpenCATS</a> (Free ATS)</span>',1251,1,'2023-01-12 13:12:46'),(309,'mayur.mhetre@orane.in','parul.misra@orane.in','Subject: Job notification\n\nMessage:\nHello,\r\n\r\nThis is to notify you that a New Job Posting is available : Division Head - for providing candidate profiles.\r\n\r\nYou can go <a href=\"http://ats.myjoining.in/index.php?m=careers&amp;p=showJob&ID=34\">Here</a> for more details.\r\n\r\nRequest your action for sourcing applications for the same at the earliest.\r\n\r\nThanks,\r\nRecruitment Team\r\nHero Fincorp\r\nParul Misra\\n<br />\\n<br /><span style=\\\"font-size: 10pt;\\\">Powered by <a href=\\\"http://www.opencats.org\" alt=\\\"OpenCATS \"\n                    . \"Applicant Tracking System\\\">OpenCATS</a> (Free ATS)</span>',1251,1,'2023-01-12 13:12:47'),(310,'mayur.mhetre@orane.in','parul.misra@orane.in','Subject: Job notification\n\nMessage:\nHello,\r\n\r\nThis is to notify you that a New Job Posting is available : HOD IT - for providing candidate profiles.\r\n\r\nYou can go <a href=\"http://ats.myjoining.in/index.php?m=careers&amp;p=showJob&ID=35\">Here</a> for more details.\r\n\r\nRequest your action for sourcing applications for the same at the earliest.\r\n\r\nThanks,\r\nRecruitment Team\r\nHero Fincorp\r\nParul Misra\\n<br />\\n<br /><span style=\\\"font-size: 10pt;\\\">Powered by <a href=\\\"http://www.opencats.org\" alt=\\\"OpenCATS \"\n                    . \"Applicant Tracking System\\\">OpenCATS</a> (Free ATS)</span>',1251,1,'2023-01-12 15:08:25'),(311,'mayur.mhetre@orane.in','chandra.purohit@herofincorp.com','Subject: Job notification\n\nMessage:\nHello,\r\n\r\nThis is to notify you that a New Job Posting is available : HOD IT - for providing candidate profiles.\r\n\r\nYou can go <a href=\"http://ats.myjoining.in/index.php?m=careers&amp;p=showJob&ID=35\">Here</a> for more details.\r\n\r\nRequest your action for sourcing applications for the same at the earliest.\r\n\r\nThanks,\r\nRecruitment Team\r\nHero Fincorp\r\nParul Misra\\n<br />\\n<br /><span style=\\\"font-size: 10pt;\\\">Powered by <a href=\\\"http://www.opencats.org\" alt=\\\"OpenCATS \"\n                    . \"Applicant Tracking System\\\">OpenCATS</a> (Free ATS)</span>',1251,1,'2023-01-12 15:08:26'),(312,'mayur.mhetre@orane.in','parul.misra@gmail.com','Subject: Job notification\n\nMessage:\nHello,\r\n\r\nThis is to notify you that a New Job Posting is available : HOD IT - for providing candidate profiles.\r\n\r\nYou can go <a href=\"http://ats.myjoining.in/index.php?m=careers&amp;p=showJob&ID=35\">Here</a> for more details.\r\n\r\nRequest your action for sourcing applications for the same at the earliest.\r\n\r\nThanks,\r\nRecruitment Team\r\nHero Fincorp\r\nParul Misra\\n<br />\\n<br /><span style=\\\"font-size: 10pt;\\\">Powered by <a href=\\\"http://www.opencats.org\" alt=\\\"OpenCATS \"\n                    . \"Applicant Tracking System\\\">OpenCATS</a> (Free ATS)</span>',1251,1,'2023-01-12 15:08:26'),(313,'mayur.mhetre@orane.in','parul.misra@orane.in','Subject: Job notification\n\nMessage:\nHello,\r\n\r\nThis is to notify you that a New Job Posting is available : HOD IT - for providing candidate profiles.\r\n\r\nYou can go <a href=\"http://ats.myjoining.in/index.php?m=careers&amp;p=showJob&ID=35\">Here</a> for more details.\r\n\r\nRequest your action for sourcing applications for the same at the earliest.\r\n\r\nThanks,\r\nRecruitment Team\r\nHero Fincorp\r\nParul Misra\\n<br />\\n<br /><span style=\\\"font-size: 10pt;\\\">Powered by <a href=\\\"http://www.opencats.org\" alt=\\\"OpenCATS \"\n                    . \"Applicant Tracking System\\\">OpenCATS</a> (Free ATS)</span>',1251,1,'2023-01-12 15:08:27'),(314,'mayur.mhetre@orane.in','parul.misra@orane.in','Subject: Job notification\n\nMessage:\nHello,\r\n\r\nThis is to notify you that a New Job Posting is available : Test for consultants - for providing candidate profiles.\r\n\r\nYou can go <a href=\"http://localhost/ats_myjoining_orane/index.php?m=careers&amp;p=showJob&ID=38\">Here</a> for more details.\r\n\r\nRequest your action for sourcing applications for the same at the earliest.\r\n\r\nThanks,\r\nRecruitment Team\r\nHero Fincorp\r\nCATS Administrator\\n<br />\\n<br /><span style=\\\"font-size: 10pt;\\\">Powered by <a href=\\\"http://www.opencats.org\" alt=\\\"OpenCATS \"\r\n                    . \"Applicant Tracking System\\\">OpenCATS</a> (Free ATS)</span>',1,1,'2023-01-12 15:31:24'),(315,'mayur.mhetre@orane.in','chandra.purohit@herofincorp.com','Subject: Job notification\n\nMessage:\nHello,\r\n\r\nThis is to notify you that a New Job Posting is available : Test for consultants - for providing candidate profiles.\r\n\r\nYou can go <a href=\"http://localhost/ats_myjoining_orane/index.php?m=careers&amp;p=showJob&ID=38\">Here</a> for more details.\r\n\r\nRequest your action for sourcing applications for the same at the earliest.\r\n\r\nThanks,\r\nRecruitment Team\r\nHero Fincorp\r\nCATS Administrator\\n<br />\\n<br /><span style=\\\"font-size: 10pt;\\\">Powered by <a href=\\\"http://www.opencats.org\" alt=\\\"OpenCATS \"\r\n                    . \"Applicant Tracking System\\\">OpenCATS</a> (Free ATS)</span>',1,1,'2023-01-12 15:31:26'),(316,'mayur.mhetre@orane.in','parul.misra@gmail.com','Subject: Job notification\n\nMessage:\nHello,\r\n\r\nThis is to notify you that a New Job Posting is available : Test for consultants - for providing candidate profiles.\r\n\r\nYou can go <a href=\"http://localhost/ats_myjoining_orane/index.php?m=careers&amp;p=showJob&ID=38\">Here</a> for more details.\r\n\r\nRequest your action for sourcing applications for the same at the earliest.\r\n\r\nThanks,\r\nRecruitment Team\r\nHero Fincorp\r\nCATS Administrator\\n<br />\\n<br /><span style=\\\"font-size: 10pt;\\\">Powered by <a href=\\\"http://www.opencats.org\" alt=\\\"OpenCATS \"\r\n                    . \"Applicant Tracking System\\\">OpenCATS</a> (Free ATS)</span>',1,1,'2023-01-12 15:31:27'),(317,'mayur.mhetre@orane.in','parul.misra@orane.in','Subject: Job notification\n\nMessage:\nHello,\r\n\r\nThis is to notify you that a New Job Posting is available : Test for consultants - for providing candidate profiles.\r\n\r\nYou can go <a href=\"http://localhost/ats_myjoining_orane/index.php?m=careers&amp;p=showJob&ID=38\">Here</a> for more details.\r\n\r\nRequest your action for sourcing applications for the same at the earliest.\r\n\r\nThanks,\r\nRecruitment Team\r\nHero Fincorp\r\nCATS Administrator\\n<br />\\n<br /><span style=\\\"font-size: 10pt;\\\">Powered by <a href=\\\"http://www.opencats.org\" alt=\\\"OpenCATS \"\r\n                    . \"Applicant Tracking System\\\">OpenCATS</a> (Free ATS)</span>',1,1,'2023-01-12 15:31:29'),(318,'mayur.mhetre@orane.in','parul.misra@orane.in','Subject: Job notification\n\nMessage:\nHello,\r\n\r\nThis is to notify you that a New Job Posting is available : Manager IT - for providing candidate profiles.\r\n\r\nYou can go <a href=\"http://localhost/ats_myjoining_orane/index.php?m=careers&amp;p=showJob&ID=39\">Here</a> for more details.\r\n\r\nRequest your action for sourcing applications for the same at the earliest.\r\n\r\nThanks,\r\nRecruitment Team\r\nHero Fincorp\r\nCATS Administrator\\n<br />\\n<br /><span style=\\\"font-size: 10pt;\\\">Powered by <a href=\\\"http://www.opencats.org\" alt=\\\"OpenCATS \"\r\n                    . \"Applicant Tracking System\\\">OpenCATS</a> (Free ATS)</span>',1,1,'2023-01-12 15:44:59'),(319,'mayur.mhetre@orane.in','chandra.purohit@herofincorp.com','Subject: Job notification\n\nMessage:\nHello,\r\n\r\nThis is to notify you that a New Job Posting is available : Manager IT - for providing candidate profiles.\r\n\r\nYou can go <a href=\"http://localhost/ats_myjoining_orane/index.php?m=careers&amp;p=showJob&ID=39\">Here</a> for more details.\r\n\r\nRequest your action for sourcing applications for the same at the earliest.\r\n\r\nThanks,\r\nRecruitment Team\r\nHero Fincorp\r\nCATS Administrator\\n<br />\\n<br /><span style=\\\"font-size: 10pt;\\\">Powered by <a href=\\\"http://www.opencats.org\" alt=\\\"OpenCATS \"\r\n                    . \"Applicant Tracking System\\\">OpenCATS</a> (Free ATS)</span>',1,1,'2023-01-12 15:45:00'),(320,'mayur.mhetre@orane.in','parul.misra@gmail.com','Subject: Job notification\n\nMessage:\nHello,\r\n\r\nThis is to notify you that a New Job Posting is available : Manager IT - for providing candidate profiles.\r\n\r\nYou can go <a href=\"http://localhost/ats_myjoining_orane/index.php?m=careers&amp;p=showJob&ID=39\">Here</a> for more details.\r\n\r\nRequest your action for sourcing applications for the same at the earliest.\r\n\r\nThanks,\r\nRecruitment Team\r\nHero Fincorp\r\nCATS Administrator\\n<br />\\n<br /><span style=\\\"font-size: 10pt;\\\">Powered by <a href=\\\"http://www.opencats.org\" alt=\\\"OpenCATS \"\r\n                    . \"Applicant Tracking System\\\">OpenCATS</a> (Free ATS)</span>',1,1,'2023-01-12 15:45:02'),(321,'mayur.mhetre@orane.in','parul.misra@orane.in','Subject: Job notification\n\nMessage:\nHello,\r\n\r\nThis is to notify you that a New Job Posting is available : Manager IT - for providing candidate profiles.\r\n\r\nYou can go <a href=\"http://localhost/ats_myjoining_orane/index.php?m=careers&amp;p=showJob&ID=39\">Here</a> for more details.\r\n\r\nRequest your action for sourcing applications for the same at the earliest.\r\n\r\nThanks,\r\nRecruitment Team\r\nHero Fincorp\r\nCATS Administrator\\n<br />\\n<br /><span style=\\\"font-size: 10pt;\\\">Powered by <a href=\\\"http://www.opencats.org\" alt=\\\"OpenCATS \"\r\n                    . \"Applicant Tracking System\\\">OpenCATS</a> (Free ATS)</span>',1,1,'2023-01-12 15:45:03'),(322,'mayur.mhetre@orane.in','parul.misra@orane.in','Subject: Job notification\n\nMessage:\nHello,\r\n\r\nThis is to notify you that a New Job Posting is available : Manager IT - for providing candidate profiles.\r\n\r\nYou can go <a href=\"http://localhost/ats_myjoining_orane/index.php?m=careers&amp;p=showJob&ID=39\">Here</a> for more details.\r\n\r\nRequest your action for sourcing applications for the same at the earliest.\r\n\r\nThanks,\r\nRecruitment Team\r\nHero Fincorp\r\nCATS Administrator\\n<br />\\n<br /><span style=\\\"font-size: 10pt;\\\">Powered by <a href=\\\"http://www.opencats.org\" alt=\\\"OpenCATS \"\r\n                    . \"Applicant Tracking System\\\">OpenCATS</a> (Free ATS)</span>',1,1,'2023-01-12 15:45:25'),(323,'mayur.mhetre@orane.in','chandra.purohit@herofincorp.com','Subject: Job notification\n\nMessage:\nHello,\r\n\r\nThis is to notify you that a New Job Posting is available : Manager IT - for providing candidate profiles.\r\n\r\nYou can go <a href=\"http://localhost/ats_myjoining_orane/index.php?m=careers&amp;p=showJob&ID=39\">Here</a> for more details.\r\n\r\nRequest your action for sourcing applications for the same at the earliest.\r\n\r\nThanks,\r\nRecruitment Team\r\nHero Fincorp\r\nCATS Administrator\\n<br />\\n<br /><span style=\\\"font-size: 10pt;\\\">Powered by <a href=\\\"http://www.opencats.org\" alt=\\\"OpenCATS \"\r\n                    . \"Applicant Tracking System\\\">OpenCATS</a> (Free ATS)</span>',1,1,'2023-01-12 15:45:26'),(324,'mayur.mhetre@orane.in','parul.misra@gmail.com','Subject: Job notification\n\nMessage:\nHello,\r\n\r\nThis is to notify you that a New Job Posting is available : Manager IT - for providing candidate profiles.\r\n\r\nYou can go <a href=\"http://localhost/ats_myjoining_orane/index.php?m=careers&amp;p=showJob&ID=39\">Here</a> for more details.\r\n\r\nRequest your action for sourcing applications for the same at the earliest.\r\n\r\nThanks,\r\nRecruitment Team\r\nHero Fincorp\r\nCATS Administrator\\n<br />\\n<br /><span style=\\\"font-size: 10pt;\\\">Powered by <a href=\\\"http://www.opencats.org\" alt=\\\"OpenCATS \"\r\n                    . \"Applicant Tracking System\\\">OpenCATS</a> (Free ATS)</span>',1,1,'2023-01-12 15:45:28'),(325,'mayur.mhetre@orane.in','parul.misra@orane.in','Subject: Job notification\n\nMessage:\nHello,\r\n\r\nThis is to notify you that a New Job Posting is available : Manager IT - for providing candidate profiles.\r\n\r\nYou can go <a href=\"http://localhost/ats_myjoining_orane/index.php?m=careers&amp;p=showJob&ID=39\">Here</a> for more details.\r\n\r\nRequest your action for sourcing applications for the same at the earliest.\r\n\r\nThanks,\r\nRecruitment Team\r\nHero Fincorp\r\nCATS Administrator\\n<br />\\n<br /><span style=\\\"font-size: 10pt;\\\">Powered by <a href=\\\"http://www.opencats.org\" alt=\\\"OpenCATS \"\r\n                    . \"Applicant Tracking System\\\">OpenCATS</a> (Free ATS)</span>',1,1,'2023-01-12 15:45:29'),(326,'mayur.mhetre@orane.in','parul.misra@orane.in','Subject: Job notification\n\nMessage:\nHello,\r\n\r\nThis is to notify you that a New Job Posting is available : Manager IT - for providing candidate profiles.\r\n\r\nYou can go <a href=\"http://localhost/ats_myjoining_orane/index.php?m=careers&amp;p=showJob&ID=39\">Here</a> for more details.\r\n\r\nRequest your action for sourcing applications for the same at the earliest.\r\n\r\nThanks,\r\nRecruitment Team\r\nHero Fincorp\r\nCATS Administrator\\n<br />\\n<br /><span style=\\\"font-size: 10pt;\\\">Powered by <a href=\\\"http://www.opencats.org\" alt=\\\"OpenCATS \"\r\n                    . \"Applicant Tracking System\\\">OpenCATS</a> (Free ATS)</span>',1,1,'2023-01-12 16:00:53'),(327,'mayur.mhetre@orane.in','parul.misra@orane.in','Subject: Job notification\n\nMessage:\nHello,\r\n\r\nThis is to notify you that a New Job Posting is available : Manager IT - for providing candidate profiles.\r\n\r\nYou can go <a href=\"http://localhost/ats_myjoining_orane/index.php?m=careers&amp;p=showJob&ID=39\">Here</a> for more details.\r\n\r\nRequest your action for sourcing applications for the same at the earliest.\r\n\r\nThanks,\r\nRecruitment Team\r\nHero Fincorp\r\nCATS Administrator\\n<br />\\n<br /><span style=\\\"font-size: 10pt;\\\">Powered by <a href=\\\"http://www.opencats.org\" alt=\\\"OpenCATS \"\r\n                    . \"Applicant Tracking System\\\">OpenCATS</a> (Free ATS)</span>',1,1,'2023-01-12 16:01:04'),(328,'mayur.mhetre@orane.in','parul.misra@orane.in','Subject: Job notification\n\nMessage:\nHello,\r\n\r\nThis is to notify you that a New Job Posting is available : Manager IT - for providing candidate profiles.\r\n\r\nYou can go <a href=\"http://localhost/ats_myjoining_orane/index.php?m=careers&amp;p=showJob&ID=39\">Here</a> for more details.\r\n\r\nRequest your action for sourcing applications for the same at the earliest.\r\n\r\nThanks,\r\nRecruitment Team\r\nHero Fincorp\r\nCATS Administrator\\n<br />\\n<br /><span style=\\\"font-size: 10pt;\\\">Powered by <a href=\\\"http://www.opencats.org\" alt=\\\"OpenCATS \"\r\n                    . \"Applicant Tracking System\\\">OpenCATS</a> (Free ATS)</span>',1,1,'2023-01-12 16:34:37'),(329,'mayur.mhetre@orane.in','parul.misra@orane.in','Subject: Job notification\n\nMessage:\nHello,\r\n\r\nThis is to notify you that a New Job Posting is available : Manager IT - for providing candidate profiles.\r\n\r\nYou can go <a href=\"http://localhost/ats_myjoining_orane/index.php?m=careers&amp;p=showJob&ID=39\">Here</a> for more details.\r\n\r\nRequest your action for sourcing applications for the same at the earliest.\r\n\r\nThanks,\r\nRecruitment Team\r\nHero Fincorp\r\nCATS Administrator\\n<br />\\n<br /><span style=\\\"font-size: 10pt;\\\">Powered by <a href=\\\"http://www.opencats.org\" alt=\\\"OpenCATS \"\r\n                    . \"Applicant Tracking System\\\">OpenCATS</a> (Free ATS)</span>',1,1,'2023-01-12 16:38:32'),(330,'mayur.mhetre@orane.in','parul.misra@orane.in','Subject: Job notification\n\nMessage:\nHello,\r\n\r\nThis is to notify you that a New Job Posting is available : Test for consultants - for providing candidate profiles.\r\n\r\nYou can go <a href=\"http://ats.myjoining.in/index.php?m=careers&amp;p=showJob&ID=38\">Here</a> for more details.\r\n\r\nRequest your action for sourcing applications for the same at the earliest.\r\n\r\nThanks,\r\nRecruitment Team\r\nHero Fincorp\r\nParul Misra\\n<br />\\n<br /><span style=\\\"font-size: 10pt;\\\">Powered by <a href=\\\"http://www.opencats.org\" alt=\\\"OpenCATS \"\n                    . \"Applicant Tracking System\\\">OpenCATS</a> (Free ATS)</span>',1251,1,'2023-01-16 10:07:38'),(331,'mayur.mhetre@orane.in','chandra.purohit@herofincorp.com','Subject: Job notification\n\nMessage:\nHello,\r\n\r\nThis is to notify you that a New Job Posting is available : Test for consultants - for providing candidate profiles.\r\n\r\nYou can go <a href=\"http://ats.myjoining.in/index.php?m=careers&amp;p=showJob&ID=38\">Here</a> for more details.\r\n\r\nRequest your action for sourcing applications for the same at the earliest.\r\n\r\nThanks,\r\nRecruitment Team\r\nHero Fincorp\r\nParul Misra\\n<br />\\n<br /><span style=\\\"font-size: 10pt;\\\">Powered by <a href=\\\"http://www.opencats.org\" alt=\\\"OpenCATS \"\n                    . \"Applicant Tracking System\\\">OpenCATS</a> (Free ATS)</span>',1251,1,'2023-01-16 10:07:39'),(332,'mayur.mhetre@orane.in','parul.misra@gmail.com','Subject: Job notification\n\nMessage:\nHello,\r\n\r\nThis is to notify you that a New Job Posting is available : Test for consultants - for providing candidate profiles.\r\n\r\nYou can go <a href=\"http://ats.myjoining.in/index.php?m=careers&amp;p=showJob&ID=38\">Here</a> for more details.\r\n\r\nRequest your action for sourcing applications for the same at the earliest.\r\n\r\nThanks,\r\nRecruitment Team\r\nHero Fincorp\r\nParul Misra\\n<br />\\n<br /><span style=\\\"font-size: 10pt;\\\">Powered by <a href=\\\"http://www.opencats.org\" alt=\\\"OpenCATS \"\n                    . \"Applicant Tracking System\\\">OpenCATS</a> (Free ATS)</span>',1251,1,'2023-01-16 10:07:40'),(333,'mayur.mhetre@orane.in','parul.misra@orane.in','Subject: Job notification\n\nMessage:\nHello,\r\n\r\nThis is to notify you that a New Job Posting is available : Test for consultants - for providing candidate profiles.\r\n\r\nYou can go <a href=\"http://ats.myjoining.in/index.php?m=careers&amp;p=showJob&ID=38\">Here</a> for more details.\r\n\r\nRequest your action for sourcing applications for the same at the earliest.\r\n\r\nThanks,\r\nRecruitment Team\r\nHero Fincorp\r\nParul Misra\\n<br />\\n<br /><span style=\\\"font-size: 10pt;\\\">Powered by <a href=\\\"http://www.opencats.org\" alt=\\\"OpenCATS \"\n                    . \"Applicant Tracking System\\\">OpenCATS</a> (Free ATS)</span>',1251,1,'2023-01-16 10:07:41'),(334,'mayur.mhetre@orane.in','parul.misra@gmail.com','Subject: Thank You for Your Application\n\nMessage:\n* This is an auto-generated message. Please do not reply. *\r\n\r\n16-01-23 4:40 AM\r\n\r\nDear jacob Ray,\r\n\r\nThank you for applying to the Test for consultants position with our online career portal! \r\n\r\nYour application has been submitted to our system and we will review it shortly.\r\n\r\n--\r\nRegards,\r\nRecruitment Team\r\nHFCL\\n<br />\\n<br /><span style=\\\"font-size: 10pt;\\\">Powered by <a href=\\\"http://www.opencats.org\" alt=\\\"OpenCATS \"\n                    . \"Applicant Tracking System\\\">OpenCATS</a> (Free ATS)</span>',1250,1,'2023-01-16 10:10:53'),(335,'mayur.mhetre@orane.in','admin@testdomain.com','Subject: CATS - A Candidate Has Applied to Your Job Order\n\nMessage:\n16-01-23 4:40 AM\r\n\r\nDear CATS Administrator,\r\n\r\nThis e-mail is a notification that a candidate has applied to your job order through the online candidate portal.\r\n\r\nJob Order: Test for consultants\r\nCandidate Name: jacob Ray\r\nCandidate URL: <a href=\"http://ats.myjoining.in/index.php?m=candidates&amp;a=show&amp;candidateID=4\">http://ats.myjoining.in/index.php?m=candidates&amp;a=show&amp;candidateID=4</a>\r\nJob Order URL: <a href=\"http://ats.myjoining.in/index.php?m=joborders&amp;a=show&amp;jobOrderID=38\">http://ats.myjoining.in/index.php?m=joborders&amp;a=show&amp;jobOrderID=38</a>\r\n<p>Candidate has applied to the organization in the past for the following positions: </p> <p>Assistant Manager,Accountant,Manager,Territory Manager - UCL</p>\r\n\r\n--\r\nCATS\r\nHerofin\\n<br />\\n<br /><span style=\\\"font-size: 10pt;\\\">Powered by <a href=\\\"http://www.opencats.org\" alt=\\\"OpenCATS \"\n                    . \"Applicant Tracking System\\\">OpenCATS</a> (Free ATS)</span>',1250,1,'2023-01-16 10:10:55'),(336,'mayur.mhetre@orane.in','parul.misra@gmail.com','Subject: Thank You for Your Application\n\nMessage:\n* This is an auto-generated message. Please do not reply. *\r\n\r\n17-01-23 4:49 AM\r\n\r\nDear Rakesh adA,\r\n\r\nThank you for applying to the Sales Manager position with our online career portal! \r\n\r\nYour application has been submitted to our system and we will review it shortly.\r\n\r\n--\r\nRegards,\r\nRecruitment Team\r\nHFCL\\n<br />\\n<br /><span style=\\\"font-size: 10pt;\\\">Powered by <a href=\\\"http://www.opencats.org\" alt=\\\"OpenCATS \"\n                    . \"Applicant Tracking System\\\">OpenCATS</a> (Free ATS)</span>',1250,1,'2023-01-17 10:19:37'),(337,'mayur.mhetre@orane.in','parul.misra@orane.in','Subject: ATS - A Candidate Has Applied to Your Job Order\n\nMessage:\n17-01-23 4:49 AM\r\n\r\nDear Parul Misra,\r\n\r\nThis e-mail is a notification that a candidate has applied to your job order through the online candidate portal.\r\n\r\nJob Order: Sales Manager\r\nCandidate Name: Rakesh adA\r\nCandidate URL: <a href=\"http://ats.myjoining.in/index.php?m=candidates&amp;a=show&amp;candidateID=4\">http://ats.myjoining.in/index.php?m=candidates&amp;a=show&amp;candidateID=4</a>\r\nJob Order URL: <a href=\"http://ats.myjoining.in/index.php?m=joborders&amp;a=show&amp;jobOrderID=31\">http://ats.myjoining.in/index.php?m=joborders&amp;a=show&amp;jobOrderID=31</a>\r\n<p>Candidate has applied to the organization in the past for the following positions: </p> <p>Assistant Manager,Accountant,Manager,Territory Manager - UCL,Test for consultants</p>\r\n\r\n--\r\nCATS\r\nHerofin\\n<br />\\n<br /><span style=\\\"font-size: 10pt;\\\">Powered by <a href=\\\"http://www.opencats.org\" alt=\\\"OpenCATS \"\n                    . \"Applicant Tracking System\\\">OpenCATS</a> (Free ATS)</span>',1250,1,'2023-01-17 10:19:38'),(338,'mayur.mhetre@orane.in','gurpreet@test.com','Subject: Thank You for Your Application\n\nMessage:\n* This is an auto-generated message. Please do not reply. *\r\n\r\n18-01-23 6:35 AM\r\n\r\nDear GUrpreet Bath,\r\n\r\nThank you for applying to the Finance Manager position with our online career portal! \r\n\r\nYour application has been submitted to our system and we will review it shortly.\r\n\r\n--\r\nRegards,\r\nRecruitment Team\r\nHFCL\\n<br />\\n<br /><span style=\\\"font-size: 10pt;\\\">Powered by Herofin-ATS </span>',1250,1,'2023-01-18 11:05:23'),(339,'mayur.mhetre@orane.in','parul.misra@orane.in','Subject: ATS - A Candidate Has Applied to Your Job Order\n\nMessage:\n18-01-23 6:35 AM\r\n\r\nDear Parul Misra,\r\n\r\nThis e-mail is a notification that a candidate has applied to your job order through the online candidate portal.\r\n\r\nJob Order: Finance Manager\r\nCandidate Name: GUrpreet Bath\r\nCandidate URL: <a href=\"http://localhost/ats_myjoining_orane/index.php?m=candidates&amp;a=show&amp;candidateID=39\">http://localhost/ats_myjoining_orane/index.php?m=candidates&amp;a=show&amp;candidateID=39</a>\r\nJob Order URL: <a href=\"http://localhost/ats_myjoining_orane/index.php?m=joborders&amp;a=show&amp;jobOrderID=24\">http://localhost/ats_myjoining_orane/index.php?m=joborders&amp;a=show&amp;jobOrderID=24</a>\r\n<p>Candidate has applied to the organization in the past for the following positions: </p> <p>Developer,Junior Developer,Cluster Manager,Relationship Manager</p>\r\n\r\n--\r\nCATS\r\nHerofin\\n<br />\\n<br /><span style=\\\"font-size: 10pt;\\\">Powered by Herofin-ATS </span>',1250,1,'2023-01-18 11:05:25'),(340,'mayur.mhetre@orane.in','gurpreet@test.com','Subject: CATS Notification: Candidate Ownership Change\n\nMessage:\ngurpreet@test.com\\n<br />\\n<br /><span style=\\\"font-size: 10pt;\\\">Powered by Herofin-ATS </span>',1,1,'2023-01-18 11:08:00'),(341,'mayur.mhetre@orane.in','gurpreet@test.com','Subject: Thank You for Your Application\n\nMessage:\n* This is an auto-generated message. Please do not reply. *\r\n\r\n18-01-23 6:38 AM\r\n\r\nDear Gurpreet Bath,\r\n\r\nThank you for applying to the Relationship Manager position with our online career portal! \r\n\r\nYour application has been submitted to our system and we will review it shortly.\r\n\r\n--\r\nRegards,\r\nRecruitment Team\r\nHFCL\\n<br />\\n<br /><span style=\\\"font-size: 10pt;\\\">Powered by Herofin-ATS </span>',1250,1,'2023-01-18 11:08:02'),(342,'mayur.mhetre@orane.in','parul.misra@orane.in','Subject: ATS - A Candidate Has Applied to Your Job Order\n\nMessage:\n18-01-23 6:38 AM\r\n\r\nDear Parul Misra,\r\n\r\nThis e-mail is a notification that a candidate has applied to your job order through the online candidate portal.\r\n\r\nJob Order: Relationship Manager\r\nCandidate Name: Gurpreet Bath\r\nCandidate URL: <a href=\"http://localhost/ats_myjoining_orane/index.php?m=candidates&amp;a=show&amp;candidateID=39\">http://localhost/ats_myjoining_orane/index.php?m=candidates&amp;a=show&amp;candidateID=39</a>\r\nJob Order URL: <a href=\"http://localhost/ats_myjoining_orane/index.php?m=joborders&amp;a=show&amp;jobOrderID=33\">http://localhost/ats_myjoining_orane/index.php?m=joborders&amp;a=show&amp;jobOrderID=33</a>\r\n<p>Candidate has applied to the organization in the past for the following positions: </p> <p>Developer,Junior Developer,Cluster Manager,Finance Manager</p>\r\n\r\n--\r\nCATS\r\nHerofin\\n<br />\\n<br /><span style=\\\"font-size: 10pt;\\\">Powered by Herofin-ATS </span>',1250,1,'2023-01-18 11:08:04'),(343,'mayur.mhetre@orane.in','gurpreet@test.com','Subject: CATS Notification: Candidate Ownership Change\n\nMessage:\ngurpreet@test.com\\n<br />\\n<br /><span style=\\\"font-size: 10pt;\\\">Powered by Herofin-ATS </span>',1,1,'2023-01-18 11:36:05'),(344,'mayur.mhetre@orane.in','gurpreet@test.com','Subject: Thank You for Your Application\n\nMessage:\n* This is an auto-generated message. Please do not reply. *\r\n\r\n18-01-23 6:06 AM\r\n\r\nDear Gurpreet Bath,\r\n\r\nThank you for applying to the Relationship Manager position with our online career portal! \r\n\r\nYour application has been submitted to our system and we will review it shortly.\r\n\r\n--\r\nRegards,\r\nRecruitment Team\r\nHFCL\\n<br />\\n<br /><span style=\\\"font-size: 10pt;\\\">Powered by Herofin-ATS </span>',1250,1,'2023-01-18 11:36:06'),(345,'mayur.mhetre@orane.in','parul.misra@orane.in','Subject: ATS - A Candidate Has Applied to Your Job Order\n\nMessage:\n18-01-23 6:06 AM\r\n\r\nDear Parul Misra,\r\n\r\nThis e-mail is a notification that a candidate has applied to your job order through the online candidate portal.\r\n\r\nJob Order: Relationship Manager\r\nCandidate Name: Gurpreet Bath\r\nCandidate URL: <a href=\"http://ats.myjoining.in/index.php?m=candidates&amp;a=show&amp;candidateID=39\">http://ats.myjoining.in/index.php?m=candidates&amp;a=show&amp;candidateID=39</a>\r\nJob Order URL: <a href=\"http://ats.myjoining.in/index.php?m=joborders&amp;a=show&amp;jobOrderID=33\">http://ats.myjoining.in/index.php?m=joborders&amp;a=show&amp;jobOrderID=33</a>\r\n<p>Candidate has applied to the organization in the past for the following positions: </p> <p>Developer,Junior Developer,Cluster Manager,Finance Manager</p>\r\n\r\n--\r\nCATS\r\nHerofin\\n<br />\\n<br /><span style=\\\"font-size: 10pt;\\\">Powered by Herofin-ATS </span>',1250,1,'2023-01-18 11:36:07'),(346,'mayur.mhetre@orane.in','chandra.purohit@herofincorp.com','Subject: test\n\nMessage:\n<p>Hello,<br />\r\nGreetings from Hero Fincorp.<br />\r\nThis is to inform that there is a new opening you could be interested in.<br />\r\nYou may go to https://ats.myjoining.in/careers/ at earliest to apply for the same.<br />\r\nThanks.<br />\r\nRecruitment team<br />\r\nHFCL</p>\\n<br />\\n<br /><span style=\\\"font-size: 10pt;\\\">Powered by Herofin-ATS </span>',1251,180,'2023-01-23 11:03:36'),(347,'mayur.mhetre@orane.in','parul.misra@orane.in','Subject: Job notification\n\nMessage:\nHello,\r\n\r\nThis is to notify you that a New Job Posting is available : Manager IT - for providing candidate profiles.\r\n\r\nYou can go <a href=\"http://ats.myjoining.in/index.php?m=careers&amp;p=showJob&ID=39\">Here</a> for more details.\r\n\r\nRequest your action for sourcing applications for the same at the earliest.\r\n\r\nThanks,\r\nRecruitment Team\r\nHero Fincorp\r\nParul Misra\\n<br />\\n<br /><span style=\\\"font-size: 10pt;\\\">Powered by Herofin-ATS </span>',1251,1,'2023-01-23 11:07:27'),(348,'mayur.mhetre@orane.in','chandra.purohit@herofincorp.com','Subject: Job notification\n\nMessage:\nHello,\r\n\r\nThis is to notify you that a New Job Posting is available : Manager IT - for providing candidate profiles.\r\n\r\nYou can go <a href=\"http://ats.myjoining.in/index.php?m=careers&amp;p=showJob&ID=39\">Here</a> for more details.\r\n\r\nRequest your action for sourcing applications for the same at the earliest.\r\n\r\nThanks,\r\nRecruitment Team\r\nHero Fincorp\r\nParul Misra\\n<br />\\n<br /><span style=\\\"font-size: 10pt;\\\">Powered by Herofin-ATS </span>',1251,1,'2023-01-23 11:07:28'),(349,'mayur.mhetre@orane.in','parul.misra@gmail.com','Subject: Job notification\n\nMessage:\nHello,\r\n\r\nThis is to notify you that a New Job Posting is available : Manager IT - for providing candidate profiles.\r\n\r\nYou can go <a href=\"http://ats.myjoining.in/index.php?m=careers&amp;p=showJob&ID=39\">Here</a> for more details.\r\n\r\nRequest your action for sourcing applications for the same at the earliest.\r\n\r\nThanks,\r\nRecruitment Team\r\nHero Fincorp\r\nParul Misra\\n<br />\\n<br /><span style=\\\"font-size: 10pt;\\\">Powered by Herofin-ATS </span>',1251,1,'2023-01-23 11:07:29'),(350,'mayur.mhetre@orane.in','parul.misra@orane.in','Subject: Job notification\n\nMessage:\nHello,\r\n\r\nThis is to notify you that a New Job Posting is available : Manager IT - for providing candidate profiles.\r\n\r\nYou can go <a href=\"http://ats.myjoining.in/index.php?m=careers&amp;p=showJob&ID=39\">Here</a> for more details.\r\n\r\nRequest your action for sourcing applications for the same at the earliest.\r\n\r\nThanks,\r\nRecruitment Team\r\nHero Fincorp\r\nParul Misra\\n<br />\\n<br /><span style=\\\"font-size: 10pt;\\\">Powered by Herofin-ATS </span>',1251,1,'2023-01-23 11:07:30'),(351,'mayur.mhetre@orane.in','parul.misra@orane.in','Subject: Job notification\n\nMessage:\nHello,\r\n\r\nThis is to notify you that a New Job Posting is available : UI-Expert - for providing candidate profiles.\r\n\r\nYou can go <a href=\"http://ats.myjoining.in/index.php?m=careers&amp;p=showJob&ID=40\">Here</a> for more details.\r\n\r\nRequest your action for sourcing applications for the same at the earliest.\r\n\r\nThanks,\r\nRecruitment Team\r\nHero Fincorp\r\nParul Misra\\n<br />\\n<br /><span style=\\\"font-size: 10pt;\\\">Powered by Herofin-ATS </span>',1251,1,'2023-02-03 09:14:57'),(352,'mayur.mhetre@orane.in','chandra.purohit@herofincorp.com','Subject: Job notification\n\nMessage:\nHello,\r\n\r\nThis is to notify you that a New Job Posting is available : UI-Expert - for providing candidate profiles.\r\n\r\nYou can go <a href=\"http://ats.myjoining.in/index.php?m=careers&amp;p=showJob&ID=40\">Here</a> for more details.\r\n\r\nRequest your action for sourcing applications for the same at the earliest.\r\n\r\nThanks,\r\nRecruitment Team\r\nHero Fincorp\r\nParul Misra\\n<br />\\n<br /><span style=\\\"font-size: 10pt;\\\">Powered by Herofin-ATS </span>',1251,1,'2023-02-03 09:14:58'),(353,'mayur.mhetre@orane.in','parul.misra@gmail.com','Subject: Job notification\n\nMessage:\nHello,\r\n\r\nThis is to notify you that a New Job Posting is available : UI-Expert - for providing candidate profiles.\r\n\r\nYou can go <a href=\"http://ats.myjoining.in/index.php?m=careers&amp;p=showJob&ID=40\">Here</a> for more details.\r\n\r\nRequest your action for sourcing applications for the same at the earliest.\r\n\r\nThanks,\r\nRecruitment Team\r\nHero Fincorp\r\nParul Misra\\n<br />\\n<br /><span style=\\\"font-size: 10pt;\\\">Powered by Herofin-ATS </span>',1251,1,'2023-02-03 09:14:59'),(354,'mayur.mhetre@orane.in','parul.misra@orane.in','Subject: Job notification\n\nMessage:\nHello,\r\n\r\nThis is to notify you that a New Job Posting is available : UI-Expert - for providing candidate profiles.\r\n\r\nYou can go <a href=\"http://ats.myjoining.in/index.php?m=careers&amp;p=showJob&ID=40\">Here</a> for more details.\r\n\r\nRequest your action for sourcing applications for the same at the earliest.\r\n\r\nThanks,\r\nRecruitment Team\r\nHero Fincorp\r\nParul Misra\\n<br />\\n<br /><span style=\\\"font-size: 10pt;\\\">Powered by Herofin-ATS </span>',1251,1,'2023-02-03 09:14:59'),(355,'mayur.mhetre@orane.in','kalika@nmj.com','Subject: Thank You for Your Application\n\nMessage:\n* This is an auto-generated message. Please do not reply. *\r\n\r\n03-02-23 3:47 AM\r\n\r\nDear Kali Singh,\r\n\r\nThank you for applying to the UI-Expert position with our online career portal! \r\n\r\nYour application has been submitted to our system and we will review it shortly.\r\n\r\n--\r\nRegards,\r\nRecruitment Team\r\nHFCL\\n<br />\\n<br /><span style=\\\"font-size: 10pt;\\\">Powered by Herofin-ATS </span>',1250,1,'2023-02-03 09:17:05'),(356,'mayur.mhetre@orane.in','parul.misra@orane.in','Subject: ATS - A Candidate Has Applied to Your Job Order\n\nMessage:\n03-02-23 3:47 AM\r\n\r\nDear Parul Misra,\r\n\r\nThis e-mail is a notification that a candidate has applied to your job order through the online candidate portal.\r\n\r\nJob Order: UI-Expert\r\nCandidate Name: Kali Singh\r\nCandidate URL: <a href=\"http://ats.myjoining.in/index.php?m=candidates&amp;a=show&amp;candidateID=68\">http://ats.myjoining.in/index.php?m=candidates&amp;a=show&amp;candidateID=68</a>\r\nJob Order URL: <a href=\"http://ats.myjoining.in/index.php?m=joborders&amp;a=show&amp;jobOrderID=40\">http://ats.myjoining.in/index.php?m=joborders&amp;a=show&amp;jobOrderID=40</a>\r\n\r\n\r\n--\r\nCATS\r\nHerofin\\n<br />\\n<br /><span style=\\\"font-size: 10pt;\\\">Powered by Herofin-ATS </span>',1250,1,'2023-02-03 09:17:06'),(357,'mayur.mhetre@orane.in','kalika@nmj.com','Subject: Job Application Status Change\n\nMessage:\n* Auto generated message. Please DO NOT reply *\r\n\r\n03-02-23 3:49 AM\r\n\r\nDear Kali Singh,\r\n\r\nThis E-Mail is a notification about a status change to your application for the position UI-Expert.\r\n\r\nThe current status of your application is <B>Shortlisted for Interview</B>.\r\n\r\n(To share feedback with us : - Please visit https://forms.office.com/r/ZUruGeYmqR )\r\n\r\nBest Regards,\r\nParul Misra\r\nHerofin\r\nHFCL\\n<br />\\n<br /><span style=\\\"font-size: 10pt;\\\">Powered by Herofin-ATS </span>',1251,1,'2023-02-03 09:23:40'),(358,'mayur.mhetre@orane.in','parul.misra@orane.in','Subject: Job notification\n\nMessage:\nHello,\r\n\r\nThis is to notify you that a New Job Posting is available : Developer - for providing candidate profiles.\r\n\r\nYou can go <a href=\"http://ats.myjoining.in/index.php?m=careers&amp;p=showJob&ID=41\">Here</a> for more details.\r\n\r\nRequest your action for sourcing applications for the same at the earliest.\r\n\r\nThanks,\r\nRecruitment Team\r\nHero Fincorp\r\nATS Administrator\\n<br />\\n<br /><span style=\\\"font-size: 10pt;\\\">Powered by Herofin-ATS </span>',1,1,'2023-02-20 15:06:54'),(359,'mayur.mhetre@orane.in','chandra.purohit@herofincorp.com','Subject: Job notification\n\nMessage:\nHello,\r\n\r\nThis is to notify you that a New Job Posting is available : Developer - for providing candidate profiles.\r\n\r\nYou can go <a href=\"http://ats.myjoining.in/index.php?m=careers&amp;p=showJob&ID=41\">Here</a> for more details.\r\n\r\nRequest your action for sourcing applications for the same at the earliest.\r\n\r\nThanks,\r\nRecruitment Team\r\nHero Fincorp\r\nATS Administrator\\n<br />\\n<br /><span style=\\\"font-size: 10pt;\\\">Powered by Herofin-ATS </span>',1,1,'2023-02-20 15:06:54'),(360,'mayur.mhetre@orane.in','parul.misra@gmail.com','Subject: Job notification\n\nMessage:\nHello,\r\n\r\nThis is to notify you that a New Job Posting is available : Developer - for providing candidate profiles.\r\n\r\nYou can go <a href=\"http://ats.myjoining.in/index.php?m=careers&amp;p=showJob&ID=41\">Here</a> for more details.\r\n\r\nRequest your action for sourcing applications for the same at the earliest.\r\n\r\nThanks,\r\nRecruitment Team\r\nHero Fincorp\r\nATS Administrator\\n<br />\\n<br /><span style=\\\"font-size: 10pt;\\\">Powered by Herofin-ATS </span>',1,1,'2023-02-20 15:06:56'),(361,'mayur.mhetre@orane.in','parul.misra@orane.in','Subject: Job notification\n\nMessage:\nHello,\r\n\r\nThis is to notify you that a New Job Posting is available : Developer - for providing candidate profiles.\r\n\r\nYou can go <a href=\"http://ats.myjoining.in/index.php?m=careers&amp;p=showJob&ID=41\">Here</a> for more details.\r\n\r\nRequest your action for sourcing applications for the same at the earliest.\r\n\r\nThanks,\r\nRecruitment Team\r\nHero Fincorp\r\nATS Administrator\\n<br />\\n<br /><span style=\\\"font-size: 10pt;\\\">Powered by Herofin-ATS </span>',1,1,'2023-02-20 15:06:57'),(362,'mayur.mhetre@orane.in','parul.misra@orane.in','Subject: Job notification\n\nMessage:\nHello,\r\n\r\nThis is to notify you that a New Job Posting is available : Developer - for providing candidate profiles.\r\n\r\nYou can go <a href=\"http://ats.myjoining.in/index.php?m=careers&amp;p=showJob&ID=41\">Here</a> for more details.\r\n\r\nRequest your action for sourcing applications for the same at the earliest.\r\n\r\nThanks,\r\nRecruitment Team\r\nHero Fincorp\r\nATS Administrator\\n<br />\\n<br /><span style=\\\"font-size: 10pt;\\\">Powered by Herofin-ATS </span>',1,1,'2023-02-20 15:10:49'),(363,'mayur.mhetre@orane.in','chandra.purohit@herofincorp.com','Subject: Job notification\n\nMessage:\nHello,\r\n\r\nThis is to notify you that a New Job Posting is available : Developer - for providing candidate profiles.\r\n\r\nYou can go <a href=\"http://ats.myjoining.in/index.php?m=careers&amp;p=showJob&ID=41\">Here</a> for more details.\r\n\r\nRequest your action for sourcing applications for the same at the earliest.\r\n\r\nThanks,\r\nRecruitment Team\r\nHero Fincorp\r\nATS Administrator\\n<br />\\n<br /><span style=\\\"font-size: 10pt;\\\">Powered by Herofin-ATS </span>',1,1,'2023-02-20 15:10:50'),(364,'mayur.mhetre@orane.in','parul.misra@gmail.com','Subject: Job notification\n\nMessage:\nHello,\r\n\r\nThis is to notify you that a New Job Posting is available : Developer - for providing candidate profiles.\r\n\r\nYou can go <a href=\"http://ats.myjoining.in/index.php?m=careers&amp;p=showJob&ID=41\">Here</a> for more details.\r\n\r\nRequest your action for sourcing applications for the same at the earliest.\r\n\r\nThanks,\r\nRecruitment Team\r\nHero Fincorp\r\nATS Administrator\\n<br />\\n<br /><span style=\\\"font-size: 10pt;\\\">Powered by Herofin-ATS </span>',1,1,'2023-02-20 15:10:51'),(365,'mayur.mhetre@orane.in','parul.misra@orane.in','Subject: Job notification\n\nMessage:\nHello,\r\n\r\nThis is to notify you that a New Job Posting is available : Developer - for providing candidate profiles.\r\n\r\nYou can go <a href=\"http://ats.myjoining.in/index.php?m=careers&amp;p=showJob&ID=41\">Here</a> for more details.\r\n\r\nRequest your action for sourcing applications for the same at the earliest.\r\n\r\nThanks,\r\nRecruitment Team\r\nHero Fincorp\r\nATS Administrator\\n<br />\\n<br /><span style=\\\"font-size: 10pt;\\\">Powered by Herofin-ATS </span>',1,1,'2023-02-20 15:10:51');

--
